{"id":355193,"date":"2026-03-08T01:40:56","date_gmt":"2026-03-08T00:40:56","guid":{"rendered":"https:\/\/grupotextil.es\/producto\/camiseta-cuello-mandarin-mujer-regular-fit\/"},"modified":"2026-03-08T01:40:56","modified_gmt":"2026-03-08T00:40:56","slug":"camiseta-cuello-mandarin-mujer-regular-fit","status":"publish","type":"product","link":"https:\/\/grupotextil.es\/en\/product\/camiseta-cuello-mandarin-mujer-regular-fit\/","title":{"rendered":"Camiseta cuello mandar\u00edn mujer Regular Fit"},"content":{"rendered":"<ul>\n<li>200 g\/m\u00b2<\/li>\n<li>95% algod\u00f3n ring-spun, 5% elast\u00e1n<\/li>\n<li>Cuello V estrecho<\/li>\n<li>Cuello mandar\u00edn<\/li>\n<li>Manga corta<\/li>\n<li>Dobladillo inferior y de manga a doble aguja<\/li>\n<li>Costuras laterales<\/li>\n<\/ul>","protected":false},"excerpt":{"rendered":"<p>200 g\/m\u00b295% algod\u00f3n ring-spun, 5% elast\u00e1nCuello V estrechoCuello mandar\u00ednManga cortaDobladillo inferior y de manga a doble agujaCosturas laterales<\/p>","protected":false},"featured_media":408866,"comment_status":"open","ping_status":"closed","template":"","meta":{"_acf_changed":false},"product_brand":[11672],"product_cat":[13931,13986,13977,13974,13930,13975,13973],"product_tag":[14009],"class_list":{"0":"post-355193","1":"product","2":"type-product","3":"status-publish","4":"has-post-thumbnail","6":"product_brand-kustom-kit","7":"product_cat-rl-alta-visibilidad","8":"product_cat-m-camisetas-manga-corta","9":"product_cat-h-camisetas-manga-corta","10":"product_cat-ropa-hombre","11":"product_cat-laboral","12":"product_cat-ropa-mujer","13":"product_cat-ropa","14":"product_tag-top-ventas","15":"tm-no-options","17":"first","18":"instock","19":"taxable","20":"shipping-taxable","21":"product-type-variable"},"acf":[],"_links":{"self":[{"href":"https:\/\/grupotextil.es\/en\/wp-json\/wp\/v2\/product\/355193","targetHints":{"allow":["GET"]}}],"collection":[{"href":"https:\/\/grupotextil.es\/en\/wp-json\/wp\/v2\/product"}],"about":[{"href":"https:\/\/grupotextil.es\/en\/wp-json\/wp\/v2\/types\/product"}],"replies":[{"embeddable":true,"href":"https:\/\/grupotextil.es\/en\/wp-json\/wp\/v2\/comments?post=355193"}],"wp:featuredmedia":[{"embeddable":true,"href":"https:\/\/grupotextil.es\/en\/wp-json\/wp\/v2\/media\/408866"}],"wp:attachment":[{"href":"https:\/\/grupotextil.es\/en\/wp-json\/wp\/v2\/media?parent=355193"}],"wp:term":[{"taxonomy":"product_brand","embeddable":true,"href":"https:\/\/grupotextil.es\/en\/wp-json\/wp\/v2\/product_brand?post=355193"},{"taxonomy":"product_cat","embeddable":true,"href":"https:\/\/grupotextil.es\/en\/wp-json\/wp\/v2\/product_cat?post=355193"},{"taxonomy":"product_tag","embeddable":true,"href":"https:\/\/grupotextil.es\/en\/wp-json\/wp\/v2\/product_tag?post=355193"}],"curies":[{"name":"wp","href":"https:\/\/api.w.org\/{rel}","templated":true}]}}

Camiseta cuello mandarín mujer Regular Fit

<ul>
<li>200 g/m²</li>
<li>95% algodón ring-spun, 5% elastán</li>
<li>Cuello V estrecho</li>
<li>Cuello mandarín</li>
<li>Manga corta</li>
<li>Dobladillo inferior y de manga a doble aguja</li>
<li>Costuras laterales</li>
</ul>

<p>200 g/m²95% algodón ring-spun, 5% elastánCuello V estrechoCuello mandarínManga cortaDobladillo inferior y de manga a doble agujaCosturas laterales</p>
