{"id":355691,"date":"2026-03-08T01:41:30","date_gmt":"2026-03-08T00:41:30","guid":{"rendered":"https:\/\/grupotextil.es\/producto\/camiseta-light-cotton-para-adultos\/"},"modified":"2026-03-08T01:41:30","modified_gmt":"2026-03-08T00:41:30","slug":"camiseta-light-cotton-para-adultos","status":"publish","type":"product","link":"https:\/\/grupotextil.es\/en\/product\/camiseta-light-cotton-para-adultos\/","title":{"rendered":"Camiseta Light de algod\u00f3n para adultos"},"content":{"rendered":"<ul>\n<li>150 g\/m\u00b2<\/li>\n<li>100% algod\u00f3n<\/li>\n<li>Cinta en el cuello de hombro a hombro<\/li>\n<li>Construcci\u00f3n tubular<\/li>\n<li>Ajuste cl\u00e1sico normal<\/li>\n<li>Etiqueta removible<\/li>\n<\/ul>","protected":false},"excerpt":{"rendered":"<p>150 g\/m\u00b2100% algod\u00f3nCinta en el cuello de hombro a hombroConstrucci\u00f3n tubularAjuste cl\u00e1sico normalEtiqueta removible<\/p>","protected":false},"featured_media":408984,"comment_status":"open","ping_status":"closed","template":"","meta":{"_acf_changed":false},"product_brand":[11666],"product_cat":[13931,13977,13986,13974,13930,13975,13973],"product_tag":[],"class_list":{"0":"post-355691","1":"product","2":"type-product","3":"status-publish","4":"has-post-thumbnail","6":"product_brand-gildan","7":"product_cat-rl-alta-visibilidad","8":"product_cat-h-camisetas-manga-corta","9":"product_cat-m-camisetas-manga-corta","10":"product_cat-ropa-hombre","11":"product_cat-laboral","12":"product_cat-ropa-mujer","13":"product_cat-ropa","14":"tm-no-options","16":"first","17":"instock","18":"taxable","19":"shipping-taxable","20":"product-type-variable"},"acf":[],"_links":{"self":[{"href":"https:\/\/grupotextil.es\/en\/wp-json\/wp\/v2\/product\/355691","targetHints":{"allow":["GET"]}}],"collection":[{"href":"https:\/\/grupotextil.es\/en\/wp-json\/wp\/v2\/product"}],"about":[{"href":"https:\/\/grupotextil.es\/en\/wp-json\/wp\/v2\/types\/product"}],"replies":[{"embeddable":true,"href":"https:\/\/grupotextil.es\/en\/wp-json\/wp\/v2\/comments?post=355691"}],"wp:featuredmedia":[{"embeddable":true,"href":"https:\/\/grupotextil.es\/en\/wp-json\/wp\/v2\/media\/408984"}],"wp:attachment":[{"href":"https:\/\/grupotextil.es\/en\/wp-json\/wp\/v2\/media?parent=355691"}],"wp:term":[{"taxonomy":"product_brand","embeddable":true,"href":"https:\/\/grupotextil.es\/en\/wp-json\/wp\/v2\/product_brand?post=355691"},{"taxonomy":"product_cat","embeddable":true,"href":"https:\/\/grupotextil.es\/en\/wp-json\/wp\/v2\/product_cat?post=355691"},{"taxonomy":"product_tag","embeddable":true,"href":"https:\/\/grupotextil.es\/en\/wp-json\/wp\/v2\/product_tag?post=355691"}],"curies":[{"name":"wp","href":"https:\/\/api.w.org\/{rel}","templated":true}]}}

Camiseta Light de algodón para adultos

<ul>
<li>150 g/m²</li>
<li>100% algodón</li>
<li>Cinta en el cuello de hombro a hombro</li>
<li>Construcción tubular</li>
<li>Ajuste clásico normal</li>
<li>Etiqueta removible</li>
</ul>

<p>150 g/m²100% algodónCinta en el cuello de hombro a hombroConstrucción tubularAjuste clásico normalEtiqueta removible</p>
