{"id":356398,"date":"2026-03-08T01:43:27","date_gmt":"2026-03-08T00:43:27","guid":{"rendered":"https:\/\/grupotextil.es\/producto\/gorra-laser-performance-trucker\/"},"modified":"2026-03-08T01:43:27","modified_gmt":"2026-03-08T00:43:27","slug":"gorra-laser-performance-trucker","status":"publish","type":"product","link":"https:\/\/grupotextil.es\/en\/product\/gorra-laser-performance-trucker\/","title":{"rendered":"Cap Laser Performance Trucker"},"content":{"rendered":"<ul>\n<li>100% Poli\u00e9ster (Reciclado), Ripstop<\/li>\n<li>Ventilaci\u00f3n cortada con l\u00e1ser para una mayor transpirabilidad.<\/li>\n<li>6 paneles<\/li>\n<li>Pico precurvado<\/li>\n<li>Ajustador de correa con cierre a presi\u00f3n<\/li>\n<li>etiqueta extra\u00edble para facilitar el cambio de marca<\/li>\n<\/ul>","protected":false},"excerpt":{"rendered":"<p>100% Poli\u00e9ster (Reciclado), RipstopVentilaci\u00f3n cortada con l\u00e1ser para una mayor transpirabilidad.<\/p>","protected":false},"featured_media":409073,"comment_status":"open","ping_status":"closed","template":"","meta":{"_acf_changed":false},"product_brand":[11655],"product_cat":[13948],"product_tag":[],"class_list":{"0":"post-356398","1":"product","2":"type-product","3":"status-publish","4":"has-post-thumbnail","6":"product_brand-beechfield","7":"product_cat-accesorios","8":"tm-no-options","10":"first","11":"instock","12":"taxable","13":"shipping-taxable","14":"product-type-variable"},"acf":[],"_links":{"self":[{"href":"https:\/\/grupotextil.es\/en\/wp-json\/wp\/v2\/product\/356398","targetHints":{"allow":["GET"]}}],"collection":[{"href":"https:\/\/grupotextil.es\/en\/wp-json\/wp\/v2\/product"}],"about":[{"href":"https:\/\/grupotextil.es\/en\/wp-json\/wp\/v2\/types\/product"}],"replies":[{"embeddable":true,"href":"https:\/\/grupotextil.es\/en\/wp-json\/wp\/v2\/comments?post=356398"}],"wp:featuredmedia":[{"embeddable":true,"href":"https:\/\/grupotextil.es\/en\/wp-json\/wp\/v2\/media\/409073"}],"wp:attachment":[{"href":"https:\/\/grupotextil.es\/en\/wp-json\/wp\/v2\/media?parent=356398"}],"wp:term":[{"taxonomy":"product_brand","embeddable":true,"href":"https:\/\/grupotextil.es\/en\/wp-json\/wp\/v2\/product_brand?post=356398"},{"taxonomy":"product_cat","embeddable":true,"href":"https:\/\/grupotextil.es\/en\/wp-json\/wp\/v2\/product_cat?post=356398"},{"taxonomy":"product_tag","embeddable":true,"href":"https:\/\/grupotextil.es\/en\/wp-json\/wp\/v2\/product_tag?post=356398"}],"curies":[{"name":"wp","href":"https:\/\/api.w.org\/{rel}","templated":true}]}}

<ul>
<li>100% Poliéster (Reciclado), Ripstop</li>
<li>Ventilación cortada con láser para una mayor transpirabilidad.</li>
<li>6 paneles</li>
<li>Pico precurvado</li>
<li>Ajustador de correa con cierre a presión</li>
<li>etiqueta extraíble para facilitar el cambio de marca</li>
</ul>

<p>100% Poliéster (Reciclado), RipstopVentilación cortada con láser para una mayor transpirabilidad.</p>
