{"id":358187,"date":"2026-03-08T01:51:11","date_gmt":"2026-03-08T00:51:11","guid":{"rendered":"https:\/\/grupotextil.es\/producto\/gorra-ajustable-earthaware-de-algodon-organico\/"},"modified":"2026-03-08T01:51:11","modified_gmt":"2026-03-08T00:51:11","slug":"gorra-ajustable-earthaware-de-algodon-organico","status":"publish","type":"product","link":"https:\/\/grupotextil.es\/en\/product\/gorra-ajustable-earthaware-de-algodon-organico\/","title":{"rendered":"Cap ajustable EarthAware\u00ae de algod\u00f3n org\u00e1nico"},"content":{"rendered":"<ul>\n<li>98% Algod\u00f3n (Org\u00e1nico), 2% Elastano<\/li>\n<li>La banda para el sudor ultrasuave que absorbe la humedad proporciona comodidad durante todo el d\u00eda.<\/li>\n<li>Ajuste el\u00e1stico para m\u00e1xima comodidad.<\/li>\n<li>6 paneles<\/li>\n<li>Ojales de ventilaci\u00f3n cosidos<\/li>\n<li>La construcci\u00f3n trasera cerrada ofrece oportunidades de decoraci\u00f3n dual<\/li>\n<li>etiqueta extra\u00edble para facilitar el cambio de marca<\/li>\n<\/ul>","protected":false},"excerpt":{"rendered":"<p>98% Algod\u00f3n (Org\u00e1nico), 2% ElastanoLa banda para el sudor ultrasuave que absorbe la humedad proporciona comodidad durante todo el d\u00eda.<\/p>","protected":false},"featured_media":409514,"comment_status":"open","ping_status":"closed","template":"","meta":{"_acf_changed":false},"product_brand":[11655],"product_cat":[13931,13977,13986,13974,13930,13975,13973],"product_tag":[],"class_list":{"0":"post-358187","1":"product","2":"type-product","3":"status-publish","4":"has-post-thumbnail","6":"product_brand-beechfield","7":"product_cat-rl-alta-visibilidad","8":"product_cat-h-camisetas-manga-corta","9":"product_cat-m-camisetas-manga-corta","10":"product_cat-ropa-hombre","11":"product_cat-laboral","12":"product_cat-ropa-mujer","13":"product_cat-ropa","14":"tm-no-options","16":"first","17":"instock","18":"taxable","19":"shipping-taxable","20":"product-type-variable"},"acf":[],"_links":{"self":[{"href":"https:\/\/grupotextil.es\/en\/wp-json\/wp\/v2\/product\/358187","targetHints":{"allow":["GET"]}}],"collection":[{"href":"https:\/\/grupotextil.es\/en\/wp-json\/wp\/v2\/product"}],"about":[{"href":"https:\/\/grupotextil.es\/en\/wp-json\/wp\/v2\/types\/product"}],"replies":[{"embeddable":true,"href":"https:\/\/grupotextil.es\/en\/wp-json\/wp\/v2\/comments?post=358187"}],"wp:featuredmedia":[{"embeddable":true,"href":"https:\/\/grupotextil.es\/en\/wp-json\/wp\/v2\/media\/409514"}],"wp:attachment":[{"href":"https:\/\/grupotextil.es\/en\/wp-json\/wp\/v2\/media?parent=358187"}],"wp:term":[{"taxonomy":"product_brand","embeddable":true,"href":"https:\/\/grupotextil.es\/en\/wp-json\/wp\/v2\/product_brand?post=358187"},{"taxonomy":"product_cat","embeddable":true,"href":"https:\/\/grupotextil.es\/en\/wp-json\/wp\/v2\/product_cat?post=358187"},{"taxonomy":"product_tag","embeddable":true,"href":"https:\/\/grupotextil.es\/en\/wp-json\/wp\/v2\/product_tag?post=358187"}],"curies":[{"name":"wp","href":"https:\/\/api.w.org\/{rel}","templated":true}]}}

Cap ajustable EarthAware® de algodón orgánico

<ul>
<li>98% Algodón (Orgánico), 2% Elastano</li>
<li>La banda para el sudor ultrasuave que absorbe la humedad proporciona comodidad durante todo el día.</li>
<li>Ajuste elástico para máxima comodidad.</li>
<li>6 paneles</li>
<li>Ojales de ventilación cosidos</li>
<li>La construcción trasera cerrada ofrece oportunidades de decoración dual</li>
<li>etiqueta extraíble para facilitar el cambio de marca</li>
</ul>

<p>98% Algodón (Orgánico), 2% ElastanoLa banda para el sudor ultrasuave que absorbe la humedad proporciona comodidad durante todo el día.</p>
