{"id":359443,"date":"2026-03-08T01:54:34","date_gmt":"2026-03-08T00:54:34","guid":{"rendered":"https:\/\/grupotextil.es\/producto\/gorra-6-paneles-con-visera-plana-en-contraste\/"},"modified":"2026-03-08T01:54:34","modified_gmt":"2026-03-08T00:54:34","slug":"gorra-6-paneles-con-visera-plana-en-contraste","status":"publish","type":"product","link":"https:\/\/grupotextil.es\/en\/product\/gorra-6-paneles-con-visera-plana-en-contraste\/","title":{"rendered":"Cap 6 Panel con Flat Visor en contraste"},"content":{"rendered":"<ul>\n<li>100 % algod\u00f3n (drill, lavado)<\/li>\n<li>Dise\u00f1o de 6 paneles y perfil alto<\/li>\n<li>Paneles frontales semiestructurados<\/li>\n<li>Visera plana en color contraste<\/li>\n<li>Bot\u00f3n en la parte superior en color contraste<\/li>\n<li>Ojales de ventilaci\u00f3n cosidos<\/li>\n<li>Cierre trasero ajustable tipo snapback de estilo retro<\/li>\n<li>Etiqueta extra\u00edble para facilitar el cambio de marca.<\/li>\n<\/ul>","protected":false},"excerpt":{"rendered":"<p>100 % algod\u00f3n (drill, lavado)Dise\u00f1o de 6 paneles y perfil altoPaneles frontales semiestructuradosVisera plana en color contrasteBot\u00f3n en la parte superior en color contrasteOjales de ventilaci\u00f3n co&#8230;<\/p>","protected":false},"featured_media":410055,"comment_status":"open","ping_status":"closed","template":"","meta":{"_acf_changed":false},"product_brand":[11655],"product_cat":[13948,13931,13977,13986,13974,13930,13975,13973],"product_tag":[14010],"class_list":{"0":"post-359443","1":"product","2":"type-product","3":"status-publish","4":"has-post-thumbnail","6":"product_brand-beechfield","7":"product_cat-accesorios","8":"product_cat-rl-alta-visibilidad","9":"product_cat-h-camisetas-manga-corta","10":"product_cat-m-camisetas-manga-corta","11":"product_cat-ropa-hombre","12":"product_cat-laboral","13":"product_cat-ropa-mujer","14":"product_cat-ropa","15":"product_tag-nuevo-2026","16":"tm-no-options","18":"first","19":"instock","20":"taxable","21":"shipping-taxable","22":"product-type-variable"},"acf":[],"_links":{"self":[{"href":"https:\/\/grupotextil.es\/en\/wp-json\/wp\/v2\/product\/359443","targetHints":{"allow":["GET"]}}],"collection":[{"href":"https:\/\/grupotextil.es\/en\/wp-json\/wp\/v2\/product"}],"about":[{"href":"https:\/\/grupotextil.es\/en\/wp-json\/wp\/v2\/types\/product"}],"replies":[{"embeddable":true,"href":"https:\/\/grupotextil.es\/en\/wp-json\/wp\/v2\/comments?post=359443"}],"wp:featuredmedia":[{"embeddable":true,"href":"https:\/\/grupotextil.es\/en\/wp-json\/wp\/v2\/media\/410055"}],"wp:attachment":[{"href":"https:\/\/grupotextil.es\/en\/wp-json\/wp\/v2\/media?parent=359443"}],"wp:term":[{"taxonomy":"product_brand","embeddable":true,"href":"https:\/\/grupotextil.es\/en\/wp-json\/wp\/v2\/product_brand?post=359443"},{"taxonomy":"product_cat","embeddable":true,"href":"https:\/\/grupotextil.es\/en\/wp-json\/wp\/v2\/product_cat?post=359443"},{"taxonomy":"product_tag","embeddable":true,"href":"https:\/\/grupotextil.es\/en\/wp-json\/wp\/v2\/product_tag?post=359443"}],"curies":[{"name":"wp","href":"https:\/\/api.w.org\/{rel}","templated":true}]}}

<ul>
<li>100 % algodón (drill, lavado)</li>
<li>Diseño de 6 paneles y perfil alto</li>
<li>Paneles frontales semiestructurados</li>
<li>Visera plana en color contraste</li>
<li>Botón en la parte superior en color contraste</li>
<li>Ojales de ventilación cosidos</li>
<li>Cierre trasero ajustable tipo snapback de estilo retro</li>
<li>Etiqueta extraíble para facilitar el cambio de marca.</li>
</ul>

<p>100 % algodón (drill, lavado)Diseño de 6 paneles y perfil altoPaneles frontales semiestructuradosVisera plana en color contrasteBotón en la parte superior en color contrasteOjales de ventilación co&#8230;</p>
