{"id":361041,"date":"2026-03-08T01:58:36","date_gmt":"2026-03-08T00:58:36","guid":{"rendered":"https:\/\/grupotextil.es\/producto\/gorro-a-cuadros\/"},"modified":"2026-03-08T01:58:36","modified_gmt":"2026-03-08T00:58:36","slug":"gorro-a-cuadros","status":"publish","type":"product","link":"https:\/\/grupotextil.es\/en\/product\/gorro-a-cuadros\/","title":{"rendered":"Beanie a cuadros"},"content":{"rendered":"<ul>\n<li>65 % poli\u00e9ster reciclado, 31 % acr\u00edlico, 3 % nailon, 1 % elastano<\/li>\n<li>Estampado a cuadros tipo tablero de ajedrez<\/li>\n<li>Punto acanalado fino<\/li>\n<li>Punto de doble capa<\/li>\n<li>Parte superior modelada con pinzas<\/li>\n<li>Dise\u00f1o de vuelta ancha para una personalizaci\u00f3n \u00f3ptima<\/li>\n<li>Etiqueta extra\u00edble para facilitar el cambio de marca.<\/li>\n<\/ul>","protected":false},"excerpt":{"rendered":"<p>65 % poli\u00e9ster reciclado, 31 % acr\u00edlico, 3 % nailon, 1 % elastanoEstampado a cuadros tipo tablero de ajedrezPunto acanalado finoPunto de doble capaParte superior modelada con pinzasDise\u00f1o de vuelta&#8230;<\/p>","protected":false},"featured_media":410533,"comment_status":"open","ping_status":"closed","template":"","meta":{"_acf_changed":false},"product_brand":[11655],"product_cat":[13931,13938,13977,13986,13974,13930,13975,13973],"product_tag":[14010],"class_list":{"0":"post-361041","1":"product","2":"type-product","3":"status-publish","4":"has-post-thumbnail","6":"product_brand-beechfield","7":"product_cat-rl-alta-visibilidad","8":"product_cat-camisas-corporativas","9":"product_cat-h-camisetas-manga-corta","10":"product_cat-m-camisetas-manga-corta","11":"product_cat-ropa-hombre","12":"product_cat-laboral","13":"product_cat-ropa-mujer","14":"product_cat-ropa","15":"product_tag-nuevo-2026","16":"tm-no-options","18":"first","19":"instock","20":"taxable","21":"shipping-taxable","22":"product-type-variable"},"acf":[],"_links":{"self":[{"href":"https:\/\/grupotextil.es\/en\/wp-json\/wp\/v2\/product\/361041","targetHints":{"allow":["GET"]}}],"collection":[{"href":"https:\/\/grupotextil.es\/en\/wp-json\/wp\/v2\/product"}],"about":[{"href":"https:\/\/grupotextil.es\/en\/wp-json\/wp\/v2\/types\/product"}],"replies":[{"embeddable":true,"href":"https:\/\/grupotextil.es\/en\/wp-json\/wp\/v2\/comments?post=361041"}],"wp:featuredmedia":[{"embeddable":true,"href":"https:\/\/grupotextil.es\/en\/wp-json\/wp\/v2\/media\/410533"}],"wp:attachment":[{"href":"https:\/\/grupotextil.es\/en\/wp-json\/wp\/v2\/media?parent=361041"}],"wp:term":[{"taxonomy":"product_brand","embeddable":true,"href":"https:\/\/grupotextil.es\/en\/wp-json\/wp\/v2\/product_brand?post=361041"},{"taxonomy":"product_cat","embeddable":true,"href":"https:\/\/grupotextil.es\/en\/wp-json\/wp\/v2\/product_cat?post=361041"},{"taxonomy":"product_tag","embeddable":true,"href":"https:\/\/grupotextil.es\/en\/wp-json\/wp\/v2\/product_tag?post=361041"}],"curies":[{"name":"wp","href":"https:\/\/api.w.org\/{rel}","templated":true}]}}

<ul>
<li>65 % poliéster reciclado, 31 % acrílico, 3 % nailon, 1 % elastano</li>
<li>Estampado a cuadros tipo tablero de ajedrez</li>
<li>Punto acanalado fino</li>
<li>Punto de doble capa</li>
<li>Parte superior modelada con pinzas</li>
<li>Diseño de vuelta ancha para una personalización óptima</li>
<li>Etiqueta extraíble para facilitar el cambio de marca.</li>
</ul>

<p>65 % poliéster reciclado, 31 % acrílico, 3 % nailon, 1 % elastanoEstampado a cuadros tipo tablero de ajedrezPunto acanalado finoPunto de doble capaParte superior modelada con pinzasDiseño de vuelta&#8230;</p>
