{"id":362191,"date":"2026-03-08T02:01:17","date_gmt":"2026-03-08T01:01:17","guid":{"rendered":"https:\/\/grupotextil.es\/producto\/gorra-tecnica-de-entrenamiento\/"},"modified":"2026-03-08T02:01:17","modified_gmt":"2026-03-08T01:01:17","slug":"gorra-tecnica-de-entrenamiento","status":"publish","type":"product","link":"https:\/\/grupotextil.es\/en\/product\/gorra-tecnica-de-entrenamiento\/","title":{"rendered":"Cap t\u00e9cnica de entrenamiento"},"content":{"rendered":"<ul>\n<li>95 g\/m\u00b2<\/li>\n<li>100 % nailon<\/li>\n<li>Visera de EVA suave<\/li>\n<li>Banda absorbente del sudor ultrasuave, absorbe la humedad y proporciona comodidad todo el d\u00eda<\/li>\n<li>Ventilaci\u00f3n corte l\u00e1ser para mayor transpirabilidad<\/li>\n<li>Dise\u00f1o de 6 paneles<\/li>\n<li>Corona blanda no estructurada<\/li>\n<li>Anilla en D con leng\u00fceta reflectante<\/li>\n<li>Cierre Micro Rip-Strip\u2122<\/li>\n<li>Etiqueta extra\u00edble para facilitar el cambio de marca.<\/li>\n<\/ul>","protected":false},"excerpt":{"rendered":"<p>95 g\/m\u00b2100 % nailonVisera de EVA suaveBanda absorbente del sudor ultrasuave, absorbe la humedad y proporciona comodidad todo el d\u00edaVentilaci\u00f3n corte l\u00e1ser para mayor transpirabilidadDise\u00f1o de 6 pan&#8230;<\/p>","protected":false},"featured_media":410951,"comment_status":"open","ping_status":"closed","template":"","meta":{"_acf_changed":false},"product_brand":[11655],"product_cat":[13931,13977,13986,13974,13930,13975,13973],"product_tag":[14010],"class_list":{"0":"post-362191","1":"product","2":"type-product","3":"status-publish","4":"has-post-thumbnail","6":"product_brand-beechfield","7":"product_cat-rl-alta-visibilidad","8":"product_cat-h-camisetas-manga-corta","9":"product_cat-m-camisetas-manga-corta","10":"product_cat-ropa-hombre","11":"product_cat-laboral","12":"product_cat-ropa-mujer","13":"product_cat-ropa","14":"product_tag-nuevo-2026","15":"tm-no-options","17":"first","18":"instock","19":"taxable","20":"shipping-taxable","21":"product-type-variable"},"acf":[],"_links":{"self":[{"href":"https:\/\/grupotextil.es\/en\/wp-json\/wp\/v2\/product\/362191","targetHints":{"allow":["GET"]}}],"collection":[{"href":"https:\/\/grupotextil.es\/en\/wp-json\/wp\/v2\/product"}],"about":[{"href":"https:\/\/grupotextil.es\/en\/wp-json\/wp\/v2\/types\/product"}],"replies":[{"embeddable":true,"href":"https:\/\/grupotextil.es\/en\/wp-json\/wp\/v2\/comments?post=362191"}],"wp:featuredmedia":[{"embeddable":true,"href":"https:\/\/grupotextil.es\/en\/wp-json\/wp\/v2\/media\/410951"}],"wp:attachment":[{"href":"https:\/\/grupotextil.es\/en\/wp-json\/wp\/v2\/media?parent=362191"}],"wp:term":[{"taxonomy":"product_brand","embeddable":true,"href":"https:\/\/grupotextil.es\/en\/wp-json\/wp\/v2\/product_brand?post=362191"},{"taxonomy":"product_cat","embeddable":true,"href":"https:\/\/grupotextil.es\/en\/wp-json\/wp\/v2\/product_cat?post=362191"},{"taxonomy":"product_tag","embeddable":true,"href":"https:\/\/grupotextil.es\/en\/wp-json\/wp\/v2\/product_tag?post=362191"}],"curies":[{"name":"wp","href":"https:\/\/api.w.org\/{rel}","templated":true}]}}

Cap técnica de entrenamiento

<ul>
<li>95 g/m²</li>
<li>100 % nailon</li>
<li>Visera de EVA suave</li>
<li>Banda absorbente del sudor ultrasuave, absorbe la humedad y proporciona comodidad todo el día</li>
<li>Ventilación corte láser para mayor transpirabilidad</li>
<li>Diseño de 6 paneles</li>
<li>Corona blanda no estructurada</li>
<li>Anilla en D con lengüeta reflectante</li>
<li>Cierre Micro Rip-Strip™</li>
<li>Etiqueta extraíble para facilitar el cambio de marca.</li>
</ul>

<p>95 g/m²100 % nailonVisera de EVA suaveBanda absorbente del sudor ultrasuave, absorbe la humedad y proporciona comodidad todo el díaVentilación corte láser para mayor transpirabilidadDiseño de 6 pan&#8230;</p>
