{"id":362248,"date":"2026-03-08T02:01:22","date_gmt":"2026-03-08T01:01:22","guid":{"rendered":"https:\/\/grupotextil.es\/producto\/camiseta-organica-manga-larga-interlock-hombre\/"},"modified":"2026-03-08T02:01:22","modified_gmt":"2026-03-08T01:01:22","slug":"camiseta-organica-manga-larga-interlock-hombre","status":"publish","type":"product","link":"https:\/\/grupotextil.es\/en\/product\/camiseta-organica-manga-larga-interlock-hombre\/","title":{"rendered":"Camiseta org\u00e1nico manga larga Interlock hombre"},"content":{"rendered":"<ul>\n<li>220 g\/m\u00b2<\/li>\n<li>100% algod\u00f3n org\u00e1nico peinado ring-spun<\/li>\n<li>Algod\u00f3n de fibra larga<\/li>\n<li>Acabado compactado<\/li>\n<li>Lavado con encimas y silicona para una superf\u00edcie m\u00e1s suave y tersa<\/li>\n<li>Doble puntada<\/li>\n<li>Corte ajustado<\/li>\n<\/ul>","protected":false},"excerpt":{"rendered":"<p>220 g\/m\u00b2100% algod\u00f3n org\u00e1nico peinado ring-spunAlgod\u00f3n de fibra largaAcabado compactadoLavado con encimas y silicona para una superf\u00edcie m\u00e1s suave y tersaDoble puntadaCorte ajustado<\/p>","protected":false},"featured_media":410996,"comment_status":"open","ping_status":"closed","template":"","meta":{"_acf_changed":false},"product_brand":[11671],"product_cat":[13931,13986,13977,13974,13930,13975,13973],"product_tag":[14009],"class_list":{"0":"post-362248","1":"product","2":"type-product","3":"status-publish","4":"has-post-thumbnail","6":"product_brand-tee-jays","7":"product_cat-rl-alta-visibilidad","8":"product_cat-m-camisetas-manga-corta","9":"product_cat-h-camisetas-manga-corta","10":"product_cat-ropa-hombre","11":"product_cat-laboral","12":"product_cat-ropa-mujer","13":"product_cat-ropa","14":"product_tag-top-ventas","15":"tm-no-options","17":"first","18":"instock","19":"taxable","20":"shipping-taxable","21":"product-type-variable"},"acf":[],"_links":{"self":[{"href":"https:\/\/grupotextil.es\/en\/wp-json\/wp\/v2\/product\/362248","targetHints":{"allow":["GET"]}}],"collection":[{"href":"https:\/\/grupotextil.es\/en\/wp-json\/wp\/v2\/product"}],"about":[{"href":"https:\/\/grupotextil.es\/en\/wp-json\/wp\/v2\/types\/product"}],"replies":[{"embeddable":true,"href":"https:\/\/grupotextil.es\/en\/wp-json\/wp\/v2\/comments?post=362248"}],"wp:featuredmedia":[{"embeddable":true,"href":"https:\/\/grupotextil.es\/en\/wp-json\/wp\/v2\/media\/410996"}],"wp:attachment":[{"href":"https:\/\/grupotextil.es\/en\/wp-json\/wp\/v2\/media?parent=362248"}],"wp:term":[{"taxonomy":"product_brand","embeddable":true,"href":"https:\/\/grupotextil.es\/en\/wp-json\/wp\/v2\/product_brand?post=362248"},{"taxonomy":"product_cat","embeddable":true,"href":"https:\/\/grupotextil.es\/en\/wp-json\/wp\/v2\/product_cat?post=362248"},{"taxonomy":"product_tag","embeddable":true,"href":"https:\/\/grupotextil.es\/en\/wp-json\/wp\/v2\/product_tag?post=362248"}],"curies":[{"name":"wp","href":"https:\/\/api.w.org\/{rel}","templated":true}]}}

Camiseta orgánico manga larga Interlock hombre

<ul>
<li>220 g/m²</li>
<li>100% algodón orgánico peinado ring-spun</li>
<li>Algodón de fibra larga</li>
<li>Acabado compactado</li>
<li>Lavado con encimas y silicona para una superfície más suave y tersa</li>
<li>Doble puntada</li>
<li>Corte ajustado</li>
</ul>

<p>220 g/m²100% algodón orgánico peinado ring-spunAlgodón de fibra largaAcabado compactadoLavado con encimas y silicona para una superfície más suave y tersaDoble puntadaCorte ajustado</p>
