{"id":363357,"date":"2026-03-08T02:05:03","date_gmt":"2026-03-08T01:05:03","guid":{"rendered":"https:\/\/grupotextil.es\/producto\/camiseta-fashion-hombre\/"},"modified":"2026-03-08T02:05:03","modified_gmt":"2026-03-08T01:05:03","slug":"camiseta-fashion-hombre","status":"publish","type":"product","link":"https:\/\/grupotextil.es\/en\/product\/camiseta-fashion-hombre\/","title":{"rendered":"Camiseta Fashion hombre"},"content":{"rendered":"<ul>\n<li>185 g\/m\u00b2<\/li>\n<li>100% algod\u00f3n peinado ring-spun<\/li>\n<li>Algod\u00f3n de fibra larga<\/li>\n<li>Algod\u00f3n pre-encogido<\/li>\n<li>Encintado de hombro a hombro<\/li>\n<li>Cuello de lycra de dos capas<\/li>\n<li>Doble puntada<\/li>\n<li>Corte ajustado casual<\/li>\n<li>Ideal para impresi\u00f3n y bordado<\/li>\n<\/ul>","protected":false},"excerpt":{"rendered":"<p>185 g\/m\u00b2100% algod\u00f3n peinado ring-spunAlgod\u00f3n de fibra largaAlgod\u00f3n pre-encogidoEncintado de hombro a hombroCuello de lycra de dos capasDoble puntadaCorte ajustado casualIdeal para impresi\u00f3n y bordado<\/p>","protected":false},"featured_media":411239,"comment_status":"open","ping_status":"closed","template":"","meta":{"_acf_changed":false},"product_brand":[11671],"product_cat":[13931,13986,13977,13974,13930,13975,13973],"product_tag":[14009],"class_list":{"0":"post-363357","1":"product","2":"type-product","3":"status-publish","4":"has-post-thumbnail","6":"product_brand-tee-jays","7":"product_cat-rl-alta-visibilidad","8":"product_cat-m-camisetas-manga-corta","9":"product_cat-h-camisetas-manga-corta","10":"product_cat-ropa-hombre","11":"product_cat-laboral","12":"product_cat-ropa-mujer","13":"product_cat-ropa","14":"product_tag-top-ventas","15":"tm-no-options","17":"first","18":"instock","19":"taxable","20":"shipping-taxable","21":"product-type-variable"},"acf":[],"_links":{"self":[{"href":"https:\/\/grupotextil.es\/en\/wp-json\/wp\/v2\/product\/363357","targetHints":{"allow":["GET"]}}],"collection":[{"href":"https:\/\/grupotextil.es\/en\/wp-json\/wp\/v2\/product"}],"about":[{"href":"https:\/\/grupotextil.es\/en\/wp-json\/wp\/v2\/types\/product"}],"replies":[{"embeddable":true,"href":"https:\/\/grupotextil.es\/en\/wp-json\/wp\/v2\/comments?post=363357"}],"wp:featuredmedia":[{"embeddable":true,"href":"https:\/\/grupotextil.es\/en\/wp-json\/wp\/v2\/media\/411239"}],"wp:attachment":[{"href":"https:\/\/grupotextil.es\/en\/wp-json\/wp\/v2\/media?parent=363357"}],"wp:term":[{"taxonomy":"product_brand","embeddable":true,"href":"https:\/\/grupotextil.es\/en\/wp-json\/wp\/v2\/product_brand?post=363357"},{"taxonomy":"product_cat","embeddable":true,"href":"https:\/\/grupotextil.es\/en\/wp-json\/wp\/v2\/product_cat?post=363357"},{"taxonomy":"product_tag","embeddable":true,"href":"https:\/\/grupotextil.es\/en\/wp-json\/wp\/v2\/product_tag?post=363357"}],"curies":[{"name":"wp","href":"https:\/\/api.w.org\/{rel}","templated":true}]}}

<ul>
<li>185 g/m²</li>
<li>100% algodón peinado ring-spun</li>
<li>Algodón de fibra larga</li>
<li>Algodón pre-encogido</li>
<li>Encintado de hombro a hombro</li>
<li>Cuello de lycra de dos capas</li>
<li>Doble puntada</li>
<li>Corte ajustado casual</li>
<li>Ideal para impresión y bordado</li>
</ul>

<p>185 g/m²100% algodón peinado ring-spunAlgodón de fibra largaAlgodón pre-encogidoEncintado de hombro a hombroCuello de lycra de dos capasDoble puntadaCorte ajustado casualIdeal para impresión y bordado</p>
