{"id":364692,"date":"2026-03-08T02:09:48","date_gmt":"2026-03-08T01:09:48","guid":{"rendered":"https:\/\/grupotextil.es\/producto\/sweat-crewneck\/"},"modified":"2026-03-08T02:09:48","modified_gmt":"2026-03-08T01:09:48","slug":"sweat-crewneck","status":"publish","type":"product","link":"https:\/\/grupotextil.es\/en\/product\/sweat-crewneck\/","title":{"rendered":"Sweat Crewneck"},"content":{"rendered":"<ul>\n<li>300 g\/m\u00b2<\/li>\n<li>65 % algod\u00f3n, 35 % poli\u00e9ster, forro polar cepillado<\/li>\n<li>B\u00e1sico de cuello redondo con suave comodidad<\/li>\n<li>Corte cl\u00e1sico y aspecto liso.<\/li>\n<li>Ideal para realzar la parte delantera o trasera con logotipos e impresiones individuales.<\/li>\n<\/ul>","protected":false},"excerpt":{"rendered":"<p>300 g\/m\u00b265 % algod\u00f3n, 35 % poli\u00e9ster, forro polar cepilladoB\u00e1sico de cuello redondo con suave comodidadCorte cl\u00e1sico y aspecto liso.<\/p>","protected":false},"featured_media":411483,"comment_status":"open","ping_status":"closed","template":"","meta":{"_acf_changed":false},"product_brand":[11675],"product_cat":[13974,13975,13973,13980,13989],"product_tag":[],"class_list":{"0":"post-364692","1":"product","2":"type-product","3":"status-publish","4":"has-post-thumbnail","6":"product_brand-build-your-brand","7":"product_cat-ropa-hombre","8":"product_cat-ropa-mujer","9":"product_cat-ropa","10":"product_cat-h-sudaderas","11":"product_cat-m-sudaderas","12":"tm-no-options","14":"first","15":"instock","16":"taxable","17":"shipping-taxable","18":"product-type-variable"},"acf":[],"_links":{"self":[{"href":"https:\/\/grupotextil.es\/en\/wp-json\/wp\/v2\/product\/364692","targetHints":{"allow":["GET"]}}],"collection":[{"href":"https:\/\/grupotextil.es\/en\/wp-json\/wp\/v2\/product"}],"about":[{"href":"https:\/\/grupotextil.es\/en\/wp-json\/wp\/v2\/types\/product"}],"replies":[{"embeddable":true,"href":"https:\/\/grupotextil.es\/en\/wp-json\/wp\/v2\/comments?post=364692"}],"wp:featuredmedia":[{"embeddable":true,"href":"https:\/\/grupotextil.es\/en\/wp-json\/wp\/v2\/media\/411483"}],"wp:attachment":[{"href":"https:\/\/grupotextil.es\/en\/wp-json\/wp\/v2\/media?parent=364692"}],"wp:term":[{"taxonomy":"product_brand","embeddable":true,"href":"https:\/\/grupotextil.es\/en\/wp-json\/wp\/v2\/product_brand?post=364692"},{"taxonomy":"product_cat","embeddable":true,"href":"https:\/\/grupotextil.es\/en\/wp-json\/wp\/v2\/product_cat?post=364692"},{"taxonomy":"product_tag","embeddable":true,"href":"https:\/\/grupotextil.es\/en\/wp-json\/wp\/v2\/product_tag?post=364692"}],"curies":[{"name":"wp","href":"https:\/\/api.w.org\/{rel}","templated":true}]}}

<ul>
<li>300 g/m²</li>
<li>65 % algodón, 35 % poliéster, forro polar cepillado</li>
<li>Básico de cuello redondo con suave comodidad</li>
<li>Corte clásico y aspecto liso.</li>
<li>Ideal para realzar la parte delantera o trasera con logotipos e impresiones individuales.</li>
</ul>

<p>300 g/m²65 % algodón, 35 % poliéster, forro polar cepilladoBásico de cuello redondo con suave comodidadCorte clásico y aspecto liso.</p>
