{"id":364738,"date":"2026-03-08T02:09:56","date_gmt":"2026-03-08T01:09:56","guid":{"rendered":"https:\/\/grupotextil.es\/producto\/sudadera-cremallera-entera-premium\/"},"modified":"2026-03-08T02:09:56","modified_gmt":"2026-03-08T01:09:56","slug":"sudadera-cremallera-entera-premium","status":"publish","type":"product","link":"https:\/\/grupotextil.es\/en\/product\/sudadera-cremallera-entera-premium\/","title":{"rendered":"Sweatshirt Full Zip Premium"},"content":{"rendered":"<ul>\n<li>280 g\/m\u00b2 (White: 260 g\/m\u00b2)<\/li>\n<li>70% algod\u00f3n ring-spun, 30% poli\u00e9ster<\/li>\n<li>Cuello mandar\u00edn del mismo tejido<\/li>\n<li>Cuello encintado<\/li>\n<li>Cremallera entera<\/li>\n<li>Mangas ragl\u00e1n<\/li>\n<li>Bolsillos con ojal<\/li>\n<li>Pu\u00f1os y cintura en canal\u00e9 de algod\u00f3n\/elast\u00e1n para mantener la forma<\/li>\n<\/ul>","protected":false},"excerpt":{"rendered":"<p>280 g\/m\u00b2 (White: 260 g\/m\u00b2)70% algod\u00f3n ring-spun, 30% poli\u00e9sterCuello mandar\u00edn del mismo tejidoCuello encintadoCremallera enteraMangas ragl\u00e1nBolsillos con ojalPu\u00f1os y cintura en canal\u00e9 de algod\u00f3n\/elast<\/p>","protected":false},"featured_media":411508,"comment_status":"open","ping_status":"closed","template":"","meta":{"_acf_changed":false},"product_brand":[11665],"product_cat":[13974,13975,13973,13989,13980],"product_tag":[],"class_list":{"0":"post-364738","1":"product","2":"type-product","3":"status-publish","4":"has-post-thumbnail","6":"product_brand-fruit-of-the-loom","7":"product_cat-ropa-hombre","8":"product_cat-ropa-mujer","9":"product_cat-ropa","10":"product_cat-m-sudaderas","11":"product_cat-h-sudaderas","12":"tm-no-options","14":"first","15":"instock","16":"taxable","17":"shipping-taxable","18":"product-type-variable"},"acf":[],"_links":{"self":[{"href":"https:\/\/grupotextil.es\/en\/wp-json\/wp\/v2\/product\/364738","targetHints":{"allow":["GET"]}}],"collection":[{"href":"https:\/\/grupotextil.es\/en\/wp-json\/wp\/v2\/product"}],"about":[{"href":"https:\/\/grupotextil.es\/en\/wp-json\/wp\/v2\/types\/product"}],"replies":[{"embeddable":true,"href":"https:\/\/grupotextil.es\/en\/wp-json\/wp\/v2\/comments?post=364738"}],"wp:featuredmedia":[{"embeddable":true,"href":"https:\/\/grupotextil.es\/en\/wp-json\/wp\/v2\/media\/411508"}],"wp:attachment":[{"href":"https:\/\/grupotextil.es\/en\/wp-json\/wp\/v2\/media?parent=364738"}],"wp:term":[{"taxonomy":"product_brand","embeddable":true,"href":"https:\/\/grupotextil.es\/en\/wp-json\/wp\/v2\/product_brand?post=364738"},{"taxonomy":"product_cat","embeddable":true,"href":"https:\/\/grupotextil.es\/en\/wp-json\/wp\/v2\/product_cat?post=364738"},{"taxonomy":"product_tag","embeddable":true,"href":"https:\/\/grupotextil.es\/en\/wp-json\/wp\/v2\/product_tag?post=364738"}],"curies":[{"name":"wp","href":"https:\/\/api.w.org\/{rel}","templated":true}]}}

<ul>
<li>280 g/m² (White: 260 g/m²)</li>
<li>70% algodón ring-spun, 30% poliéster</li>
<li>Cuello mandarín del mismo tejido</li>
<li>Cuello encintado</li>
<li>Cremallera entera</li>
<li>Mangas raglán</li>
<li>Bolsillos con ojal</li>
<li>Puños y cintura en canalé de algodón/elastán para mantener la forma</li>
</ul>

<p>280 g/m² (White: 260 g/m²)70% algodón ring-spun, 30% poliésterCuello mandarín del mismo tejidoCuello encintadoCremallera enteraMangas raglánBolsillos con ojalPuños y cintura en canalé de algodón/elast</p>
