{"id":365438,"date":"2026-03-08T02:16:08","date_gmt":"2026-03-08T01:16:08","guid":{"rendered":"https:\/\/grupotextil.es\/producto\/sudadera-oversize-con-capucha-ultra-heavy\/"},"modified":"2026-03-08T02:16:08","modified_gmt":"2026-03-08T01:16:08","slug":"sudadera-oversize-con-capucha-ultra-heavy","status":"publish","type":"product","link":"https:\/\/grupotextil.es\/en\/product\/sudadera-oversize-con-capucha-ultra-heavy\/","title":{"rendered":"Sudadera oversized con capucha Ultra Heavy"},"content":{"rendered":"<ul>\n<li>500 g\/m\u00b2<\/li>\n<li>80% algod\u00f3n, 20% poli\u00e9ster<\/li>\n<li>Capucha grande<\/li>\n<li>Pu\u00f1os anchos de canal\u00e9 en mangas y dobladillo.<\/li>\n<li>bolsillos ribeteados integrados<\/li>\n<li>Ajuste urbano informal<\/li>\n<li>Hombros ca\u00eddos<\/li>\n<li>Vell\u00f3n cepillado pesado<\/li>\n<\/ul>","protected":false},"excerpt":{"rendered":"<p>500 g\/m\u00b280% algod\u00f3n, 20% poli\u00e9sterCapucha grandePu\u00f1os anchos de canal\u00e9 en mangas y dobladillo.<\/p>","protected":false},"featured_media":411727,"comment_status":"open","ping_status":"closed","template":"","meta":{"_acf_changed":false},"product_brand":[11675],"product_cat":[13974,13975,13973,13980,13989],"product_tag":[],"class_list":{"0":"post-365438","1":"product","2":"type-product","3":"status-publish","4":"has-post-thumbnail","6":"product_brand-build-your-brand","7":"product_cat-ropa-hombre","8":"product_cat-ropa-mujer","9":"product_cat-ropa","10":"product_cat-h-sudaderas","11":"product_cat-m-sudaderas","12":"tm-no-options","14":"first","15":"instock","16":"taxable","17":"shipping-taxable","18":"product-type-variable"},"acf":[],"_links":{"self":[{"href":"https:\/\/grupotextil.es\/en\/wp-json\/wp\/v2\/product\/365438","targetHints":{"allow":["GET"]}}],"collection":[{"href":"https:\/\/grupotextil.es\/en\/wp-json\/wp\/v2\/product"}],"about":[{"href":"https:\/\/grupotextil.es\/en\/wp-json\/wp\/v2\/types\/product"}],"replies":[{"embeddable":true,"href":"https:\/\/grupotextil.es\/en\/wp-json\/wp\/v2\/comments?post=365438"}],"wp:featuredmedia":[{"embeddable":true,"href":"https:\/\/grupotextil.es\/en\/wp-json\/wp\/v2\/media\/411727"}],"wp:attachment":[{"href":"https:\/\/grupotextil.es\/en\/wp-json\/wp\/v2\/media?parent=365438"}],"wp:term":[{"taxonomy":"product_brand","embeddable":true,"href":"https:\/\/grupotextil.es\/en\/wp-json\/wp\/v2\/product_brand?post=365438"},{"taxonomy":"product_cat","embeddable":true,"href":"https:\/\/grupotextil.es\/en\/wp-json\/wp\/v2\/product_cat?post=365438"},{"taxonomy":"product_tag","embeddable":true,"href":"https:\/\/grupotextil.es\/en\/wp-json\/wp\/v2\/product_tag?post=365438"}],"curies":[{"name":"wp","href":"https:\/\/api.w.org\/{rel}","templated":true}]}}

<ul>
<li>500 g/m²</li>
<li>80% algodón, 20% poliéster</li>
<li>Capucha grande</li>
<li>Puños anchos de canalé en mangas y dobladillo.</li>
<li>bolsillos ribeteados integrados</li>
<li>Ajuste urbano informal</li>
<li>Hombros caídos</li>
<li>Vellón cepillado pesado</li>
</ul>

<p>500 g/m²80% algodón, 20% poliésterCapucha grandePuños anchos de canalé en mangas y dobladillo.</p>
