{"id":365683,"date":"2026-03-08T02:17:11","date_gmt":"2026-03-08T01:17:11","guid":{"rendered":"https:\/\/grupotextil.es\/producto\/sudadera-regular-fit-con-capucha\/"},"modified":"2026-03-08T02:17:11","modified_gmt":"2026-03-08T01:17:11","slug":"sudadera-regular-fit-con-capucha","status":"publish","type":"product","link":"https:\/\/grupotextil.es\/en\/product\/sudadera-regular-fit-con-capucha\/","title":{"rendered":"Sudadera Regular fit con capucha"},"content":{"rendered":"<ul>\n<li>280 g\/m\u00b2<\/li>\n<li>80% algod\u00f3n, 20% poli\u00e9ster<\/li>\n<li>Capucha forrada de jersey del mismo color y con cord\u00f3n plano<\/li>\n<li>Cuello y hombros encintados del mismo color<\/li>\n<li>Bolsillo canguro<\/li>\n<li>Doble costura en sisa<\/li>\n<li>Pu\u00f1o y ribete de doble capa en canal\u00e9<\/li>\n<li>Etiqueta extra\u00edble<\/li>\n<\/ul>","protected":false},"excerpt":{"rendered":"<p>280 g\/m\u00b280% algod\u00f3n, 20% poli\u00e9sterCapucha forrada de jersey del mismo color y con cord\u00f3n planoCuello y hombros encintados del mismo colorBolsillo canguroDoble costura en sisaPu\u00f1o y ribete de doble cap<\/p>","protected":false},"featured_media":411783,"comment_status":"open","ping_status":"closed","template":"","meta":{"_acf_changed":false},"product_brand":[11672],"product_cat":[13974,13975,13973,13989,13980],"product_tag":[],"class_list":{"0":"post-365683","1":"product","2":"type-product","3":"status-publish","4":"has-post-thumbnail","6":"product_brand-kustom-kit","7":"product_cat-ropa-hombre","8":"product_cat-ropa-mujer","9":"product_cat-ropa","10":"product_cat-m-sudaderas","11":"product_cat-h-sudaderas","12":"tm-no-options","14":"first","15":"instock","16":"taxable","17":"shipping-taxable","18":"product-type-variable"},"acf":[],"_links":{"self":[{"href":"https:\/\/grupotextil.es\/en\/wp-json\/wp\/v2\/product\/365683","targetHints":{"allow":["GET"]}}],"collection":[{"href":"https:\/\/grupotextil.es\/en\/wp-json\/wp\/v2\/product"}],"about":[{"href":"https:\/\/grupotextil.es\/en\/wp-json\/wp\/v2\/types\/product"}],"replies":[{"embeddable":true,"href":"https:\/\/grupotextil.es\/en\/wp-json\/wp\/v2\/comments?post=365683"}],"wp:featuredmedia":[{"embeddable":true,"href":"https:\/\/grupotextil.es\/en\/wp-json\/wp\/v2\/media\/411783"}],"wp:attachment":[{"href":"https:\/\/grupotextil.es\/en\/wp-json\/wp\/v2\/media?parent=365683"}],"wp:term":[{"taxonomy":"product_brand","embeddable":true,"href":"https:\/\/grupotextil.es\/en\/wp-json\/wp\/v2\/product_brand?post=365683"},{"taxonomy":"product_cat","embeddable":true,"href":"https:\/\/grupotextil.es\/en\/wp-json\/wp\/v2\/product_cat?post=365683"},{"taxonomy":"product_tag","embeddable":true,"href":"https:\/\/grupotextil.es\/en\/wp-json\/wp\/v2\/product_tag?post=365683"}],"curies":[{"name":"wp","href":"https:\/\/api.w.org\/{rel}","templated":true}]}}

<ul>
<li>280 g/m²</li>
<li>80% algodón, 20% poliéster</li>
<li>Capucha forrada de jersey del mismo color y con cordón plano</li>
<li>Cuello y hombros encintados del mismo color</li>
<li>Bolsillo canguro</li>
<li>Doble costura en sisa</li>
<li>Puño y ribete de doble capa en canalé</li>
<li>Etiqueta extraíble</li>
</ul>

<p>280 g/m²80% algodón, 20% poliésterCapucha forrada de jersey del mismo color y con cordón planoCuello y hombros encintados del mismo colorBolsillo canguroDoble costura en sisaPuño y ribete de doble cap</p>
