{"id":367781,"date":"2026-03-08T02:25:36","date_gmt":"2026-03-08T01:25:36","guid":{"rendered":"https:\/\/grupotextil.es\/producto\/sudadera-con-capucha-ligera-ninos\/"},"modified":"2026-03-08T02:25:36","modified_gmt":"2026-03-08T01:25:36","slug":"sudadera-con-capucha-ligera-ninos","status":"publish","type":"product","link":"https:\/\/grupotextil.es\/en\/product\/sudadera-con-capucha-ligera-ninos\/","title":{"rendered":"Sudadera con capucha ligera ni\u00f1os"},"content":{"rendered":"<ul>\n<li>240 g\/m\u00b2<\/li>\n<li>80% algod\u00f3n, 20% poli\u00e9ster<\/li>\n<li>Sudadera ligera sin felpar<\/li>\n<li>Capucha sin cord\u00f3n, cumpliendo la legislaci\u00f3n europea<\/li>\n<li>Manga ragl\u00e1n<\/li>\n<li>Bolsillo canguro<\/li>\n<li>Bajo y pu\u00f1o en canal\u00e9 de algod\u00f3n\/elast\u00e1n<\/li>\n<\/ul>","protected":false},"excerpt":{"rendered":"<p>240 g\/m\u00b280% algod\u00f3n, 20% poli\u00e9sterSudadera ligera sin felparCapucha sin cord\u00f3n, cumpliendo la legislaci\u00f3n europeaManga ragl\u00e1nBolsillo canguroBajo y pu\u00f1o en canal\u00e9 de algod\u00f3n\/elast\u00e1n<\/p>","protected":false},"featured_media":412593,"comment_status":"open","ping_status":"closed","template":"","meta":{"_acf_changed":false},"product_brand":[11665],"product_cat":[13974,13975,13973],"product_tag":[],"class_list":{"0":"post-367781","1":"product","2":"type-product","3":"status-publish","4":"has-post-thumbnail","6":"product_brand-fruit-of-the-loom","7":"product_cat-ropa-hombre","8":"product_cat-ropa-mujer","9":"product_cat-ropa","10":"tm-no-options","12":"first","13":"instock","14":"taxable","15":"shipping-taxable","16":"product-type-variable"},"acf":[],"_links":{"self":[{"href":"https:\/\/grupotextil.es\/en\/wp-json\/wp\/v2\/product\/367781","targetHints":{"allow":["GET"]}}],"collection":[{"href":"https:\/\/grupotextil.es\/en\/wp-json\/wp\/v2\/product"}],"about":[{"href":"https:\/\/grupotextil.es\/en\/wp-json\/wp\/v2\/types\/product"}],"replies":[{"embeddable":true,"href":"https:\/\/grupotextil.es\/en\/wp-json\/wp\/v2\/comments?post=367781"}],"wp:featuredmedia":[{"embeddable":true,"href":"https:\/\/grupotextil.es\/en\/wp-json\/wp\/v2\/media\/412593"}],"wp:attachment":[{"href":"https:\/\/grupotextil.es\/en\/wp-json\/wp\/v2\/media?parent=367781"}],"wp:term":[{"taxonomy":"product_brand","embeddable":true,"href":"https:\/\/grupotextil.es\/en\/wp-json\/wp\/v2\/product_brand?post=367781"},{"taxonomy":"product_cat","embeddable":true,"href":"https:\/\/grupotextil.es\/en\/wp-json\/wp\/v2\/product_cat?post=367781"},{"taxonomy":"product_tag","embeddable":true,"href":"https:\/\/grupotextil.es\/en\/wp-json\/wp\/v2\/product_tag?post=367781"}],"curies":[{"name":"wp","href":"https:\/\/api.w.org\/{rel}","templated":true}]}}

Sudadera con capucha ligera niños

<ul>
<li>240 g/m²</li>
<li>80% algodón, 20% poliéster</li>
<li>Sudadera ligera sin felpar</li>
<li>Capucha sin cordón, cumpliendo la legislación europea</li>
<li>Manga raglán</li>
<li>Bolsillo canguro</li>
<li>Bajo y puño en canalé de algodón/elastán</li>
</ul>

<p>240 g/m²80% algodón, 20% poliésterSudadera ligera sin felparCapucha sin cordón, cumpliendo la legislación europeaManga raglánBolsillo canguroBajo y puño en canalé de algodón/elastán</p>
