{"id":367880,"date":"2026-03-08T02:25:50","date_gmt":"2026-03-08T01:25:50","guid":{"rendered":"https:\/\/grupotextil.es\/producto\/jersey-de-punto-cuello-v-mujer\/"},"modified":"2026-03-08T02:25:50","modified_gmt":"2026-03-08T01:25:50","slug":"jersey-de-punto-cuello-v-mujer","status":"publish","type":"product","link":"https:\/\/grupotextil.es\/en\/product\/jersey-de-punto-cuello-v-mujer\/","title":{"rendered":"Jersey de punto cuello V mujer"},"content":{"rendered":"<ul>\n<li>275 g\/m\u00b2<\/li>\n<li>50% algod\u00f3n, 50% acr\u00edlico<\/li>\n<li>Tejido suave<\/li>\n<li>Cuello V en canal\u00e9<\/li>\n<li>Ribete ancho en canal\u00e9 en las mangas y el dobladillo inferior<\/li>\n<li>Costuras laterales<\/li>\n<\/ul>","protected":false},"excerpt":{"rendered":"<p>275 g\/m\u00b250% algod\u00f3n, 50% acr\u00edlicoTejido suaveCuello V en canal\u00e9Ribete ancho en canal\u00e9 en las mangas y el dobladillo inferiorCosturas laterales<\/p>","protected":false},"featured_media":412645,"comment_status":"open","ping_status":"closed","template":"","meta":{"_acf_changed":false},"product_brand":[11670],"product_cat":[13974,13975,13973],"product_tag":[],"class_list":{"0":"post-367880","1":"product","2":"type-product","3":"status-publish","4":"has-post-thumbnail","6":"product_brand-russell-europe","7":"product_cat-ropa-hombre","8":"product_cat-ropa-mujer","9":"product_cat-ropa","10":"tm-no-options","12":"first","13":"instock","14":"taxable","15":"shipping-taxable","16":"product-type-variable"},"acf":[],"_links":{"self":[{"href":"https:\/\/grupotextil.es\/en\/wp-json\/wp\/v2\/product\/367880","targetHints":{"allow":["GET"]}}],"collection":[{"href":"https:\/\/grupotextil.es\/en\/wp-json\/wp\/v2\/product"}],"about":[{"href":"https:\/\/grupotextil.es\/en\/wp-json\/wp\/v2\/types\/product"}],"replies":[{"embeddable":true,"href":"https:\/\/grupotextil.es\/en\/wp-json\/wp\/v2\/comments?post=367880"}],"wp:featuredmedia":[{"embeddable":true,"href":"https:\/\/grupotextil.es\/en\/wp-json\/wp\/v2\/media\/412645"}],"wp:attachment":[{"href":"https:\/\/grupotextil.es\/en\/wp-json\/wp\/v2\/media?parent=367880"}],"wp:term":[{"taxonomy":"product_brand","embeddable":true,"href":"https:\/\/grupotextil.es\/en\/wp-json\/wp\/v2\/product_brand?post=367880"},{"taxonomy":"product_cat","embeddable":true,"href":"https:\/\/grupotextil.es\/en\/wp-json\/wp\/v2\/product_cat?post=367880"},{"taxonomy":"product_tag","embeddable":true,"href":"https:\/\/grupotextil.es\/en\/wp-json\/wp\/v2\/product_tag?post=367880"}],"curies":[{"name":"wp","href":"https:\/\/api.w.org\/{rel}","templated":true}]}}

<ul>
<li>275 g/m²</li>
<li>50% algodón, 50% acrílico</li>
<li>Tejido suave</li>
<li>Cuello V en canalé</li>
<li>Ribete ancho en canalé en las mangas y el dobladillo inferior</li>
<li>Costuras laterales</li>
</ul>

<p>275 g/m²50% algodón, 50% acrílicoTejido suaveCuello V en canaléRibete ancho en canalé en las mangas y el dobladillo inferiorCosturas laterales</p>
