{"id":367980,"date":"2026-03-08T02:26:01","date_gmt":"2026-03-08T01:26:01","guid":{"rendered":"https:\/\/grupotextil.es\/producto\/sudadera-acanalada-cremallera-interlock\/"},"modified":"2026-03-08T02:26:01","modified_gmt":"2026-03-08T01:26:01","slug":"sudadera-acanalada-cremallera-interlock","status":"publish","type":"product","link":"https:\/\/grupotextil.es\/en\/product\/sudadera-acanalada-cremallera-interlock\/","title":{"rendered":"Sweatshirt acanalada cremallera Interlock"},"content":{"rendered":"<ul>\n<li>365 g\/m\u00b2<\/li>\n<li>80 % algod\u00f3n, hilado en anillos, 20 % poli\u00e9ster (interlock acanalado)<\/li>\n<li>Capucha de doble capa con cord\u00f3n<\/li>\n<li>Cinta de cuello en espiga<\/li>\n<li>Cremallera SBS completa<\/li>\n<li>Bolsillos laterales<\/li>\n<li>Elastano en todas las nervaduras para una mejor estabilidad.<\/li>\n<li>Costuras con doble aguja en pu\u00f1os y dobladillo.<\/li>\n<\/ul>","protected":false},"excerpt":{"rendered":"<p>365 g\/m\u00b280 % algod\u00f3n, hilado en anillos, 20 % poli\u00e9ster (interlock acanalado)Capucha de doble capa con cord\u00f3nCinta de cuello en espigaCremallera SBS completaBolsillos lateralesElastano en todas las&#8230;<\/p>","protected":false},"featured_media":412697,"comment_status":"open","ping_status":"closed","template":"","meta":{"_acf_changed":false},"product_brand":[11671],"product_cat":[13974,13975,13973],"product_tag":[],"class_list":{"0":"post-367980","1":"product","2":"type-product","3":"status-publish","4":"has-post-thumbnail","6":"product_brand-tee-jays","7":"product_cat-ropa-hombre","8":"product_cat-ropa-mujer","9":"product_cat-ropa","10":"tm-no-options","12":"first","13":"instock","14":"taxable","15":"shipping-taxable","16":"product-type-variable"},"acf":[],"_links":{"self":[{"href":"https:\/\/grupotextil.es\/en\/wp-json\/wp\/v2\/product\/367980","targetHints":{"allow":["GET"]}}],"collection":[{"href":"https:\/\/grupotextil.es\/en\/wp-json\/wp\/v2\/product"}],"about":[{"href":"https:\/\/grupotextil.es\/en\/wp-json\/wp\/v2\/types\/product"}],"replies":[{"embeddable":true,"href":"https:\/\/grupotextil.es\/en\/wp-json\/wp\/v2\/comments?post=367980"}],"wp:featuredmedia":[{"embeddable":true,"href":"https:\/\/grupotextil.es\/en\/wp-json\/wp\/v2\/media\/412697"}],"wp:attachment":[{"href":"https:\/\/grupotextil.es\/en\/wp-json\/wp\/v2\/media?parent=367980"}],"wp:term":[{"taxonomy":"product_brand","embeddable":true,"href":"https:\/\/grupotextil.es\/en\/wp-json\/wp\/v2\/product_brand?post=367980"},{"taxonomy":"product_cat","embeddable":true,"href":"https:\/\/grupotextil.es\/en\/wp-json\/wp\/v2\/product_cat?post=367980"},{"taxonomy":"product_tag","embeddable":true,"href":"https:\/\/grupotextil.es\/en\/wp-json\/wp\/v2\/product_tag?post=367980"}],"curies":[{"name":"wp","href":"https:\/\/api.w.org\/{rel}","templated":true}]}}

<ul>
<li>365 g/m²</li>
<li>80 % algodón, hilado en anillos, 20 % poliéster (interlock acanalado)</li>
<li>Capucha de doble capa con cordón</li>
<li>Cinta de cuello en espiga</li>
<li>Cremallera SBS completa</li>
<li>Bolsillos laterales</li>
<li>Elastano en todas las nervaduras para una mejor estabilidad.</li>
<li>Costuras con doble aguja en puños y dobladillo.</li>
</ul>

<p>365 g/m²80 % algodón, hilado en anillos, 20 % poliéster (interlock acanalado)Capucha de doble capa con cordónCinta de cuello en espigaCremallera SBS completaBolsillos lateralesElastano en todas las&#8230;</p>
