{"id":370961,"date":"2026-03-08T02:42:28","date_gmt":"2026-03-08T01:42:28","guid":{"rendered":"https:\/\/grupotextil.es\/producto\/sudadera-con-capucha-supercotton\/"},"modified":"2026-03-08T02:42:28","modified_gmt":"2026-03-08T01:42:28","slug":"sudadera-con-capucha-supercotton","status":"publish","type":"product","link":"https:\/\/grupotextil.es\/en\/product\/sudadera-con-capucha-supercotton\/","title":{"rendered":"Sudadera con capucha Supercotton\u2122"},"content":{"rendered":"<ul>\n<li>400 g\/m\u00b2<\/li>\n<li>70% algod\u00f3n, 30% poli\u00e9ster<\/li>\n<li>Ajuste cl\u00e1sico<\/li>\n<li>Capucha de tela doble<\/li>\n<li>Bolsillo canguro delantero<\/li>\n<li>Pu\u00f1os y cinturilla de canal\u00e9 1&#215;1<\/li>\n<li>Etiqueta desprendible<\/li>\n<\/ul>","protected":false},"excerpt":{"rendered":"<p>400 g\/m\u00b270% algod\u00f3n, 30% poli\u00e9sterAjuste cl\u00e1sicoCapucha de tela dobleBolsillo canguro delanteroPu\u00f1os y cinturilla de canal\u00e9 1x1Etiqueta desprendible<\/p>","protected":false},"featured_media":413316,"comment_status":"open","ping_status":"closed","template":"","meta":{"_acf_changed":false},"product_brand":[11665],"product_cat":[13974,13975,13973,13980,13989],"product_tag":[],"class_list":{"0":"post-370961","1":"product","2":"type-product","3":"status-publish","4":"has-post-thumbnail","6":"product_brand-fruit-of-the-loom","7":"product_cat-ropa-hombre","8":"product_cat-ropa-mujer","9":"product_cat-ropa","10":"product_cat-h-sudaderas","11":"product_cat-m-sudaderas","12":"tm-no-options","14":"first","15":"instock","16":"taxable","17":"shipping-taxable","18":"product-type-variable"},"acf":[],"_links":{"self":[{"href":"https:\/\/grupotextil.es\/en\/wp-json\/wp\/v2\/product\/370961","targetHints":{"allow":["GET"]}}],"collection":[{"href":"https:\/\/grupotextil.es\/en\/wp-json\/wp\/v2\/product"}],"about":[{"href":"https:\/\/grupotextil.es\/en\/wp-json\/wp\/v2\/types\/product"}],"replies":[{"embeddable":true,"href":"https:\/\/grupotextil.es\/en\/wp-json\/wp\/v2\/comments?post=370961"}],"wp:featuredmedia":[{"embeddable":true,"href":"https:\/\/grupotextil.es\/en\/wp-json\/wp\/v2\/media\/413316"}],"wp:attachment":[{"href":"https:\/\/grupotextil.es\/en\/wp-json\/wp\/v2\/media?parent=370961"}],"wp:term":[{"taxonomy":"product_brand","embeddable":true,"href":"https:\/\/grupotextil.es\/en\/wp-json\/wp\/v2\/product_brand?post=370961"},{"taxonomy":"product_cat","embeddable":true,"href":"https:\/\/grupotextil.es\/en\/wp-json\/wp\/v2\/product_cat?post=370961"},{"taxonomy":"product_tag","embeddable":true,"href":"https:\/\/grupotextil.es\/en\/wp-json\/wp\/v2\/product_tag?post=370961"}],"curies":[{"name":"wp","href":"https:\/\/api.w.org\/{rel}","templated":true}]}}

<ul>
<li>400 g/m²</li>
<li>70% algodón, 30% poliéster</li>
<li>Ajuste clásico</li>
<li>Capucha de tela doble</li>
<li>Bolsillo canguro delantero</li>
<li>Puños y cinturilla de canalé 1&#215;1</li>
<li>Etiqueta desprendible</li>
</ul>

<p>400 g/m²70% algodón, 30% poliésterAjuste clásicoCapucha de tela dobleBolsillo canguro delanteroPuños y cinturilla de canalé 1x1Etiqueta desprendible</p>
