{"id":371960,"date":"2026-03-08T02:51:43","date_gmt":"2026-03-08T01:51:43","guid":{"rendered":"https:\/\/grupotextil.es\/producto\/sudadera-raglan-hombre\/"},"modified":"2026-03-08T02:51:43","modified_gmt":"2026-03-08T01:51:43","slug":"sudadera-raglan-hombre","status":"publish","type":"product","link":"https:\/\/grupotextil.es\/en\/product\/sudadera-raglan-hombre\/","title":{"rendered":"Sudadera ragl\u00e1n hombre"},"content":{"rendered":"<ul>\n<li>280 g\/m\u00b2<\/li>\n<li>80% algod\u00f3n ring-spun peinado, 20% poli\u00e9ster (Light Oxford: 70% algod\u00f3n, 30% poli\u00e9ster)<\/li>\n<li>Interior de polar peinado<\/li>\n<li>Cuello, mangas y bajos en canal\u00e9<\/li>\n<li>Refuerzo en espiguilla en parte trasera del cuello<\/li>\n<li>Mangas ragl\u00e1n<\/li>\n<li>Pu\u00f1os reforzados con costura cubierta<\/li>\n<li>Costuras laterales<\/li>\n<\/ul>","protected":false},"excerpt":{"rendered":"<p>280 g\/m\u00b280% algod\u00f3n ring-spun peinado, 20% poli\u00e9ster (Light Oxford: 70% algod\u00f3n, 30% poli\u00e9ster)Interior de polar peinadoCuello, mangas y bajos en canal\u00e9Refuerzo en espiguilla en parte trasera del cuel<\/p>","protected":false},"featured_media":413522,"comment_status":"open","ping_status":"closed","template":"","meta":{"_acf_changed":false},"product_brand":[11676],"product_cat":[13974,13975,13973,13989,13980],"product_tag":[],"class_list":{"0":"post-371960","1":"product","2":"type-product","3":"status-publish","4":"has-post-thumbnail","6":"product_brand-sg","7":"product_cat-ropa-hombre","8":"product_cat-ropa-mujer","9":"product_cat-ropa","10":"product_cat-m-sudaderas","11":"product_cat-h-sudaderas","12":"tm-no-options","14":"first","15":"instock","16":"taxable","17":"shipping-taxable","18":"product-type-variable"},"acf":[],"_links":{"self":[{"href":"https:\/\/grupotextil.es\/en\/wp-json\/wp\/v2\/product\/371960","targetHints":{"allow":["GET"]}}],"collection":[{"href":"https:\/\/grupotextil.es\/en\/wp-json\/wp\/v2\/product"}],"about":[{"href":"https:\/\/grupotextil.es\/en\/wp-json\/wp\/v2\/types\/product"}],"replies":[{"embeddable":true,"href":"https:\/\/grupotextil.es\/en\/wp-json\/wp\/v2\/comments?post=371960"}],"wp:featuredmedia":[{"embeddable":true,"href":"https:\/\/grupotextil.es\/en\/wp-json\/wp\/v2\/media\/413522"}],"wp:attachment":[{"href":"https:\/\/grupotextil.es\/en\/wp-json\/wp\/v2\/media?parent=371960"}],"wp:term":[{"taxonomy":"product_brand","embeddable":true,"href":"https:\/\/grupotextil.es\/en\/wp-json\/wp\/v2\/product_brand?post=371960"},{"taxonomy":"product_cat","embeddable":true,"href":"https:\/\/grupotextil.es\/en\/wp-json\/wp\/v2\/product_cat?post=371960"},{"taxonomy":"product_tag","embeddable":true,"href":"https:\/\/grupotextil.es\/en\/wp-json\/wp\/v2\/product_tag?post=371960"}],"curies":[{"name":"wp","href":"https:\/\/api.w.org\/{rel}","templated":true}]}}

Sudadera raglán hombre

<ul>
<li>280 g/m²</li>
<li>80% algodón ring-spun peinado, 20% poliéster (Light Oxford: 70% algodón, 30% poliéster)</li>
<li>Interior de polar peinado</li>
<li>Cuello, mangas y bajos en canalé</li>
<li>Refuerzo en espiguilla en parte trasera del cuello</li>
<li>Mangas raglán</li>
<li>Puños reforzados con costura cubierta</li>
<li>Costuras laterales</li>
</ul>

<p>280 g/m²80% algodón ring-spun peinado, 20% poliéster (Light Oxford: 70% algodón, 30% poliéster)Interior de polar peinadoCuello, mangas y bajos en canaléRefuerzo en espiguilla en parte trasera del cuel</p>
