{"id":372322,"date":"2026-03-08T02:53:58","date_gmt":"2026-03-08T01:53:58","guid":{"rendered":"https:\/\/grupotextil.es\/producto\/cuello-redondo-id-222\/"},"modified":"2026-03-08T02:53:58","modified_gmt":"2026-03-08T01:53:58","slug":"cuello-redondo-id-222","status":"publish","type":"product","link":"https:\/\/grupotextil.es\/en\/product\/cuello-redondo-id-222\/","title":{"rendered":"Round Neck ID.222"},"content":{"rendered":"<ul>\n<li>280 g\/m\u00b2<\/li>\n<li>50 % algod\u00f3n (invirtiendo en Better Cotton), 50 % poli\u00e9ster (reciclado) &#8211; certificado RCS<\/li>\n<li>Estilo verdaderamente neutral en cuanto al g\u00e9nero con costuras laterales.<\/li>\n<li>Ajuste relajado cl\u00e1sico y moderno para todas las ocasiones.<\/li>\n<li>Excelente capacidad de impresi\u00f3n y tacto.<\/li>\n<li>Las mangas ajustadas con hombros ligeramente ca\u00eddos mejoran la movilidad.<\/li>\n<li>Pu\u00f1os y dobladillo inferior cl\u00e1sicos en canal\u00e9 1&#215;1 con elastano.<\/li>\n<li>Sin etiqueta, f\u00e1cil de rebrandear<\/li>\n<\/ul>","protected":false},"excerpt":{"rendered":"<p>280 g\/m\u00b250 % algod\u00f3n (invirtiendo en Better Cotton), 50 % poli\u00e9ster (reciclado) &#8211; certificado RCSEstilo verdaderamente neutral en cuanto al g\u00e9nero con costuras laterales.<\/p>","protected":false},"featured_media":413613,"comment_status":"open","ping_status":"closed","template":"","meta":{"_acf_changed":false},"product_brand":[11653],"product_cat":[13974,13975,13973,13980,13989],"product_tag":[],"class_list":{"0":"post-372322","1":"product","2":"type-product","3":"status-publish","4":"has-post-thumbnail","6":"product_brand-b-c","7":"product_cat-ropa-hombre","8":"product_cat-ropa-mujer","9":"product_cat-ropa","10":"product_cat-h-sudaderas","11":"product_cat-m-sudaderas","12":"tm-no-options","14":"first","15":"instock","16":"taxable","17":"shipping-taxable","18":"product-type-variable"},"acf":[],"_links":{"self":[{"href":"https:\/\/grupotextil.es\/en\/wp-json\/wp\/v2\/product\/372322","targetHints":{"allow":["GET"]}}],"collection":[{"href":"https:\/\/grupotextil.es\/en\/wp-json\/wp\/v2\/product"}],"about":[{"href":"https:\/\/grupotextil.es\/en\/wp-json\/wp\/v2\/types\/product"}],"replies":[{"embeddable":true,"href":"https:\/\/grupotextil.es\/en\/wp-json\/wp\/v2\/comments?post=372322"}],"wp:featuredmedia":[{"embeddable":true,"href":"https:\/\/grupotextil.es\/en\/wp-json\/wp\/v2\/media\/413613"}],"wp:attachment":[{"href":"https:\/\/grupotextil.es\/en\/wp-json\/wp\/v2\/media?parent=372322"}],"wp:term":[{"taxonomy":"product_brand","embeddable":true,"href":"https:\/\/grupotextil.es\/en\/wp-json\/wp\/v2\/product_brand?post=372322"},{"taxonomy":"product_cat","embeddable":true,"href":"https:\/\/grupotextil.es\/en\/wp-json\/wp\/v2\/product_cat?post=372322"},{"taxonomy":"product_tag","embeddable":true,"href":"https:\/\/grupotextil.es\/en\/wp-json\/wp\/v2\/product_tag?post=372322"}],"curies":[{"name":"wp","href":"https:\/\/api.w.org\/{rel}","templated":true}]}}

<ul>
<li>280 g/m²</li>
<li>50 % algodón (invirtiendo en Better Cotton), 50 % poliéster (reciclado) &#8211; certificado RCS</li>
<li>Estilo verdaderamente neutral en cuanto al género con costuras laterales.</li>
<li>Ajuste relajado clásico y moderno para todas las ocasiones.</li>
<li>Excelente capacidad de impresión y tacto.</li>
<li>Las mangas ajustadas con hombros ligeramente caídos mejoran la movilidad.</li>
<li>Puños y dobladillo inferior clásicos en canalé 1&#215;1 con elastano.</li>
<li>Sin etiqueta, fácil de rebrandear</li>
</ul>

<p>280 g/m²50 % algodón (invirtiendo en Better Cotton), 50 % poliéster (reciclado) &#8211; certificado RCSEstilo verdaderamente neutral en cuanto al género con costuras laterales.</p>
