{"id":372450,"date":"2026-03-08T02:55:45","date_gmt":"2026-03-08T01:55:45","guid":{"rendered":"https:\/\/grupotextil.es\/producto\/sudadera-iconic-premium-con-capucha\/"},"modified":"2026-03-08T02:55:45","modified_gmt":"2026-03-08T01:55:45","slug":"sudadera-iconic-premium-con-capucha","status":"publish","type":"product","link":"https:\/\/grupotextil.es\/en\/product\/sudadera-iconic-premium-con-capucha\/","title":{"rendered":"Sudadera Iconic Premium con capucha"},"content":{"rendered":"<ul>\n<li>300 g\/m\u00b2<\/li>\n<li>70 % algod\u00f3n peinado ring-spun, 30 % poli\u00e9ster (fabricado con fibras CiCLO\u00ae)<\/li>\n<li>(Jaspeado atl\u00e9tico: 67 % algod\u00f3n peinado ring-spun, 33 % poli\u00e9ster)<\/li>\n<li>Corte cl\u00e1sico<\/li>\n<li>Forro de capucha de punto sencillo<\/li>\n<li>Cord\u00f3n plano a tono<\/li>\n<li>Bolsillo canguro<\/li>\n<li>Superficie de algod\u00f3n suave para mejores resultados de personalizaci\u00f3n<\/li>\n<li>Forro polar interior cepillado<\/li>\n<li>Pu\u00f1os y dobladillo en canal\u00e9 1&#215;1 con licra<\/li>\n<li>Etiqueta extra\u00edble.<\/li>\n<\/ul>","protected":false},"excerpt":{"rendered":"<p>300 g\/m\u00b270 % algod\u00f3n peinado ring-spun, 30 % poli\u00e9ster (fabricado con fibras CiCLO\u00ae)(Jaspeado atl\u00e9tico: 67 % algod\u00f3n peinado ring-spun, 33 % poli\u00e9ster)Corte cl\u00e1sicoForro de capucha de punto sencill&#8230;<\/p>","protected":false},"featured_media":413654,"comment_status":"open","ping_status":"closed","template":"","meta":{"_acf_changed":false},"product_brand":[11665],"product_cat":[13973],"product_tag":[14010],"class_list":{"0":"post-372450","1":"product","2":"type-product","3":"status-publish","4":"has-post-thumbnail","6":"product_brand-fruit-of-the-loom","7":"product_cat-ropa","8":"product_tag-nuevo-2026","9":"tm-no-options","11":"first","12":"instock","13":"taxable","14":"shipping-taxable","15":"product-type-variable"},"acf":[],"_links":{"self":[{"href":"https:\/\/grupotextil.es\/en\/wp-json\/wp\/v2\/product\/372450","targetHints":{"allow":["GET"]}}],"collection":[{"href":"https:\/\/grupotextil.es\/en\/wp-json\/wp\/v2\/product"}],"about":[{"href":"https:\/\/grupotextil.es\/en\/wp-json\/wp\/v2\/types\/product"}],"replies":[{"embeddable":true,"href":"https:\/\/grupotextil.es\/en\/wp-json\/wp\/v2\/comments?post=372450"}],"wp:featuredmedia":[{"embeddable":true,"href":"https:\/\/grupotextil.es\/en\/wp-json\/wp\/v2\/media\/413654"}],"wp:attachment":[{"href":"https:\/\/grupotextil.es\/en\/wp-json\/wp\/v2\/media?parent=372450"}],"wp:term":[{"taxonomy":"product_brand","embeddable":true,"href":"https:\/\/grupotextil.es\/en\/wp-json\/wp\/v2\/product_brand?post=372450"},{"taxonomy":"product_cat","embeddable":true,"href":"https:\/\/grupotextil.es\/en\/wp-json\/wp\/v2\/product_cat?post=372450"},{"taxonomy":"product_tag","embeddable":true,"href":"https:\/\/grupotextil.es\/en\/wp-json\/wp\/v2\/product_tag?post=372450"}],"curies":[{"name":"wp","href":"https:\/\/api.w.org\/{rel}","templated":true}]}}

<ul>
<li>300 g/m²</li>
<li>70 % algodón peinado ring-spun, 30 % poliéster (fabricado con fibras CiCLO®)</li>
<li>(Jaspeado atlético: 67 % algodón peinado ring-spun, 33 % poliéster)</li>
<li>Corte clásico</li>
<li>Forro de capucha de punto sencillo</li>
<li>Cordón plano a tono</li>
<li>Bolsillo canguro</li>
<li>Superficie de algodón suave para mejores resultados de personalización</li>
<li>Forro polar interior cepillado</li>
<li>Puños y dobladillo en canalé 1&#215;1 con licra</li>
<li>Etiqueta extraíble.</li>
</ul>

<p>300 g/m²70 % algodón peinado ring-spun, 30 % poliéster (fabricado con fibras CiCLO®)(Jaspeado atlético: 67 % algodón peinado ring-spun, 33 % poliéster)Corte clásicoForro de capucha de punto sencill&#8230;</p>
