{"id":374888,"date":"2026-03-08T03:10:36","date_gmt":"2026-03-08T02:10:36","guid":{"rendered":"https:\/\/grupotextil.es\/producto\/sudadera-con-capucha-classic\/"},"modified":"2026-03-08T03:10:36","modified_gmt":"2026-03-08T02:10:36","slug":"sudadera-con-capucha-classic","status":"publish","type":"product","link":"https:\/\/grupotextil.es\/en\/product\/sudadera-con-capucha-classic\/","title":{"rendered":"Sudadera con capucha cl\u00e1sica"},"content":{"rendered":"<ul>\n<li>280 g\/m\u00b2<\/li>\n<li>80% algod\u00f3n, 20% poli\u00e9ster<\/li>\n<li>Capucha con cord\u00f3n plano del mismo color<\/li>\n<li>Mangas montadas<\/li>\n<li>Bolsillo canguro delantero<\/li>\n<li>Mangas y bajo con canal\u00e9<\/li>\n<li>Costuras dobles en sisa<\/li>\n<li>Tejido tubular<\/li>\n<\/ul>","protected":false},"excerpt":{"rendered":"<p>280 g\/m\u00b280% algod\u00f3n, 20% poli\u00e9sterCapucha con cord\u00f3n plano del mismo colorMangas montadasBolsillo canguro delanteroMangas y bajo con canal\u00e9Costuras dobles en sisaTejido tubular<\/p>","protected":false},"featured_media":414412,"comment_status":"open","ping_status":"closed","template":"","meta":{"_acf_changed":false},"product_brand":[11665],"product_cat":[13976,13973,13997],"product_tag":[14009],"class_list":{"0":"post-374888","1":"product","2":"type-product","3":"status-publish","4":"has-post-thumbnail","6":"product_brand-fruit-of-the-loom","7":"product_cat-ropa-nino","8":"product_cat-ropa","9":"product_cat-n-sudaderas","10":"product_tag-top-ventas","11":"tm-no-options","13":"first","14":"instock","15":"taxable","16":"shipping-taxable","17":"product-type-variable"},"acf":[],"_links":{"self":[{"href":"https:\/\/grupotextil.es\/en\/wp-json\/wp\/v2\/product\/374888","targetHints":{"allow":["GET"]}}],"collection":[{"href":"https:\/\/grupotextil.es\/en\/wp-json\/wp\/v2\/product"}],"about":[{"href":"https:\/\/grupotextil.es\/en\/wp-json\/wp\/v2\/types\/product"}],"replies":[{"embeddable":true,"href":"https:\/\/grupotextil.es\/en\/wp-json\/wp\/v2\/comments?post=374888"}],"wp:featuredmedia":[{"embeddable":true,"href":"https:\/\/grupotextil.es\/en\/wp-json\/wp\/v2\/media\/414412"}],"wp:attachment":[{"href":"https:\/\/grupotextil.es\/en\/wp-json\/wp\/v2\/media?parent=374888"}],"wp:term":[{"taxonomy":"product_brand","embeddable":true,"href":"https:\/\/grupotextil.es\/en\/wp-json\/wp\/v2\/product_brand?post=374888"},{"taxonomy":"product_cat","embeddable":true,"href":"https:\/\/grupotextil.es\/en\/wp-json\/wp\/v2\/product_cat?post=374888"},{"taxonomy":"product_tag","embeddable":true,"href":"https:\/\/grupotextil.es\/en\/wp-json\/wp\/v2\/product_tag?post=374888"}],"curies":[{"name":"wp","href":"https:\/\/api.w.org\/{rel}","templated":true}]}}

Sudadera con capucha clásica

<ul>
<li>280 g/m²</li>
<li>80% algodón, 20% poliéster</li>
<li>Capucha con cordón plano del mismo color</li>
<li>Mangas montadas</li>
<li>Bolsillo canguro delantero</li>
<li>Mangas y bajo con canalé</li>
<li>Costuras dobles en sisa</li>
<li>Tejido tubular</li>
</ul>

<p>280 g/m²80% algodón, 20% poliésterCapucha con cordón plano del mismo colorMangas montadasBolsillo canguro delanteroMangas y bajo con canaléCosturas dobles en sisaTejido tubular</p>
