{"id":376158,"date":"2026-03-08T03:14:19","date_gmt":"2026-03-08T02:14:19","guid":{"rendered":"https:\/\/grupotextil.es\/producto\/sudadera-manga-montada-nino-2\/"},"modified":"2026-03-08T03:14:19","modified_gmt":"2026-03-08T02:14:19","slug":"sudadera-manga-montada-nino-2","status":"publish","type":"product","link":"https:\/\/grupotextil.es\/en\/product\/sudadera-manga-montada-nino-2\/","title":{"rendered":"Sweatshirt manga montada Kids"},"content":{"rendered":"<ul>\n<li>280 g\/m\u00b2<\/li>\n<li>80% algod\u00f3n, 20% poli\u00e9ster<\/li>\n<li>Pu\u00f1o, cuello y bajo en canal\u00e9 de algod\u00f3n\/elast\u00e1n para mantener la forma<\/li>\n<li>Cuello encintado de hombro a hombro del mismo color de la prenda<\/li>\n<\/ul>","protected":false},"excerpt":{"rendered":"<p>280 g\/m\u00b280% algod\u00f3n, 20% poli\u00e9sterPu\u00f1o, cuello y bajo en canal\u00e9 de algod\u00f3n\/elast\u00e1n para mantener la formaCuello encintado de hombro a hombro del mismo color de la prenda<\/p>","protected":false},"featured_media":414762,"comment_status":"open","ping_status":"closed","template":"","meta":{"_acf_changed":false},"product_brand":[11665],"product_cat":[13974,13975,13976,13973,13997],"product_tag":[],"class_list":{"0":"post-376158","1":"product","2":"type-product","3":"status-publish","4":"has-post-thumbnail","6":"product_brand-fruit-of-the-loom","7":"product_cat-ropa-hombre","8":"product_cat-ropa-mujer","9":"product_cat-ropa-nino","10":"product_cat-ropa","11":"product_cat-n-sudaderas","12":"tm-no-options","14":"first","15":"instock","16":"taxable","17":"shipping-taxable","18":"product-type-variable"},"acf":[],"_links":{"self":[{"href":"https:\/\/grupotextil.es\/en\/wp-json\/wp\/v2\/product\/376158","targetHints":{"allow":["GET"]}}],"collection":[{"href":"https:\/\/grupotextil.es\/en\/wp-json\/wp\/v2\/product"}],"about":[{"href":"https:\/\/grupotextil.es\/en\/wp-json\/wp\/v2\/types\/product"}],"replies":[{"embeddable":true,"href":"https:\/\/grupotextil.es\/en\/wp-json\/wp\/v2\/comments?post=376158"}],"wp:featuredmedia":[{"embeddable":true,"href":"https:\/\/grupotextil.es\/en\/wp-json\/wp\/v2\/media\/414762"}],"wp:attachment":[{"href":"https:\/\/grupotextil.es\/en\/wp-json\/wp\/v2\/media?parent=376158"}],"wp:term":[{"taxonomy":"product_brand","embeddable":true,"href":"https:\/\/grupotextil.es\/en\/wp-json\/wp\/v2\/product_brand?post=376158"},{"taxonomy":"product_cat","embeddable":true,"href":"https:\/\/grupotextil.es\/en\/wp-json\/wp\/v2\/product_cat?post=376158"},{"taxonomy":"product_tag","embeddable":true,"href":"https:\/\/grupotextil.es\/en\/wp-json\/wp\/v2\/product_tag?post=376158"}],"curies":[{"name":"wp","href":"https:\/\/api.w.org\/{rel}","templated":true}]}}

<ul>
<li>280 g/m²</li>
<li>80% algodón, 20% poliéster</li>
<li>Puño, cuello y bajo en canalé de algodón/elastán para mantener la forma</li>
<li>Cuello encintado de hombro a hombro del mismo color de la prenda</li>
</ul>

<p>280 g/m²80% algodón, 20% poliésterPuño, cuello y bajo en canalé de algodón/elastán para mantener la formaCuello encintado de hombro a hombro del mismo color de la prenda</p>
