{"id":377247,"date":"2026-03-08T03:17:46","date_gmt":"2026-03-08T02:17:46","guid":{"rendered":"https:\/\/grupotextil.es\/producto\/gorra-baseball-ajustada\/"},"modified":"2026-03-08T03:17:46","modified_gmt":"2026-03-08T02:17:46","slug":"gorra-baseball-ajustada","status":"publish","type":"product","link":"https:\/\/grupotextil.es\/en\/product\/gorra-baseball-ajustada\/","title":{"rendered":"Cap Baseball ajustada"},"content":{"rendered":"<ul>\n<li>63% Poli\u00e9ster, 34% Algod\u00f3n, 3% Elast\u00e1n<\/li>\n<li>Disponible en talla de ni\u00f1o: 627.68<\/li>\n<li>Aspecto y tacto de lana<\/li>\n<li>6 paneles<\/li>\n<li>Forma atl\u00e9tica de perfil medio<\/li>\n<li>Tejido bucaram r\u00edgido<\/li>\n<li>Visera con 8 filas de pespuntes<\/li>\n<li>Visera inferior en color plata (exceptuando modelo Black\/Black, que es negra)<\/li>\n<li>Visera precurvada<\/li>\n<\/ul>","protected":false},"excerpt":{"rendered":"<p>63% Poli\u00e9ster, 34% Algod\u00f3n, 3% Elast\u00e1nDisponible en talla de ni\u00f1o: 627.<\/p>","protected":false},"featured_media":415153,"comment_status":"open","ping_status":"closed","template":"","meta":{"_acf_changed":false},"product_brand":[11678],"product_cat":[13948,13954],"product_tag":[14009],"class_list":{"0":"post-377247","1":"product","2":"type-product","3":"status-publish","4":"has-post-thumbnail","6":"product_brand-flexfit","7":"product_cat-accesorios","8":"product_cat-acc-bolsas-y-mochilas","9":"product_tag-top-ventas","10":"tm-no-options","12":"first","13":"instock","14":"taxable","15":"shipping-taxable","16":"product-type-variable"},"acf":[],"_links":{"self":[{"href":"https:\/\/grupotextil.es\/en\/wp-json\/wp\/v2\/product\/377247","targetHints":{"allow":["GET"]}}],"collection":[{"href":"https:\/\/grupotextil.es\/en\/wp-json\/wp\/v2\/product"}],"about":[{"href":"https:\/\/grupotextil.es\/en\/wp-json\/wp\/v2\/types\/product"}],"replies":[{"embeddable":true,"href":"https:\/\/grupotextil.es\/en\/wp-json\/wp\/v2\/comments?post=377247"}],"wp:featuredmedia":[{"embeddable":true,"href":"https:\/\/grupotextil.es\/en\/wp-json\/wp\/v2\/media\/415153"}],"wp:attachment":[{"href":"https:\/\/grupotextil.es\/en\/wp-json\/wp\/v2\/media?parent=377247"}],"wp:term":[{"taxonomy":"product_brand","embeddable":true,"href":"https:\/\/grupotextil.es\/en\/wp-json\/wp\/v2\/product_brand?post=377247"},{"taxonomy":"product_cat","embeddable":true,"href":"https:\/\/grupotextil.es\/en\/wp-json\/wp\/v2\/product_cat?post=377247"},{"taxonomy":"product_tag","embeddable":true,"href":"https:\/\/grupotextil.es\/en\/wp-json\/wp\/v2\/product_tag?post=377247"}],"curies":[{"name":"wp","href":"https:\/\/api.w.org\/{rel}","templated":true}]}}

<ul>
<li>63% Poliéster, 34% Algodón, 3% Elastán</li>
<li>Disponible en talla de niño: 627.68</li>
<li>Aspecto y tacto de lana</li>
<li>6 paneles</li>
<li>Forma atlética de perfil medio</li>
<li>Tejido bucaram rígido</li>
<li>Visera con 8 filas de pespuntes</li>
<li>Visera inferior en color plata (exceptuando modelo Black/Black, que es negra)</li>
<li>Visera precurvada</li>
</ul>

<p>63% Poliéster, 34% Algodón, 3% ElastánDisponible en talla de niño: 627.</p>
