{"id":377441,"date":"2026-03-08T03:18:01","date_gmt":"2026-03-08T02:18:01","guid":{"rendered":"https:\/\/grupotextil.es\/producto\/gorra-promo-sport-7-paneles\/"},"modified":"2026-03-08T03:18:01","modified_gmt":"2026-03-08T02:18:01","slug":"gorra-promo-sport-7-paneles","status":"publish","type":"product","link":"https:\/\/grupotextil.es\/en\/product\/gorra-promo-sport-7-paneles\/","title":{"rendered":"Cap Promo Sport 7 Panel"},"content":{"rendered":"<ul>\n<li>190 g\/m\u00b2<\/li>\n<li>100% algod\u00f3n<\/li>\n<li>Panel frontal reforzado sin consturas<\/li>\n<li>7 paneles<\/li>\n<li>Costuras dobles, cierre de presi\u00f3n ajustable<\/li>\n<li>Apropiada para serigraf\u00eda y bordado<\/li>\n<\/ul>","protected":false},"excerpt":{"rendered":"<p>190 g\/m\u00b2100% algod\u00f3nPanel frontal reforzado sin consturas7 panelesCosturas dobles, cierre de presi\u00f3n ajustableApropiada para serigraf\u00eda y bordado<\/p>","protected":false},"featured_media":415241,"comment_status":"open","ping_status":"closed","template":"","meta":{"_acf_changed":false},"product_brand":[11659],"product_cat":[13948,13954],"product_tag":[],"class_list":{"0":"post-377441","1":"product","2":"type-product","3":"status-publish","4":"has-post-thumbnail","6":"product_brand-result-caps","7":"product_cat-accesorios","8":"product_cat-acc-bolsas-y-mochilas","9":"tm-no-options","11":"first","12":"instock","13":"taxable","14":"shipping-taxable","15":"product-type-variable"},"acf":[],"_links":{"self":[{"href":"https:\/\/grupotextil.es\/en\/wp-json\/wp\/v2\/product\/377441","targetHints":{"allow":["GET"]}}],"collection":[{"href":"https:\/\/grupotextil.es\/en\/wp-json\/wp\/v2\/product"}],"about":[{"href":"https:\/\/grupotextil.es\/en\/wp-json\/wp\/v2\/types\/product"}],"replies":[{"embeddable":true,"href":"https:\/\/grupotextil.es\/en\/wp-json\/wp\/v2\/comments?post=377441"}],"wp:featuredmedia":[{"embeddable":true,"href":"https:\/\/grupotextil.es\/en\/wp-json\/wp\/v2\/media\/415241"}],"wp:attachment":[{"href":"https:\/\/grupotextil.es\/en\/wp-json\/wp\/v2\/media?parent=377441"}],"wp:term":[{"taxonomy":"product_brand","embeddable":true,"href":"https:\/\/grupotextil.es\/en\/wp-json\/wp\/v2\/product_brand?post=377441"},{"taxonomy":"product_cat","embeddable":true,"href":"https:\/\/grupotextil.es\/en\/wp-json\/wp\/v2\/product_cat?post=377441"},{"taxonomy":"product_tag","embeddable":true,"href":"https:\/\/grupotextil.es\/en\/wp-json\/wp\/v2\/product_tag?post=377441"}],"curies":[{"name":"wp","href":"https:\/\/api.w.org\/{rel}","templated":true}]}}

<ul>
<li>190 g/m²</li>
<li>100% algodón</li>
<li>Panel frontal reforzado sin consturas</li>
<li>7 paneles</li>
<li>Costuras dobles, cierre de presión ajustable</li>
<li>Apropiada para serigrafía y bordado</li>
</ul>

<p>190 g/m²100% algodónPanel frontal reforzado sin consturas7 panelesCosturas dobles, cierre de presión ajustableApropiada para serigrafía y bordado</p>
