{"id":377509,"date":"2026-03-08T03:18:07","date_gmt":"2026-03-08T02:18:07","guid":{"rendered":"https:\/\/grupotextil.es\/producto\/gorra-con-rejilla-a-2-colores\/"},"modified":"2026-03-08T03:18:07","modified_gmt":"2026-03-08T02:18:07","slug":"gorra-con-rejilla-a-2-colores","status":"publish","type":"product","link":"https:\/\/grupotextil.es\/en\/product\/gorra-con-rejilla-a-2-colores\/","title":{"rendered":"Cap Mesh a 2 colores"},"content":{"rendered":"<ul>\n<li>55% poli\u00e9ster, 43% algod\u00f3n, 2% elast\u00e1n<\/li>\n<li>Dise\u00f1o c\u00f3modo<\/li>\n<li>Lateral y parte trasera en rejilla de poli\u00e9ster\/elast\u00e1n<\/li>\n<li>Tejido buckram<\/li>\n<li>Visera con 8 filas de pespuntes<\/li>\n<li>Parte inferior de la visera en plata<\/li>\n<li>Visera precurvada<\/li>\n<\/ul>","protected":false},"excerpt":{"rendered":"<p>55% poli\u00e9ster, 43% algod\u00f3n, 2% elast\u00e1nDise\u00f1o c\u00f3modoLateral y parte trasera en rejilla de poli\u00e9ster\/elast\u00e1nTejido buckramVisera con 8 filas de pespuntesParte inferior de la visera en plataVisera precur<\/p>","protected":false},"featured_media":415329,"comment_status":"open","ping_status":"closed","template":"","meta":{"_acf_changed":false},"product_brand":[11678],"product_cat":[13948,13954],"product_tag":[],"class_list":{"0":"post-377509","1":"product","2":"type-product","3":"status-publish","4":"has-post-thumbnail","6":"product_brand-flexfit","7":"product_cat-accesorios","8":"product_cat-acc-bolsas-y-mochilas","9":"tm-no-options","11":"first","12":"instock","13":"taxable","14":"shipping-taxable","15":"product-type-variable"},"acf":[],"_links":{"self":[{"href":"https:\/\/grupotextil.es\/en\/wp-json\/wp\/v2\/product\/377509","targetHints":{"allow":["GET"]}}],"collection":[{"href":"https:\/\/grupotextil.es\/en\/wp-json\/wp\/v2\/product"}],"about":[{"href":"https:\/\/grupotextil.es\/en\/wp-json\/wp\/v2\/types\/product"}],"replies":[{"embeddable":true,"href":"https:\/\/grupotextil.es\/en\/wp-json\/wp\/v2\/comments?post=377509"}],"wp:featuredmedia":[{"embeddable":true,"href":"https:\/\/grupotextil.es\/en\/wp-json\/wp\/v2\/media\/415329"}],"wp:attachment":[{"href":"https:\/\/grupotextil.es\/en\/wp-json\/wp\/v2\/media?parent=377509"}],"wp:term":[{"taxonomy":"product_brand","embeddable":true,"href":"https:\/\/grupotextil.es\/en\/wp-json\/wp\/v2\/product_brand?post=377509"},{"taxonomy":"product_cat","embeddable":true,"href":"https:\/\/grupotextil.es\/en\/wp-json\/wp\/v2\/product_cat?post=377509"},{"taxonomy":"product_tag","embeddable":true,"href":"https:\/\/grupotextil.es\/en\/wp-json\/wp\/v2\/product_tag?post=377509"}],"curies":[{"name":"wp","href":"https:\/\/api.w.org\/{rel}","templated":true}]}}

<ul>
<li>55% poliéster, 43% algodón, 2% elastán</li>
<li>Diseño cómodo</li>
<li>Lateral y parte trasera en rejilla de poliéster/elastán</li>
<li>Tejido buckram</li>
<li>Visera con 8 filas de pespuntes</li>
<li>Parte inferior de la visera en plata</li>
<li>Visera precurvada</li>
</ul>

<p>55% poliéster, 43% algodón, 2% elastánDiseño cómodoLateral y parte trasera en rejilla de poliéster/elastánTejido buckramVisera con 8 filas de pespuntesParte inferior de la visera en plataVisera precur</p>
