{"id":377623,"date":"2026-03-08T03:18:20","date_gmt":"2026-03-08T02:18:20","guid":{"rendered":"https:\/\/grupotextil.es\/producto\/mochila-premium-recycled-roll-top\/"},"modified":"2026-03-08T03:18:20","modified_gmt":"2026-03-08T02:18:20","slug":"mochila-premium-recycled-roll-top","status":"publish","type":"product","link":"https:\/\/grupotextil.es\/en\/product\/mochila-premium-recycled-roll-top\/","title":{"rendered":"Mochila Premium reciclado Roll Top"},"content":{"rendered":"<ul>\n<li>230 g\/m\u00b2<\/li>\n<li>100 % poli\u00e9ster 600D (reciclado)<\/li>\n<li>Totalmente forrado con poli\u00e9ster 210D 100 % reciclado<\/li>\n<li>Contiene 100% poli\u00e9ster reciclado certificado por GRS, certificado por Control Union CU811033; Libre de PVC<\/li>\n<li>Compartimento principal con cremallera<\/li>\n<li>Bolsillo frontal con cremallera<\/li>\n<li>Bolsillo trasero con cremallera<\/li>\n<li>Bolsillos laterales<\/li>\n<li>Panel trasero acolchado<\/li>\n<li>Correas de hombro ajustables y acolchadas<\/li>\n<li>Asa de mano<\/li>\n<li>Etiqueta extra\u00edble para facilitar el cambio de marca<\/li>\n<li>Medidas: 28 x 45 x 14 cm<\/li>\n<\/ul>","protected":false},"excerpt":{"rendered":"<p>230 g\/m\u00b2100 % poli\u00e9ster 600D (reciclado)Totalmente forrado con poli\u00e9ster 210D 100 % recicladoContiene 100% poli\u00e9ster reciclado certificado por GRS, certificado por Control Union CU811033; Libre de PVC<\/p>","protected":false},"featured_media":415515,"comment_status":"open","ping_status":"closed","template":"","meta":{"_acf_changed":false},"product_brand":[11668],"product_cat":[13948,13954],"product_tag":[],"class_list":{"0":"post-377623","1":"product","2":"type-product","3":"status-publish","4":"has-post-thumbnail","6":"product_brand-bag-base","7":"product_cat-accesorios","8":"product_cat-acc-bolsas-y-mochilas","9":"tm-no-options","11":"first","12":"instock","13":"taxable","14":"shipping-taxable","15":"product-type-variable"},"acf":[],"_links":{"self":[{"href":"https:\/\/grupotextil.es\/en\/wp-json\/wp\/v2\/product\/377623","targetHints":{"allow":["GET"]}}],"collection":[{"href":"https:\/\/grupotextil.es\/en\/wp-json\/wp\/v2\/product"}],"about":[{"href":"https:\/\/grupotextil.es\/en\/wp-json\/wp\/v2\/types\/product"}],"replies":[{"embeddable":true,"href":"https:\/\/grupotextil.es\/en\/wp-json\/wp\/v2\/comments?post=377623"}],"wp:featuredmedia":[{"embeddable":true,"href":"https:\/\/grupotextil.es\/en\/wp-json\/wp\/v2\/media\/415515"}],"wp:attachment":[{"href":"https:\/\/grupotextil.es\/en\/wp-json\/wp\/v2\/media?parent=377623"}],"wp:term":[{"taxonomy":"product_brand","embeddable":true,"href":"https:\/\/grupotextil.es\/en\/wp-json\/wp\/v2\/product_brand?post=377623"},{"taxonomy":"product_cat","embeddable":true,"href":"https:\/\/grupotextil.es\/en\/wp-json\/wp\/v2\/product_cat?post=377623"},{"taxonomy":"product_tag","embeddable":true,"href":"https:\/\/grupotextil.es\/en\/wp-json\/wp\/v2\/product_tag?post=377623"}],"curies":[{"name":"wp","href":"https:\/\/api.w.org\/{rel}","templated":true}]}}

<ul>
<li>230 g/m²</li>
<li>100 % poliéster 600D (reciclado)</li>
<li>Totalmente forrado con poliéster 210D 100 % reciclado</li>
<li>Contiene 100% poliéster reciclado certificado por GRS, certificado por Control Union CU811033; Libre de PVC</li>
<li>Compartimento principal con cremallera</li>
<li>Bolsillo frontal con cremallera</li>
<li>Bolsillo trasero con cremallera</li>
<li>Bolsillos laterales</li>
<li>Panel trasero acolchado</li>
<li>Correas de hombro ajustables y acolchadas</li>
<li>Asa de mano</li>
<li>Etiqueta extraíble para facilitar el cambio de marca</li>
<li>Medidas: 28 x 45 x 14 cm</li>
</ul>

<p>230 g/m²100 % poliéster 600D (reciclado)Totalmente forrado con poliéster 210D 100 % recicladoContiene 100% poliéster reciclado certificado por GRS, certificado por Control Union CU811033; Libre de PVC</p>
