{"id":378367,"date":"2026-03-08T03:19:47","date_gmt":"2026-03-08T02:19:47","guid":{"rendered":"https:\/\/grupotextil.es\/producto\/gorra-vintage-junior\/"},"modified":"2026-03-08T03:19:47","modified_gmt":"2026-03-08T02:19:47","slug":"gorra-vintage-junior","status":"publish","type":"product","link":"https:\/\/grupotextil.es\/en\/product\/gorra-vintage-junior\/","title":{"rendered":"Cap Vintage junior"},"content":{"rendered":"<ul>\n<li>Panel frontal y visera: 100% poli\u00e9ster<\/li>\n<li>Paneles traseros de malla: 100% poli\u00e9ster<\/li>\n<li>5 paneles<\/li>\n<li>Panel frontal acolchado sin costura<\/li>\n<li>Visera acolchada con 6 filas de pespuntes<\/li>\n<li>Cierre ajustable de pl\u00e1stico con corchete<\/li>\n<li>Perfecto para impresi\u00f3n y bordado<\/li>\n<\/ul>","protected":false},"excerpt":{"rendered":"<p>Panel frontal y visera: 100% poli\u00e9sterPaneles traseros de malla: 100% poli\u00e9ster5 panelesPanel frontal acolchado sin costuraVisera acolchada con 6 filas de pespuntesCierre ajustable de pl\u00e1stico con cor<\/p>","protected":false},"featured_media":416784,"comment_status":"open","ping_status":"closed","template":"","meta":{"_acf_changed":false},"product_brand":[11655],"product_cat":[13948,13954],"product_tag":[],"class_list":{"0":"post-378367","1":"product","2":"type-product","3":"status-publish","4":"has-post-thumbnail","6":"product_brand-beechfield","7":"product_cat-accesorios","8":"product_cat-acc-bolsas-y-mochilas","9":"tm-no-options","11":"first","12":"instock","13":"taxable","14":"shipping-taxable","15":"product-type-variable"},"acf":[],"_links":{"self":[{"href":"https:\/\/grupotextil.es\/en\/wp-json\/wp\/v2\/product\/378367","targetHints":{"allow":["GET"]}}],"collection":[{"href":"https:\/\/grupotextil.es\/en\/wp-json\/wp\/v2\/product"}],"about":[{"href":"https:\/\/grupotextil.es\/en\/wp-json\/wp\/v2\/types\/product"}],"replies":[{"embeddable":true,"href":"https:\/\/grupotextil.es\/en\/wp-json\/wp\/v2\/comments?post=378367"}],"wp:featuredmedia":[{"embeddable":true,"href":"https:\/\/grupotextil.es\/en\/wp-json\/wp\/v2\/media\/416784"}],"wp:attachment":[{"href":"https:\/\/grupotextil.es\/en\/wp-json\/wp\/v2\/media?parent=378367"}],"wp:term":[{"taxonomy":"product_brand","embeddable":true,"href":"https:\/\/grupotextil.es\/en\/wp-json\/wp\/v2\/product_brand?post=378367"},{"taxonomy":"product_cat","embeddable":true,"href":"https:\/\/grupotextil.es\/en\/wp-json\/wp\/v2\/product_cat?post=378367"},{"taxonomy":"product_tag","embeddable":true,"href":"https:\/\/grupotextil.es\/en\/wp-json\/wp\/v2\/product_tag?post=378367"}],"curies":[{"name":"wp","href":"https:\/\/api.w.org\/{rel}","templated":true}]}}

<ul>
<li>Panel frontal y visera: 100% poliéster</li>
<li>Paneles traseros de malla: 100% poliéster</li>
<li>5 paneles</li>
<li>Panel frontal acolchado sin costura</li>
<li>Visera acolchada con 6 filas de pespuntes</li>
<li>Cierre ajustable de plástico con corchete</li>
<li>Perfecto para impresión y bordado</li>
</ul>

<p>Panel frontal y visera: 100% poliésterPaneles traseros de malla: 100% poliéster5 panelesPanel frontal acolchado sin costuraVisera acolchada con 6 filas de pespuntesCierre ajustable de plástico con cor</p>
