{"id":378488,"date":"2026-03-08T03:19:59","date_gmt":"2026-03-08T02:19:59","guid":{"rendered":"https:\/\/grupotextil.es\/producto\/morf-visibilidad\/"},"modified":"2026-03-08T03:19:59","modified_gmt":"2026-03-08T02:19:59","slug":"morf-visibilidad","status":"publish","type":"product","link":"https:\/\/grupotextil.es\/en\/product\/morf-visibilidad\/","title":{"rendered":"Morf\u2122 visibilidad"},"content":{"rendered":"<ul>\n<li>100% poli\u00e9ster (microfibra)<\/li>\n<li>Multiusos<\/li>\n<li>Sin costura para m\u00e1s comodidad<\/li>\n<li>Transpirable<\/li>\n<li>Rayas reflectantes<\/li>\n<li>Lavado a m\u00e1quina, no necesita planchado<\/li>\n<\/ul>","protected":false},"excerpt":{"rendered":"<p>100% poli\u00e9ster (microfibra)MultiusosSin costura para m\u00e1s comodidadTranspirableRayas reflectantesLavado a m\u00e1quina, no necesita planchado<\/p>","protected":false},"featured_media":416999,"comment_status":"open","ping_status":"closed","template":"","meta":{"_acf_changed":false},"product_brand":[11655],"product_cat":[13948,13954],"product_tag":[],"class_list":{"0":"post-378488","1":"product","2":"type-product","3":"status-publish","4":"has-post-thumbnail","6":"product_brand-beechfield","7":"product_cat-accesorios","8":"product_cat-acc-bolsas-y-mochilas","9":"tm-no-options","11":"first","12":"instock","13":"taxable","14":"shipping-taxable","15":"product-type-variable"},"acf":[],"_links":{"self":[{"href":"https:\/\/grupotextil.es\/en\/wp-json\/wp\/v2\/product\/378488","targetHints":{"allow":["GET"]}}],"collection":[{"href":"https:\/\/grupotextil.es\/en\/wp-json\/wp\/v2\/product"}],"about":[{"href":"https:\/\/grupotextil.es\/en\/wp-json\/wp\/v2\/types\/product"}],"replies":[{"embeddable":true,"href":"https:\/\/grupotextil.es\/en\/wp-json\/wp\/v2\/comments?post=378488"}],"wp:featuredmedia":[{"embeddable":true,"href":"https:\/\/grupotextil.es\/en\/wp-json\/wp\/v2\/media\/416999"}],"wp:attachment":[{"href":"https:\/\/grupotextil.es\/en\/wp-json\/wp\/v2\/media?parent=378488"}],"wp:term":[{"taxonomy":"product_brand","embeddable":true,"href":"https:\/\/grupotextil.es\/en\/wp-json\/wp\/v2\/product_brand?post=378488"},{"taxonomy":"product_cat","embeddable":true,"href":"https:\/\/grupotextil.es\/en\/wp-json\/wp\/v2\/product_cat?post=378488"},{"taxonomy":"product_tag","embeddable":true,"href":"https:\/\/grupotextil.es\/en\/wp-json\/wp\/v2\/product_tag?post=378488"}],"curies":[{"name":"wp","href":"https:\/\/api.w.org\/{rel}","templated":true}]}}

<ul>
<li>100% poliéster (microfibra)</li>
<li>Multiusos</li>
<li>Sin costura para más comodidad</li>
<li>Transpirable</li>
<li>Rayas reflectantes</li>
<li>Lavado a máquina, no necesita planchado</li>
</ul>

<p>100% poliéster (microfibra)MultiusosSin costura para más comodidadTranspirableRayas reflectantesLavado a máquina, no necesita planchado</p>
