{"id":378543,"date":"2026-03-08T03:20:02","date_gmt":"2026-03-08T02:20:02","guid":{"rendered":"https:\/\/grupotextil.es\/producto\/gorra-flexfit-nu\/"},"modified":"2026-03-08T03:20:02","modified_gmt":"2026-03-08T02:20:02","slug":"gorra-flexfit-nu","status":"publish","type":"product","link":"https:\/\/grupotextil.es\/en\/product\/gorra-flexfit-nu\/","title":{"rendered":"Cap Flexfit NU\u00ae"},"content":{"rendered":"<ul>\n<li>77% Poli\u00e9ster, 20% Viscosa, 3% Elast\u00e1n<\/li>\n<li>T\u00e9cnica de panel frontal Tri-Layer para una mejor decoraci\u00f3n frontal<\/li>\n<li>Cinta sellada con costuras para una superficie m\u00e1s lisa<\/li>\n<li>Tejido Buckram<\/li>\n<li>Visera con 8 filas de pespuntes<\/li>\n<li>Parte inferior de la visera del mismo color<\/li>\n<li>Cierre posterior ajustado el\u00e1stico<\/li>\n<\/ul>","protected":false},"excerpt":{"rendered":"<p>77% Poli\u00e9ster, 20% Viscosa, 3% Elast\u00e1nT\u00e9cnica de panel frontal Tri-Layer para una mejor decoraci\u00f3n frontalCinta sellada con costuras para una superficie m\u00e1s lisaTejido BuckramVisera con 8 filas de pes<\/p>","protected":false},"featured_media":417098,"comment_status":"open","ping_status":"closed","template":"","meta":{"_acf_changed":false},"product_brand":[11678],"product_cat":[13948,13954],"product_tag":[],"class_list":{"0":"post-378543","1":"product","2":"type-product","3":"status-publish","4":"has-post-thumbnail","6":"product_brand-flexfit","7":"product_cat-accesorios","8":"product_cat-acc-bolsas-y-mochilas","9":"tm-no-options","11":"first","12":"instock","13":"taxable","14":"shipping-taxable","15":"product-type-variable"},"acf":[],"_links":{"self":[{"href":"https:\/\/grupotextil.es\/en\/wp-json\/wp\/v2\/product\/378543","targetHints":{"allow":["GET"]}}],"collection":[{"href":"https:\/\/grupotextil.es\/en\/wp-json\/wp\/v2\/product"}],"about":[{"href":"https:\/\/grupotextil.es\/en\/wp-json\/wp\/v2\/types\/product"}],"replies":[{"embeddable":true,"href":"https:\/\/grupotextil.es\/en\/wp-json\/wp\/v2\/comments?post=378543"}],"wp:featuredmedia":[{"embeddable":true,"href":"https:\/\/grupotextil.es\/en\/wp-json\/wp\/v2\/media\/417098"}],"wp:attachment":[{"href":"https:\/\/grupotextil.es\/en\/wp-json\/wp\/v2\/media?parent=378543"}],"wp:term":[{"taxonomy":"product_brand","embeddable":true,"href":"https:\/\/grupotextil.es\/en\/wp-json\/wp\/v2\/product_brand?post=378543"},{"taxonomy":"product_cat","embeddable":true,"href":"https:\/\/grupotextil.es\/en\/wp-json\/wp\/v2\/product_cat?post=378543"},{"taxonomy":"product_tag","embeddable":true,"href":"https:\/\/grupotextil.es\/en\/wp-json\/wp\/v2\/product_tag?post=378543"}],"curies":[{"name":"wp","href":"https:\/\/api.w.org\/{rel}","templated":true}]}}

<ul>
<li>77% Poliéster, 20% Viscosa, 3% Elastán</li>
<li>Técnica de panel frontal Tri-Layer para una mejor decoración frontal</li>
<li>Cinta sellada con costuras para una superficie más lisa</li>
<li>Tejido Buckram</li>
<li>Visera con 8 filas de pespuntes</li>
<li>Parte inferior de la visera del mismo color</li>
<li>Cierre posterior ajustado elástico</li>
</ul>

<p>77% Poliéster, 20% Viscosa, 3% ElastánTécnica de panel frontal Tri-Layer para una mejor decoración frontalCinta sellada con costuras para una superficie más lisaTejido BuckramVisera con 8 filas de pes</p>
