{"id":378617,"date":"2026-03-08T03:20:06","date_gmt":"2026-03-08T02:20:06","guid":{"rendered":"https:\/\/grupotextil.es\/producto\/gorro-snowstar-fair-isle\/"},"modified":"2026-03-08T03:20:06","modified_gmt":"2026-03-08T02:20:06","slug":"gorro-snowstar-fair-isle","status":"publish","type":"product","link":"https:\/\/grupotextil.es\/en\/product\/gorro-snowstar-fair-isle\/","title":{"rendered":"Beanie Snowstar\u00ae Fair Isle"},"content":{"rendered":"<ul>\n<li>100% acr\u00edlico (soft-spun)<\/li>\n<li>Patr\u00f3n Timeless Fair Isle<\/li>\n<li>Estilo cl\u00e1sico<\/li>\n<li>Dise\u00f1o doblado para una decoraci\u00f3n \u00f3ptima<\/li>\n<\/ul>","protected":false},"excerpt":{"rendered":"<p>100% acr\u00edlico (soft-spun)Patr\u00f3n Timeless Fair IsleEstilo cl\u00e1sicoDise\u00f1o doblado para una decoraci\u00f3n \u00f3ptima<\/p>","protected":false},"featured_media":417228,"comment_status":"open","ping_status":"closed","template":"","meta":{"_acf_changed":false},"product_brand":[11655],"product_cat":[13948,13977,13986,13950,13974,13975,13973],"product_tag":[],"class_list":{"0":"post-378617","1":"product","2":"type-product","3":"status-publish","4":"has-post-thumbnail","6":"product_brand-beechfield","7":"product_cat-accesorios","8":"product_cat-h-camisetas-manga-corta","9":"product_cat-m-camisetas-manga-corta","10":"product_cat-gorros-y-beanies","11":"product_cat-ropa-hombre","12":"product_cat-ropa-mujer","13":"product_cat-ropa","14":"tm-no-options","16":"first","17":"instock","18":"taxable","19":"shipping-taxable","20":"product-type-variable"},"acf":[],"_links":{"self":[{"href":"https:\/\/grupotextil.es\/en\/wp-json\/wp\/v2\/product\/378617","targetHints":{"allow":["GET"]}}],"collection":[{"href":"https:\/\/grupotextil.es\/en\/wp-json\/wp\/v2\/product"}],"about":[{"href":"https:\/\/grupotextil.es\/en\/wp-json\/wp\/v2\/types\/product"}],"replies":[{"embeddable":true,"href":"https:\/\/grupotextil.es\/en\/wp-json\/wp\/v2\/comments?post=378617"}],"wp:featuredmedia":[{"embeddable":true,"href":"https:\/\/grupotextil.es\/en\/wp-json\/wp\/v2\/media\/417228"}],"wp:attachment":[{"href":"https:\/\/grupotextil.es\/en\/wp-json\/wp\/v2\/media?parent=378617"}],"wp:term":[{"taxonomy":"product_brand","embeddable":true,"href":"https:\/\/grupotextil.es\/en\/wp-json\/wp\/v2\/product_brand?post=378617"},{"taxonomy":"product_cat","embeddable":true,"href":"https:\/\/grupotextil.es\/en\/wp-json\/wp\/v2\/product_cat?post=378617"},{"taxonomy":"product_tag","embeddable":true,"href":"https:\/\/grupotextil.es\/en\/wp-json\/wp\/v2\/product_tag?post=378617"}],"curies":[{"name":"wp","href":"https:\/\/api.w.org\/{rel}","templated":true}]}}

<ul>
<li>100% acrílico (soft-spun)</li>
<li>Patrón Timeless Fair Isle</li>
<li>Estilo clásico</li>
<li>Diseño doblado para una decoración óptima</li>
</ul>

<p>100% acrílico (soft-spun)Patrón Timeless Fair IsleEstilo clásicoDiseño doblado para una decoración óptima</p>
