{"id":378767,"date":"2026-03-08T03:20:22","date_gmt":"2026-03-08T02:20:22","guid":{"rendered":"https:\/\/grupotextil.es\/producto\/gorra-canvas-5-paneles\/"},"modified":"2026-03-08T03:20:22","modified_gmt":"2026-03-08T02:20:22","slug":"gorra-canvas-5-paneles","status":"publish","type":"product","link":"https:\/\/grupotextil.es\/en\/product\/gorra-canvas-5-paneles\/","title":{"rendered":"Cap Canvas 5 Panel"},"content":{"rendered":"<ul>\n<li>100% algod\u00f3n (lona)<\/li>\n<li>Visera con 6 filas de pespuntes<\/li>\n<li>Ojales de metal<\/li>\n<li>Etiqueta extra\u00edble para f\u00e1cil re-etiquetado<\/li>\n<li>Cierre trasero ajustable<\/li>\n<\/ul>","protected":false},"excerpt":{"rendered":"<p>100% algod\u00f3n (lona)Visera con 6 filas de pespuntesOjales de metalEtiqueta extra\u00edble para f\u00e1cil re-etiquetadoCierre trasero ajustable<\/p>","protected":false},"featured_media":417628,"comment_status":"open","ping_status":"closed","template":"","meta":{"_acf_changed":false},"product_brand":[11655],"product_cat":[13948],"product_tag":[],"class_list":{"0":"post-378767","1":"product","2":"type-product","3":"status-publish","4":"has-post-thumbnail","6":"product_brand-beechfield","7":"product_cat-accesorios","8":"tm-no-options","10":"first","11":"instock","12":"taxable","13":"shipping-taxable","14":"product-type-variable"},"acf":[],"_links":{"self":[{"href":"https:\/\/grupotextil.es\/en\/wp-json\/wp\/v2\/product\/378767","targetHints":{"allow":["GET"]}}],"collection":[{"href":"https:\/\/grupotextil.es\/en\/wp-json\/wp\/v2\/product"}],"about":[{"href":"https:\/\/grupotextil.es\/en\/wp-json\/wp\/v2\/types\/product"}],"replies":[{"embeddable":true,"href":"https:\/\/grupotextil.es\/en\/wp-json\/wp\/v2\/comments?post=378767"}],"wp:featuredmedia":[{"embeddable":true,"href":"https:\/\/grupotextil.es\/en\/wp-json\/wp\/v2\/media\/417628"}],"wp:attachment":[{"href":"https:\/\/grupotextil.es\/en\/wp-json\/wp\/v2\/media?parent=378767"}],"wp:term":[{"taxonomy":"product_brand","embeddable":true,"href":"https:\/\/grupotextil.es\/en\/wp-json\/wp\/v2\/product_brand?post=378767"},{"taxonomy":"product_cat","embeddable":true,"href":"https:\/\/grupotextil.es\/en\/wp-json\/wp\/v2\/product_cat?post=378767"},{"taxonomy":"product_tag","embeddable":true,"href":"https:\/\/grupotextil.es\/en\/wp-json\/wp\/v2\/product_tag?post=378767"}],"curies":[{"name":"wp","href":"https:\/\/api.w.org\/{rel}","templated":true}]}}

<ul>
<li>100% algodón (lona)</li>
<li>Visera con 6 filas de pespuntes</li>
<li>Ojales de metal</li>
<li>Etiqueta extraíble para fácil re-etiquetado</li>
<li>Cierre trasero ajustable</li>
</ul>

<p>100% algodón (lona)Visera con 6 filas de pespuntesOjales de metalEtiqueta extraíble para fácil re-etiquetadoCierre trasero ajustable</p>
