{"id":378807,"date":"2026-03-08T03:20:24","date_gmt":"2026-03-08T02:20:24","guid":{"rendered":"https:\/\/grupotextil.es\/producto\/gorra-snapback-5-paneles-2\/"},"modified":"2026-03-08T03:20:24","modified_gmt":"2026-03-08T02:20:24","slug":"gorra-snapback-5-paneles-2","status":"publish","type":"product","link":"https:\/\/grupotextil.es\/en\/product\/gorra-snapback-5-paneles-2\/","title":{"rendered":"Cap Snapback 5 Panel"},"content":{"rendered":"<ul>\n<li>100% algod\u00f3n<\/li>\n<li>Detalles en contraste<\/li>\n<li>Visera plana<\/li>\n<li>Pegatina en la visera<\/li>\n<li>Etiqueta extra\u00edble para f\u00e1cil re-etiquetado<\/li>\n<li>Cierre ajustable estilo retro<\/li>\n<\/ul>","protected":false},"excerpt":{"rendered":"<p>100% algod\u00f3nDetalles en contrasteVisera planaPegatina en la viseraEtiqueta extra\u00edble para f\u00e1cil re-etiquetadoCierre ajustable estilo retro<\/p>","protected":false},"featured_media":417691,"comment_status":"open","ping_status":"closed","template":"","meta":{"_acf_changed":false},"product_brand":[11655],"product_cat":[13948,13950],"product_tag":[],"class_list":{"0":"post-378807","1":"product","2":"type-product","3":"status-publish","4":"has-post-thumbnail","6":"product_brand-beechfield","7":"product_cat-accesorios","8":"product_cat-gorros-y-beanies","9":"tm-no-options","11":"first","12":"instock","13":"taxable","14":"shipping-taxable","15":"product-type-variable"},"acf":[],"_links":{"self":[{"href":"https:\/\/grupotextil.es\/en\/wp-json\/wp\/v2\/product\/378807","targetHints":{"allow":["GET"]}}],"collection":[{"href":"https:\/\/grupotextil.es\/en\/wp-json\/wp\/v2\/product"}],"about":[{"href":"https:\/\/grupotextil.es\/en\/wp-json\/wp\/v2\/types\/product"}],"replies":[{"embeddable":true,"href":"https:\/\/grupotextil.es\/en\/wp-json\/wp\/v2\/comments?post=378807"}],"wp:featuredmedia":[{"embeddable":true,"href":"https:\/\/grupotextil.es\/en\/wp-json\/wp\/v2\/media\/417691"}],"wp:attachment":[{"href":"https:\/\/grupotextil.es\/en\/wp-json\/wp\/v2\/media?parent=378807"}],"wp:term":[{"taxonomy":"product_brand","embeddable":true,"href":"https:\/\/grupotextil.es\/en\/wp-json\/wp\/v2\/product_brand?post=378807"},{"taxonomy":"product_cat","embeddable":true,"href":"https:\/\/grupotextil.es\/en\/wp-json\/wp\/v2\/product_cat?post=378807"},{"taxonomy":"product_tag","embeddable":true,"href":"https:\/\/grupotextil.es\/en\/wp-json\/wp\/v2\/product_tag?post=378807"}],"curies":[{"name":"wp","href":"https:\/\/api.w.org\/{rel}","templated":true}]}}

<ul>
<li>100% algodón</li>
<li>Detalles en contraste</li>
<li>Visera plana</li>
<li>Pegatina en la visera</li>
<li>Etiqueta extraíble para fácil re-etiquetado</li>
<li>Cierre ajustable estilo retro</li>
</ul>

<p>100% algodónDetalles en contrasteVisera planaPegatina en la viseraEtiqueta extraíble para fácil re-etiquetadoCierre ajustable estilo retro</p>
