{"id":378940,"date":"2026-03-08T03:20:34","date_gmt":"2026-03-08T02:20:34","guid":{"rendered":"https:\/\/grupotextil.es\/producto\/gorra-plegable-legionario\/"},"modified":"2026-03-08T03:20:34","modified_gmt":"2026-03-08T02:20:34","slug":"gorra-plegable-legionario","status":"publish","type":"product","link":"https:\/\/grupotextil.es\/en\/product\/gorra-plegable-legionario\/","title":{"rendered":"Cap plegable Legionario"},"content":{"rendered":"<ul>\n<li>225 g\/m\u00b2<\/li>\n<li>100% algod\u00f3n<\/li>\n<li>Visera plegable en 3 partes<\/li>\n<li>Dos ojales a cada lado<\/li>\n<li>Ajustador el\u00e1stico<\/li>\n<li>Parte trasera larga para proteger el cuello<\/li>\n<li>Talla \u00fanica<\/li>\n<\/ul>","protected":false},"excerpt":{"rendered":"<p>225 g\/m\u00b2100% algod\u00f3nVisera plegable en 3 partesDos ojales a cada ladoAjustador el\u00e1sticoParte trasera larga para proteger el cuelloTalla \u00fanica<\/p>","protected":false},"featured_media":418035,"comment_status":"open","ping_status":"closed","template":"","meta":{"_acf_changed":false},"product_brand":[11659],"product_cat":[13948],"product_tag":[],"class_list":{"0":"post-378940","1":"product","2":"type-product","3":"status-publish","4":"has-post-thumbnail","6":"product_brand-result-caps","7":"product_cat-accesorios","8":"tm-no-options","10":"first","11":"instock","12":"taxable","13":"shipping-taxable","14":"product-type-variable"},"acf":[],"_links":{"self":[{"href":"https:\/\/grupotextil.es\/en\/wp-json\/wp\/v2\/product\/378940","targetHints":{"allow":["GET"]}}],"collection":[{"href":"https:\/\/grupotextil.es\/en\/wp-json\/wp\/v2\/product"}],"about":[{"href":"https:\/\/grupotextil.es\/en\/wp-json\/wp\/v2\/types\/product"}],"replies":[{"embeddable":true,"href":"https:\/\/grupotextil.es\/en\/wp-json\/wp\/v2\/comments?post=378940"}],"wp:featuredmedia":[{"embeddable":true,"href":"https:\/\/grupotextil.es\/en\/wp-json\/wp\/v2\/media\/418035"}],"wp:attachment":[{"href":"https:\/\/grupotextil.es\/en\/wp-json\/wp\/v2\/media?parent=378940"}],"wp:term":[{"taxonomy":"product_brand","embeddable":true,"href":"https:\/\/grupotextil.es\/en\/wp-json\/wp\/v2\/product_brand?post=378940"},{"taxonomy":"product_cat","embeddable":true,"href":"https:\/\/grupotextil.es\/en\/wp-json\/wp\/v2\/product_cat?post=378940"},{"taxonomy":"product_tag","embeddable":true,"href":"https:\/\/grupotextil.es\/en\/wp-json\/wp\/v2\/product_tag?post=378940"}],"curies":[{"name":"wp","href":"https:\/\/api.w.org\/{rel}","templated":true}]}}

<ul>
<li>225 g/m²</li>
<li>100% algodón</li>
<li>Visera plegable en 3 partes</li>
<li>Dos ojales a cada lado</li>
<li>Ajustador elástico</li>
<li>Parte trasera larga para proteger el cuello</li>
<li>Talla única</li>
</ul>

<p>225 g/m²100% algodónVisera plegable en 3 partesDos ojales a cada ladoAjustador elásticoParte trasera larga para proteger el cuelloTalla única</p>
