{"id":379013,"date":"2026-03-08T03:20:43","date_gmt":"2026-03-08T02:20:43","guid":{"rendered":"https:\/\/grupotextil.es\/producto\/gorro-reflectante-junior\/"},"modified":"2026-03-08T03:20:43","modified_gmt":"2026-03-08T02:20:43","slug":"gorro-reflectante-junior","status":"publish","type":"product","link":"https:\/\/grupotextil.es\/en\/product\/gorro-reflectante-junior\/","title":{"rendered":"Beanie reflectante Junior"},"content":{"rendered":"<ul>\n<li>100% poliacr\u00edlico<\/li>\n<li>Pom pom coloreado con fibras reflectantes<\/li>\n<li>Dise\u00f1o redondo para una decoraci\u00f3n \u00f3ptima<\/li>\n<li>Tejido de doble capa<\/li>\n<li>Etiqueta TearAway para facilitar la personalizaci\u00f3n<\/li>\n<\/ul>","protected":false},"excerpt":{"rendered":"<p>100% poliacr\u00edlicoPom pom coloreado con fibras reflectantesDise\u00f1o redondo para una decoraci\u00f3n \u00f3ptimaTejido de doble capaEtiqueta TearAway para facilitar la personalizaci\u00f3n<\/p>","protected":false},"featured_media":418249,"comment_status":"open","ping_status":"closed","template":"","meta":{"_acf_changed":false},"product_brand":[11655],"product_cat":[13948,13950],"product_tag":[],"class_list":{"0":"post-379013","1":"product","2":"type-product","3":"status-publish","4":"has-post-thumbnail","6":"product_brand-beechfield","7":"product_cat-accesorios","8":"product_cat-gorros-y-beanies","9":"tm-no-options","11":"first","12":"instock","13":"taxable","14":"shipping-taxable","15":"product-type-variable"},"acf":[],"_links":{"self":[{"href":"https:\/\/grupotextil.es\/en\/wp-json\/wp\/v2\/product\/379013","targetHints":{"allow":["GET"]}}],"collection":[{"href":"https:\/\/grupotextil.es\/en\/wp-json\/wp\/v2\/product"}],"about":[{"href":"https:\/\/grupotextil.es\/en\/wp-json\/wp\/v2\/types\/product"}],"replies":[{"embeddable":true,"href":"https:\/\/grupotextil.es\/en\/wp-json\/wp\/v2\/comments?post=379013"}],"wp:featuredmedia":[{"embeddable":true,"href":"https:\/\/grupotextil.es\/en\/wp-json\/wp\/v2\/media\/418249"}],"wp:attachment":[{"href":"https:\/\/grupotextil.es\/en\/wp-json\/wp\/v2\/media?parent=379013"}],"wp:term":[{"taxonomy":"product_brand","embeddable":true,"href":"https:\/\/grupotextil.es\/en\/wp-json\/wp\/v2\/product_brand?post=379013"},{"taxonomy":"product_cat","embeddable":true,"href":"https:\/\/grupotextil.es\/en\/wp-json\/wp\/v2\/product_cat?post=379013"},{"taxonomy":"product_tag","embeddable":true,"href":"https:\/\/grupotextil.es\/en\/wp-json\/wp\/v2\/product_tag?post=379013"}],"curies":[{"name":"wp","href":"https:\/\/api.w.org\/{rel}","templated":true}]}}

<ul>
<li>100% poliacrílico</li>
<li>Pom pom coloreado con fibras reflectantes</li>
<li>Diseño redondo para una decoración óptima</li>
<li>Tejido de doble capa</li>
<li>Etiqueta TearAway para facilitar la personalización</li>
</ul>

<p>100% poliacrílicoPom pom coloreado con fibras reflectantesDiseño redondo para una decoración óptimaTejido de doble capaEtiqueta TearAway para facilitar la personalización</p>
