{"id":379050,"date":"2026-03-08T03:20:45","date_gmt":"2026-03-08T02:20:45","guid":{"rendered":"https:\/\/grupotextil.es\/producto\/gorro-ombre\/"},"modified":"2026-03-08T03:20:45","modified_gmt":"2026-03-08T02:20:45","slug":"gorro-ombre","status":"publish","type":"product","link":"https:\/\/grupotextil.es\/en\/product\/gorro-ombre\/","title":{"rendered":"Beanie Ombr\u00e9"},"content":{"rendered":"<ul>\n<li>Exterior: 100% poliacr\u00edlico (Tacto suave)<\/li>\n<li>Forro: 100% poli\u00e9ster (Borreguillo)<\/li>\n<li>Dise\u00f1o para una decoraci\u00f3n \u00f3ptima<\/li>\n<li>Punto de cable en canal\u00e9<\/li>\n<li>Pom pom coloreado<\/li>\n<li>Etiqueta TearAway para facilitar la personalizaci\u00f3n<\/li>\n<\/ul>","protected":false},"excerpt":{"rendered":"<p>Exterior: 100% poliacr\u00edlico (Tacto suave)Forro: 100% poli\u00e9ster (Borreguillo)Dise\u00f1o para una decoraci\u00f3n \u00f3ptimaPunto de cable en canal\u00e9Pom pom coloreadoEtiqueta TearAway para facilitar la personalizaci\u00f3<\/p>","protected":false},"featured_media":418385,"comment_status":"open","ping_status":"closed","template":"","meta":{"_acf_changed":false},"product_brand":[11655],"product_cat":[13948,13950],"product_tag":[],"class_list":{"0":"post-379050","1":"product","2":"type-product","3":"status-publish","4":"has-post-thumbnail","6":"product_brand-beechfield","7":"product_cat-accesorios","8":"product_cat-gorros-y-beanies","9":"tm-no-options","11":"first","12":"instock","13":"taxable","14":"shipping-taxable","15":"product-type-variable"},"acf":[],"_links":{"self":[{"href":"https:\/\/grupotextil.es\/en\/wp-json\/wp\/v2\/product\/379050","targetHints":{"allow":["GET"]}}],"collection":[{"href":"https:\/\/grupotextil.es\/en\/wp-json\/wp\/v2\/product"}],"about":[{"href":"https:\/\/grupotextil.es\/en\/wp-json\/wp\/v2\/types\/product"}],"replies":[{"embeddable":true,"href":"https:\/\/grupotextil.es\/en\/wp-json\/wp\/v2\/comments?post=379050"}],"wp:featuredmedia":[{"embeddable":true,"href":"https:\/\/grupotextil.es\/en\/wp-json\/wp\/v2\/media\/418385"}],"wp:attachment":[{"href":"https:\/\/grupotextil.es\/en\/wp-json\/wp\/v2\/media?parent=379050"}],"wp:term":[{"taxonomy":"product_brand","embeddable":true,"href":"https:\/\/grupotextil.es\/en\/wp-json\/wp\/v2\/product_brand?post=379050"},{"taxonomy":"product_cat","embeddable":true,"href":"https:\/\/grupotextil.es\/en\/wp-json\/wp\/v2\/product_cat?post=379050"},{"taxonomy":"product_tag","embeddable":true,"href":"https:\/\/grupotextil.es\/en\/wp-json\/wp\/v2\/product_tag?post=379050"}],"curies":[{"name":"wp","href":"https:\/\/api.w.org\/{rel}","templated":true}]}}

Beanie Ombré

<ul>
<li>Exterior: 100% poliacrílico (Tacto suave)</li>
<li>Forro: 100% poliéster (Borreguillo)</li>
<li>Diseño para una decoración óptima</li>
<li>Punto de cable en canalé</li>
<li>Pom pom coloreado</li>
<li>Etiqueta TearAway para facilitar la personalización</li>
</ul>

<p>Exterior: 100% poliacrílico (Tacto suave)Forro: 100% poliéster (Borreguillo)Diseño para una decoración óptimaPunto de cable en canaléPom pom coloreadoEtiqueta TearAway para facilitar la personalizació</p>
