{"id":379893,"date":"2026-03-08T03:25:26","date_gmt":"2026-03-08T02:25:26","guid":{"rendered":"https:\/\/grupotextil.es\/producto\/chaleco-con-forro-polar\/"},"modified":"2026-03-08T03:25:26","modified_gmt":"2026-03-08T02:25:26","slug":"chaleco-con-forro-polar","status":"publish","type":"product","link":"https:\/\/grupotextil.es\/en\/product\/chaleco-con-forro-polar\/","title":{"rendered":"Vest con Fleece"},"content":{"rendered":"<ul>\n<li>Exterior: 100% poli\u00e9ster<\/li>\n<li>Aislamiento: 135 g\/m\u00b2 , 100% poli\u00e9ster<\/li>\n<li>Forro: 280 g\/m\u00b2, 100% poli\u00e9ster (Active Fleece by RESULT) en color Dark Grey<\/li>\n<li>Cuello con relleno ligeramente profundo<\/li>\n<li>Cierre frontal de cremallera entera<\/li>\n<li>Corte profundo en la parte superior del brazo para mayor comodidad<\/li>\n<li>2 bolsillos frontales grandes, 1 bolsillo interior en el pecho y 1 bolsillo interior para el m\u00f3vil<\/li>\n<li>Espalda m\u00e1s amplia y ajustada<\/li>\n<li>Acceso para decoraci\u00f3n en la espalda<\/li>\n<li>COLORES DESCATALOGADOS: Se retiran 1 colores de la colecci\u00f3n Falk&amp;Ross (Todav\u00eda est\u00e1n en el portfolio del fabricante).<\/li>\n<\/ul>","protected":false},"excerpt":{"rendered":"<p>Exterior: 100% poli\u00e9sterAislamiento: 135 g\/m\u00b2 , 100% poli\u00e9sterForro: 280 g\/m\u00b2, 100% poli\u00e9ster (Active Fleece by RESULT) en color Dark GreyCuello con relleno ligeramente profundoCierre frontal de cr&#8230;<\/p>","protected":false},"featured_media":418951,"comment_status":"open","ping_status":"closed","template":"","meta":{"_acf_changed":false},"product_brand":[11669],"product_cat":[13981,13990,13974,13975,13973],"product_tag":[],"class_list":{"0":"post-379893","1":"product","2":"type-product","3":"status-publish","4":"has-post-thumbnail","6":"product_brand-result","7":"product_cat-h-chaquetas-y-abrigos","8":"product_cat-m-chaquetas-y-abrigos","9":"product_cat-ropa-hombre","10":"product_cat-ropa-mujer","11":"product_cat-ropa","12":"tm-no-options","14":"first","15":"instock","16":"taxable","17":"shipping-taxable","18":"product-type-variable"},"acf":[],"_links":{"self":[{"href":"https:\/\/grupotextil.es\/en\/wp-json\/wp\/v2\/product\/379893","targetHints":{"allow":["GET"]}}],"collection":[{"href":"https:\/\/grupotextil.es\/en\/wp-json\/wp\/v2\/product"}],"about":[{"href":"https:\/\/grupotextil.es\/en\/wp-json\/wp\/v2\/types\/product"}],"replies":[{"embeddable":true,"href":"https:\/\/grupotextil.es\/en\/wp-json\/wp\/v2\/comments?post=379893"}],"wp:featuredmedia":[{"embeddable":true,"href":"https:\/\/grupotextil.es\/en\/wp-json\/wp\/v2\/media\/418951"}],"wp:attachment":[{"href":"https:\/\/grupotextil.es\/en\/wp-json\/wp\/v2\/media?parent=379893"}],"wp:term":[{"taxonomy":"product_brand","embeddable":true,"href":"https:\/\/grupotextil.es\/en\/wp-json\/wp\/v2\/product_brand?post=379893"},{"taxonomy":"product_cat","embeddable":true,"href":"https:\/\/grupotextil.es\/en\/wp-json\/wp\/v2\/product_cat?post=379893"},{"taxonomy":"product_tag","embeddable":true,"href":"https:\/\/grupotextil.es\/en\/wp-json\/wp\/v2\/product_tag?post=379893"}],"curies":[{"name":"wp","href":"https:\/\/api.w.org\/{rel}","templated":true}]}}

<ul>
<li>Exterior: 100% poliéster</li>
<li>Aislamiento: 135 g/m² , 100% poliéster</li>
<li>Forro: 280 g/m², 100% poliéster (Active Fleece by RESULT) en color Dark Grey</li>
<li>Cuello con relleno ligeramente profundo</li>
<li>Cierre frontal de cremallera entera</li>
<li>Corte profundo en la parte superior del brazo para mayor comodidad</li>
<li>2 bolsillos frontales grandes, 1 bolsillo interior en el pecho y 1 bolsillo interior para el móvil</li>
<li>Espalda más amplia y ajustada</li>
<li>Acceso para decoración en la espalda</li>
<li>COLORES DESCATALOGADOS: Se retiran 1 colores de la colección Falk&amp;Ross (Todavía están en el portfolio del fabricante).</li>
</ul>

<p>Exterior: 100% poliésterAislamiento: 135 g/m² , 100% poliésterForro: 280 g/m², 100% poliéster (Active Fleece by RESULT) en color Dark GreyCuello con relleno ligeramente profundoCierre frontal de cr&#8230;</p>
