{"id":380154,"date":"2026-03-08T03:25:38","date_gmt":"2026-03-08T02:25:38","guid":{"rendered":"https:\/\/grupotextil.es\/producto\/chaqueta-corporate-3-en-1\/"},"modified":"2026-03-08T03:25:38","modified_gmt":"2026-03-08T02:25:38","slug":"chaqueta-corporate-3-en-1","status":"publish","type":"product","link":"https:\/\/grupotextil.es\/en\/product\/chaqueta-corporate-3-en-1\/","title":{"rendered":"Jacket Corporate 3-en-1"},"content":{"rendered":"<ul>\n<li>Exterior: 190 g\/m\u00b2<\/li>\n<li>100% poli\u00e9ster<\/li>\n<li>Forro: 100% poli\u00e9ster (malla), mangas: 100% poli\u00e9ster (190T, Taffetta)<\/li>\n<li>Resistente al viento e impermeable (5.000 mm). Costuras selladas<\/li>\n<li>Capucha oculta en cuello<\/li>\n<li>Cremallera entera con solapa y corchetes<\/li>\n<li>2 bolsillos con cremallera y solapa<\/li>\n<li>Bolsillo en el pecho con cremallera<\/li>\n<li>Pu\u00f1os ajustable<\/li>\n<li>Bajo ajustable con cord\u00f3n<\/li>\n<li>Acceso personalizaci\u00f3n: cremallera en la parte trasera<\/li>\n<li>Chaqueta Interior: 180 g\/m\u00b2<\/li>\n<li>100% poli\u00e9ster (micropolar antibolitas)<\/li>\n<li>2 bolsillos delanteros<\/li>\n<\/ul>","protected":false},"excerpt":{"rendered":"<p>Exterior: 190 g\/m\u00b2100% poli\u00e9sterForro: 100% poli\u00e9ster (malla), mangas: 100% poli\u00e9ster (190T, Taffetta)Resistente al viento e impermeable (5.<\/p>","protected":false},"featured_media":419122,"comment_status":"open","ping_status":"closed","template":"","meta":{"_acf_changed":false},"product_brand":[11653],"product_cat":[13981,13990,13974,13975,13973],"product_tag":[14009],"class_list":{"0":"post-380154","1":"product","2":"type-product","3":"status-publish","4":"has-post-thumbnail","6":"product_brand-b-c","7":"product_cat-h-chaquetas-y-abrigos","8":"product_cat-m-chaquetas-y-abrigos","9":"product_cat-ropa-hombre","10":"product_cat-ropa-mujer","11":"product_cat-ropa","12":"product_tag-top-ventas","13":"tm-no-options","15":"first","16":"instock","17":"taxable","18":"shipping-taxable","19":"product-type-variable"},"acf":[],"_links":{"self":[{"href":"https:\/\/grupotextil.es\/en\/wp-json\/wp\/v2\/product\/380154","targetHints":{"allow":["GET"]}}],"collection":[{"href":"https:\/\/grupotextil.es\/en\/wp-json\/wp\/v2\/product"}],"about":[{"href":"https:\/\/grupotextil.es\/en\/wp-json\/wp\/v2\/types\/product"}],"replies":[{"embeddable":true,"href":"https:\/\/grupotextil.es\/en\/wp-json\/wp\/v2\/comments?post=380154"}],"wp:featuredmedia":[{"embeddable":true,"href":"https:\/\/grupotextil.es\/en\/wp-json\/wp\/v2\/media\/419122"}],"wp:attachment":[{"href":"https:\/\/grupotextil.es\/en\/wp-json\/wp\/v2\/media?parent=380154"}],"wp:term":[{"taxonomy":"product_brand","embeddable":true,"href":"https:\/\/grupotextil.es\/en\/wp-json\/wp\/v2\/product_brand?post=380154"},{"taxonomy":"product_cat","embeddable":true,"href":"https:\/\/grupotextil.es\/en\/wp-json\/wp\/v2\/product_cat?post=380154"},{"taxonomy":"product_tag","embeddable":true,"href":"https:\/\/grupotextil.es\/en\/wp-json\/wp\/v2\/product_tag?post=380154"}],"curies":[{"name":"wp","href":"https:\/\/api.w.org\/{rel}","templated":true}]}}

<ul>
<li>Exterior: 190 g/m²</li>
<li>100% poliéster</li>
<li>Forro: 100% poliéster (malla), mangas: 100% poliéster (190T, Taffetta)</li>
<li>Resistente al viento e impermeable (5.000 mm). Costuras selladas</li>
<li>Capucha oculta en cuello</li>
<li>Cremallera entera con solapa y corchetes</li>
<li>2 bolsillos con cremallera y solapa</li>
<li>Bolsillo en el pecho con cremallera</li>
<li>Puños ajustable</li>
<li>Bajo ajustable con cordón</li>
<li>Acceso personalización: cremallera en la parte trasera</li>
<li>Chaqueta Interior: 180 g/m²</li>
<li>100% poliéster (micropolar antibolitas)</li>
<li>2 bolsillos delanteros</li>
</ul>

<p>Exterior: 190 g/m²100% poliésterForro: 100% poliéster (malla), mangas: 100% poliéster (190T, Taffetta)Resistente al viento e impermeable (5.</p>
