{"id":380434,"date":"2026-03-08T03:25:55","date_gmt":"2026-03-08T02:25:55","guid":{"rendered":"https:\/\/grupotextil.es\/producto\/chaleco-de-seguridad-fluo\/"},"modified":"2026-03-08T03:25:55","modified_gmt":"2026-03-08T02:25:55","slug":"chaleco-de-seguridad-fluo","status":"publish","type":"product","link":"https:\/\/grupotextil.es\/en\/product\/chaleco-de-seguridad-fluo\/","title":{"rendered":"Vest Safety Fluo"},"content":{"rendered":"<ul>\n<li>125 g\/m\u00b2<\/li>\n<li>100% poli\u00e9ster<\/li>\n<li>Chaleco de seguridad con bandas reflectantes horizontales y verticales en frontal y espalda<\/li>\n<li>Bolsillo para el tel\u00e9fono<\/li>\n<li>Llavero y ventana para identificaci\u00f3n en el frontal<\/li>\n<li>2 bolsillos laterales<\/li>\n<li>Pr\u00e1ctica cremallera frontal.<\/li>\n<li>EN ISO20471:2013 Clase 2 (Fluo Yellow, Fluo Orange, Fluo Orange\/Fluo Yellow)<\/li>\n<li>EN ISO20471:2013 Clase 1 (combinaciones de colores con Fluo Yellow o Fluo Orange)<\/li>\n<\/ul>","protected":false},"excerpt":{"rendered":"<p>125 g\/m\u00b2100% poli\u00e9sterChaleco de seguridad con bandas reflectantes horizontales y verticales en frontal y espaldaBolsillo para el tel\u00e9fonoLlavero y ventana para identificaci\u00f3n en el frontal2 bolsil&#8230;<\/p>","protected":false},"featured_media":419278,"comment_status":"open","ping_status":"closed","template":"","meta":{"_acf_changed":false},"product_brand":[11663],"product_cat":[13991,13981,13990,13974,13930,13975,13973],"product_tag":[14009],"class_list":{"0":"post-380434","1":"product","2":"type-product","3":"status-publish","4":"has-post-thumbnail","6":"product_brand-yoko","7":"product_cat-m-chalecos","8":"product_cat-h-chaquetas-y-abrigos","9":"product_cat-m-chaquetas-y-abrigos","10":"product_cat-ropa-hombre","11":"product_cat-laboral","12":"product_cat-ropa-mujer","13":"product_cat-ropa","14":"product_tag-top-ventas","15":"tm-no-options","17":"first","18":"instock","19":"taxable","20":"shipping-taxable","21":"product-type-variable"},"acf":[],"_links":{"self":[{"href":"https:\/\/grupotextil.es\/en\/wp-json\/wp\/v2\/product\/380434","targetHints":{"allow":["GET"]}}],"collection":[{"href":"https:\/\/grupotextil.es\/en\/wp-json\/wp\/v2\/product"}],"about":[{"href":"https:\/\/grupotextil.es\/en\/wp-json\/wp\/v2\/types\/product"}],"replies":[{"embeddable":true,"href":"https:\/\/grupotextil.es\/en\/wp-json\/wp\/v2\/comments?post=380434"}],"wp:featuredmedia":[{"embeddable":true,"href":"https:\/\/grupotextil.es\/en\/wp-json\/wp\/v2\/media\/419278"}],"wp:attachment":[{"href":"https:\/\/grupotextil.es\/en\/wp-json\/wp\/v2\/media?parent=380434"}],"wp:term":[{"taxonomy":"product_brand","embeddable":true,"href":"https:\/\/grupotextil.es\/en\/wp-json\/wp\/v2\/product_brand?post=380434"},{"taxonomy":"product_cat","embeddable":true,"href":"https:\/\/grupotextil.es\/en\/wp-json\/wp\/v2\/product_cat?post=380434"},{"taxonomy":"product_tag","embeddable":true,"href":"https:\/\/grupotextil.es\/en\/wp-json\/wp\/v2\/product_tag?post=380434"}],"curies":[{"name":"wp","href":"https:\/\/api.w.org\/{rel}","templated":true}]}}

<ul>
<li>125 g/m²</li>
<li>100% poliéster</li>
<li>Chaleco de seguridad con bandas reflectantes horizontales y verticales en frontal y espalda</li>
<li>Bolsillo para el teléfono</li>
<li>Llavero y ventana para identificación en el frontal</li>
<li>2 bolsillos laterales</li>
<li>Práctica cremallera frontal.</li>
<li>EN ISO20471:2013 Clase 2 (Fluo Yellow, Fluo Orange, Fluo Orange/Fluo Yellow)</li>
<li>EN ISO20471:2013 Clase 1 (combinaciones de colores con Fluo Yellow o Fluo Orange)</li>
</ul>

<p>125 g/m²100% poliésterChaleco de seguridad con bandas reflectantes horizontales y verticales en frontal y espaldaBolsillo para el teléfonoLlavero y ventana para identificación en el frontal2 bolsil&#8230;</p>
