{"id":380573,"date":"2026-03-08T03:26:01","date_gmt":"2026-03-08T02:26:01","guid":{"rendered":"https:\/\/grupotextil.es\/producto\/parka-de-invierno\/"},"modified":"2026-03-08T03:26:01","modified_gmt":"2026-03-08T02:26:01","slug":"parka-de-invierno","status":"publish","type":"product","link":"https:\/\/grupotextil.es\/en\/product\/parka-de-invierno\/","title":{"rendered":"Parka de invierno"},"content":{"rendered":"<ul>\n<li>Exterior:100% poli\u00e9ster pongee (Storm-Dri 2000)<\/li>\n<li>Relleno: 100% de poli\u00e9ster, 160 g\/m\u00b2<\/li>\n<li>Interior: 100% poli\u00e9ster<\/li>\n<li>Resistente al viento e impermeable (6.000 mm)<\/li>\n<li>Costuras impermeables totalmente encintadas<\/li>\n<li>Ribete polar en la parte interior del cuello<\/li>\n<li>Capucha ajustable de 3 paneles oculta en cuello<\/li>\n<li>Cremallera frontal entera con solapa de protecci\u00f3n<\/li>\n<li>2 bolsillos frontales, 1 bolsillo interior<\/li>\n<li>Pu\u00f1os el\u00e1sticos y cinta reflectante en los pu\u00f1os<\/li>\n<li>Bajo con cord\u00f3n ajustable<\/li>\n<li>Corte largo<\/li>\n<li>Acceso para decoraci\u00f3n en la espalda y pecho izquierdo<\/li>\n<li>Apropriada para bordar, impresi\u00f3n, transfer digital y serigraf\u00eda<\/li>\n<\/ul>","protected":false},"excerpt":{"rendered":"<p>Exterior:100% poli\u00e9ster pongee (Storm-Dri 2000)Relleno: 100% de poli\u00e9ster, 160 g\/m\u00b2Interior: 100% poli\u00e9sterResistente al viento e impermeable (6.<\/p>","protected":false},"featured_media":419313,"comment_status":"open","ping_status":"closed","template":"","meta":{"_acf_changed":false},"product_brand":[11669],"product_cat":[13991,13981,13990,13974,13930,13975,13973],"product_tag":[],"class_list":{"0":"post-380573","1":"product","2":"type-product","3":"status-publish","4":"has-post-thumbnail","6":"product_brand-result","7":"product_cat-m-chalecos","8":"product_cat-h-chaquetas-y-abrigos","9":"product_cat-m-chaquetas-y-abrigos","10":"product_cat-ropa-hombre","11":"product_cat-laboral","12":"product_cat-ropa-mujer","13":"product_cat-ropa","14":"tm-no-options","16":"first","17":"instock","18":"taxable","19":"shipping-taxable","20":"product-type-variable"},"acf":[],"_links":{"self":[{"href":"https:\/\/grupotextil.es\/en\/wp-json\/wp\/v2\/product\/380573","targetHints":{"allow":["GET"]}}],"collection":[{"href":"https:\/\/grupotextil.es\/en\/wp-json\/wp\/v2\/product"}],"about":[{"href":"https:\/\/grupotextil.es\/en\/wp-json\/wp\/v2\/types\/product"}],"replies":[{"embeddable":true,"href":"https:\/\/grupotextil.es\/en\/wp-json\/wp\/v2\/comments?post=380573"}],"wp:featuredmedia":[{"embeddable":true,"href":"https:\/\/grupotextil.es\/en\/wp-json\/wp\/v2\/media\/419313"}],"wp:attachment":[{"href":"https:\/\/grupotextil.es\/en\/wp-json\/wp\/v2\/media?parent=380573"}],"wp:term":[{"taxonomy":"product_brand","embeddable":true,"href":"https:\/\/grupotextil.es\/en\/wp-json\/wp\/v2\/product_brand?post=380573"},{"taxonomy":"product_cat","embeddable":true,"href":"https:\/\/grupotextil.es\/en\/wp-json\/wp\/v2\/product_cat?post=380573"},{"taxonomy":"product_tag","embeddable":true,"href":"https:\/\/grupotextil.es\/en\/wp-json\/wp\/v2\/product_tag?post=380573"}],"curies":[{"name":"wp","href":"https:\/\/api.w.org\/{rel}","templated":true}]}}

<ul>
<li>Exterior:100% poliéster pongee (Storm-Dri 2000)</li>
<li>Relleno: 100% de poliéster, 160 g/m²</li>
<li>Interior: 100% poliéster</li>
<li>Resistente al viento e impermeable (6.000 mm)</li>
<li>Costuras impermeables totalmente encintadas</li>
<li>Ribete polar en la parte interior del cuello</li>
<li>Capucha ajustable de 3 paneles oculta en cuello</li>
<li>Cremallera frontal entera con solapa de protección</li>
<li>2 bolsillos frontales, 1 bolsillo interior</li>
<li>Puños elásticos y cinta reflectante en los puños</li>
<li>Bajo con cordón ajustable</li>
<li>Corte largo</li>
<li>Acceso para decoración en la espalda y pecho izquierdo</li>
<li>Apropriada para bordar, impresión, transfer digital y serigrafía</li>
</ul>

<p>Exterior:100% poliéster pongee (Storm-Dri 2000)Relleno: 100% de poliéster, 160 g/m²Interior: 100% poliésterResistente al viento e impermeable (6.</p>
