{"id":380971,"date":"2026-03-08T03:26:28","date_gmt":"2026-03-08T02:26:28","guid":{"rendered":"https:\/\/grupotextil.es\/producto\/chaqueta-softshell-fluo\/"},"modified":"2026-03-08T03:26:28","modified_gmt":"2026-03-08T02:26:28","slug":"chaqueta-softshell-fluo","status":"publish","type":"product","link":"https:\/\/grupotextil.es\/en\/product\/chaqueta-softshell-fluo\/","title":{"rendered":"Jacket Softshell Fluo"},"content":{"rendered":"<ul>\n<li>345 g\/m\u00b2<\/li>\n<li>Exterior: 345 g\/m\u00b2, 100% poli\u00e9ster<\/li>\n<li>Capa intermedia: membrana TPU<\/li>\n<li>Interior: 100% poli\u00e9ster (140D, micro-polar)<\/li>\n<li>El tejido softshell de 3 capas asegura transpirabilidad de 8000 mm e impermeabilidad de 3000 mvp<\/li>\n<li>Cremalleras 100% impermeable y tiradores en la cremallera frontal y un bolsillo en el pecho con logo<\/li>\n<li>2 bolsillos calientamanos con cremallera<\/li>\n<li>ajustadores de pu\u00f1o con logo y bajo ajustable con cord\u00f3n<\/li>\n<li>Franjas reflectantes de 5 cm alrededor del cuerpo y los brazos, y uno sobre cada hombro<\/li>\n<li>Navy es de visibilidad aumentada.<\/li>\n<li>Debido a los cambios aduaneros del BREXIT, estamos experimentando serios retrasos en las entregas de producto YOKO. Contacta con nuestro servicio de atenci\u00f3n al cliente para m\u00e1s informaci\u00f3n o para la b\u00fasqueda de una alternativa<\/li>\n<\/ul>","protected":false},"excerpt":{"rendered":"<p>345 g\/m\u00b2Exterior: 345 g\/m\u00b2, 100% poli\u00e9sterCapa intermedia: membrana TPUInterior: 100% poli\u00e9ster (140D, micro-polar)El tejido softshell de 3 capas asegura transpirabilidad de 8000 mm e impermeabilid&#8230;<\/p>","protected":false},"featured_media":419602,"comment_status":"open","ping_status":"closed","template":"","meta":{"_acf_changed":false},"product_brand":[11663],"product_cat":[13991,13981,13990,13974,13930,13975,13973],"product_tag":[],"class_list":{"0":"post-380971","1":"product","2":"type-product","3":"status-publish","4":"has-post-thumbnail","6":"product_brand-yoko","7":"product_cat-m-chalecos","8":"product_cat-h-chaquetas-y-abrigos","9":"product_cat-m-chaquetas-y-abrigos","10":"product_cat-ropa-hombre","11":"product_cat-laboral","12":"product_cat-ropa-mujer","13":"product_cat-ropa","14":"tm-no-options","16":"first","17":"instock","18":"taxable","19":"shipping-taxable","20":"product-type-variable"},"acf":[],"_links":{"self":[{"href":"https:\/\/grupotextil.es\/en\/wp-json\/wp\/v2\/product\/380971","targetHints":{"allow":["GET"]}}],"collection":[{"href":"https:\/\/grupotextil.es\/en\/wp-json\/wp\/v2\/product"}],"about":[{"href":"https:\/\/grupotextil.es\/en\/wp-json\/wp\/v2\/types\/product"}],"replies":[{"embeddable":true,"href":"https:\/\/grupotextil.es\/en\/wp-json\/wp\/v2\/comments?post=380971"}],"wp:featuredmedia":[{"embeddable":true,"href":"https:\/\/grupotextil.es\/en\/wp-json\/wp\/v2\/media\/419602"}],"wp:attachment":[{"href":"https:\/\/grupotextil.es\/en\/wp-json\/wp\/v2\/media?parent=380971"}],"wp:term":[{"taxonomy":"product_brand","embeddable":true,"href":"https:\/\/grupotextil.es\/en\/wp-json\/wp\/v2\/product_brand?post=380971"},{"taxonomy":"product_cat","embeddable":true,"href":"https:\/\/grupotextil.es\/en\/wp-json\/wp\/v2\/product_cat?post=380971"},{"taxonomy":"product_tag","embeddable":true,"href":"https:\/\/grupotextil.es\/en\/wp-json\/wp\/v2\/product_tag?post=380971"}],"curies":[{"name":"wp","href":"https:\/\/api.w.org\/{rel}","templated":true}]}}

<ul>
<li>345 g/m²</li>
<li>Exterior: 345 g/m², 100% poliéster</li>
<li>Capa intermedia: membrana TPU</li>
<li>Interior: 100% poliéster (140D, micro-polar)</li>
<li>El tejido softshell de 3 capas asegura transpirabilidad de 8000 mm e impermeabilidad de 3000 mvp</li>
<li>Cremalleras 100% impermeable y tiradores en la cremallera frontal y un bolsillo en el pecho con logo</li>
<li>2 bolsillos calientamanos con cremallera</li>
<li>ajustadores de puño con logo y bajo ajustable con cordón</li>
<li>Franjas reflectantes de 5 cm alrededor del cuerpo y los brazos, y uno sobre cada hombro</li>
<li>Navy es de visibilidad aumentada.</li>
<li>Debido a los cambios aduaneros del BREXIT, estamos experimentando serios retrasos en las entregas de producto YOKO. Contacta con nuestro servicio de atención al cliente para más información o para la búsqueda de una alternativa</li>
</ul>

<p>345 g/m²Exterior: 345 g/m², 100% poliésterCapa intermedia: membrana TPUInterior: 100% poliéster (140D, micro-polar)El tejido softshell de 3 capas asegura transpirabilidad de 8000 mm e impermeabilid&#8230;</p>
