{"id":381499,"date":"2026-03-08T03:28:35","date_gmt":"2026-03-08T02:28:35","guid":{"rendered":"https:\/\/grupotextil.es\/producto\/chaqueta-softshell-hombre\/"},"modified":"2026-03-08T03:28:35","modified_gmt":"2026-03-08T02:28:35","slug":"chaqueta-softshell-hombre","status":"publish","type":"product","link":"https:\/\/grupotextil.es\/en\/product\/chaqueta-softshell-hombre\/","title":{"rendered":"Chaqueta Softshell hombre"},"content":{"rendered":"<ul>\n<li>340 g\/m\u00b2<\/li>\n<li>92% poli\u00e9ster, 8% elast\u00e1n<\/li>\n<li>Forro: 100% poli\u00e9ster microfelpa<\/li>\n<li>Tejido softshell de tres capas transpirable (1.000 g\/qm)<\/li>\n<li>Resistente al viento<\/li>\n<li>Impermeable: 5.000 mm<\/li>\n<li>Cuello encintado<\/li>\n<li>Cremallera entera con solapa interior y protecci\u00f3n para la barbilla<\/li>\n<li>Pinzas decorativas estilo ragl\u00e1n, mangas montadas<\/li>\n<li>Bolsillos laterales y bolsillo en el pecho con forro interior, cremalleras revertidas<\/li>\n<li>Pu\u00f1os ajustables<\/li>\n<li>Bajo ajustable con cord\u00f3n<\/li>\n<li>Espalda m\u00e1s larga<\/li>\n<\/ul>","protected":false},"excerpt":{"rendered":"<p>340 g\/m\u00b292% poli\u00e9ster, 8% elast\u00e1nForro: 100% poli\u00e9ster microfelpaTejido softshell de tres capas transpirable (1.<\/p>","protected":false},"featured_media":419783,"comment_status":"open","ping_status":"closed","template":"","meta":{"_acf_changed":false},"product_brand":[11670],"product_cat":[13981,13990,13974,13930,13975,13973],"product_tag":[14009],"class_list":{"0":"post-381499","1":"product","2":"type-product","3":"status-publish","4":"has-post-thumbnail","6":"product_brand-russell-europe","7":"product_cat-h-chaquetas-y-abrigos","8":"product_cat-m-chaquetas-y-abrigos","9":"product_cat-ropa-hombre","10":"product_cat-laboral","11":"product_cat-ropa-mujer","12":"product_cat-ropa","13":"product_tag-top-ventas","14":"tm-no-options","16":"first","17":"instock","18":"taxable","19":"shipping-taxable","20":"product-type-variable"},"acf":[],"_links":{"self":[{"href":"https:\/\/grupotextil.es\/en\/wp-json\/wp\/v2\/product\/381499","targetHints":{"allow":["GET"]}}],"collection":[{"href":"https:\/\/grupotextil.es\/en\/wp-json\/wp\/v2\/product"}],"about":[{"href":"https:\/\/grupotextil.es\/en\/wp-json\/wp\/v2\/types\/product"}],"replies":[{"embeddable":true,"href":"https:\/\/grupotextil.es\/en\/wp-json\/wp\/v2\/comments?post=381499"}],"wp:featuredmedia":[{"embeddable":true,"href":"https:\/\/grupotextil.es\/en\/wp-json\/wp\/v2\/media\/419783"}],"wp:attachment":[{"href":"https:\/\/grupotextil.es\/en\/wp-json\/wp\/v2\/media?parent=381499"}],"wp:term":[{"taxonomy":"product_brand","embeddable":true,"href":"https:\/\/grupotextil.es\/en\/wp-json\/wp\/v2\/product_brand?post=381499"},{"taxonomy":"product_cat","embeddable":true,"href":"https:\/\/grupotextil.es\/en\/wp-json\/wp\/v2\/product_cat?post=381499"},{"taxonomy":"product_tag","embeddable":true,"href":"https:\/\/grupotextil.es\/en\/wp-json\/wp\/v2\/product_tag?post=381499"}],"curies":[{"name":"wp","href":"https:\/\/api.w.org\/{rel}","templated":true}]}}

<ul>
<li>340 g/m²</li>
<li>92% poliéster, 8% elastán</li>
<li>Forro: 100% poliéster microfelpa</li>
<li>Tejido softshell de tres capas transpirable (1.000 g/qm)</li>
<li>Resistente al viento</li>
<li>Impermeable: 5.000 mm</li>
<li>Cuello encintado</li>
<li>Cremallera entera con solapa interior y protección para la barbilla</li>
<li>Pinzas decorativas estilo raglán, mangas montadas</li>
<li>Bolsillos laterales y bolsillo en el pecho con forro interior, cremalleras revertidas</li>
<li>Puños ajustables</li>
<li>Bajo ajustable con cordón</li>
<li>Espalda más larga</li>
</ul>

<p>340 g/m²92% poliéster, 8% elastánForro: 100% poliéster microfelpaTejido softshell de tres capas transpirable (1.</p>
