{"id":381698,"date":"2026-03-08T03:29:25","date_gmt":"2026-03-08T02:29:25","guid":{"rendered":"https:\/\/grupotextil.es\/producto\/chaleco-promo\/"},"modified":"2026-03-08T03:29:25","modified_gmt":"2026-03-08T02:29:25","slug":"chaleco-promo","status":"publish","type":"product","link":"https:\/\/grupotextil.es\/en\/product\/chaleco-promo\/","title":{"rendered":"Vest Promo"},"content":{"rendered":"<ul>\n<li>Exterior: 100% micro-poli\u00e9ster suave<\/li>\n<li>Aislamiento: 200 g\/m\u00b2, 100% poli\u00e9ster<\/li>\n<li>Forro:100% poli\u00e9ster<\/li>\n<li>Cremallera entera frontal con solapa interior<\/li>\n<li>Corte c\u00f3modo<\/li>\n<li>2 bolsillos delanteros calientamanos,1 bolsillo interior y 1 bolsillo para el m\u00f3vil en el pecho<\/li>\n<li>Espalda m\u00e1s larga<\/li>\n<li>Acceso para decoraci\u00f3n en el lado izquierdo<\/li>\n<li>Apropiado para bordado e impresi\u00f3n por transfer<\/li>\n<li>COLORES DESCATALOGADOS: Se retiran 2 colores de la colecci\u00f3n Falk&amp;Ross (Todav\u00eda est\u00e1n en el portfolio del fabricante).<\/li>\n<\/ul>","protected":false},"excerpt":{"rendered":"<p>Exterior: 100% micro-poli\u00e9ster suaveAislamiento: 200 g\/m\u00b2, 100% poli\u00e9sterForro:100% poli\u00e9sterCremallera entera frontal con solapa interiorCorte c\u00f3modo2 bolsillos delanteros calientamanos,1 bolsillo&#8230;<\/p>","protected":false},"featured_media":419850,"comment_status":"open","ping_status":"closed","template":"","meta":{"_acf_changed":false},"product_brand":[11669],"product_cat":[13991,13982,13981,13990,13974,13975,13973],"product_tag":[],"class_list":{"0":"post-381698","1":"product","2":"type-product","3":"status-publish","4":"has-post-thumbnail","6":"product_brand-result","7":"product_cat-m-chalecos","8":"product_cat-h-chalecos","9":"product_cat-h-chaquetas-y-abrigos","10":"product_cat-m-chaquetas-y-abrigos","11":"product_cat-ropa-hombre","12":"product_cat-ropa-mujer","13":"product_cat-ropa","14":"tm-no-options","16":"first","17":"instock","18":"taxable","19":"shipping-taxable","20":"product-type-variable"},"acf":[],"_links":{"self":[{"href":"https:\/\/grupotextil.es\/en\/wp-json\/wp\/v2\/product\/381698","targetHints":{"allow":["GET"]}}],"collection":[{"href":"https:\/\/grupotextil.es\/en\/wp-json\/wp\/v2\/product"}],"about":[{"href":"https:\/\/grupotextil.es\/en\/wp-json\/wp\/v2\/types\/product"}],"replies":[{"embeddable":true,"href":"https:\/\/grupotextil.es\/en\/wp-json\/wp\/v2\/comments?post=381698"}],"wp:featuredmedia":[{"embeddable":true,"href":"https:\/\/grupotextil.es\/en\/wp-json\/wp\/v2\/media\/419850"}],"wp:attachment":[{"href":"https:\/\/grupotextil.es\/en\/wp-json\/wp\/v2\/media?parent=381698"}],"wp:term":[{"taxonomy":"product_brand","embeddable":true,"href":"https:\/\/grupotextil.es\/en\/wp-json\/wp\/v2\/product_brand?post=381698"},{"taxonomy":"product_cat","embeddable":true,"href":"https:\/\/grupotextil.es\/en\/wp-json\/wp\/v2\/product_cat?post=381698"},{"taxonomy":"product_tag","embeddable":true,"href":"https:\/\/grupotextil.es\/en\/wp-json\/wp\/v2\/product_tag?post=381698"}],"curies":[{"name":"wp","href":"https:\/\/api.w.org\/{rel}","templated":true}]}}

<ul>
<li>Exterior: 100% micro-poliéster suave</li>
<li>Aislamiento: 200 g/m², 100% poliéster</li>
<li>Forro:100% poliéster</li>
<li>Cremallera entera frontal con solapa interior</li>
<li>Corte cómodo</li>
<li>2 bolsillos delanteros calientamanos,1 bolsillo interior y 1 bolsillo para el móvil en el pecho</li>
<li>Espalda más larga</li>
<li>Acceso para decoración en el lado izquierdo</li>
<li>Apropiado para bordado e impresión por transfer</li>
<li>COLORES DESCATALOGADOS: Se retiran 2 colores de la colección Falk&amp;Ross (Todavía están en el portfolio del fabricante).</li>
</ul>

<p>Exterior: 100% micro-poliéster suaveAislamiento: 200 g/m², 100% poliésterForro:100% poliésterCremallera entera frontal con solapa interiorCorte cómodo2 bolsillos delanteros calientamanos,1 bolsillo&#8230;</p>
