{"id":381858,"date":"2026-03-08T03:29:32","date_gmt":"2026-03-08T02:29:32","guid":{"rendered":"https:\/\/grupotextil.es\/producto\/chaleco-safari-multi-bolsillos\/"},"modified":"2026-03-08T03:29:32","modified_gmt":"2026-03-08T02:29:32","slug":"chaleco-safari-multi-bolsillos","status":"publish","type":"product","link":"https:\/\/grupotextil.es\/en\/product\/chaleco-safari-multi-bolsillos\/","title":{"rendered":"Vest Safari multi-bolsillos"},"content":{"rendered":"<ul>\n<li>220 g\/m\u00b2<\/li>\n<li>65% poli\u00e9ster, 35% algod\u00f3n sarga<\/li>\n<li>Media espalda con forro de malla<\/li>\n<li>8 bolsillos, entre ellos 2 bolsillos interiores y 1 bolsillo para m\u00f3vil, D-ring<\/li>\n<li>Bolsillo grande en la espalda<\/li>\n<li>COLORES DESCATALOGADOS: Se retiran 2 colores de la colecci\u00f3n Falk&amp;Ross (Todav\u00eda est\u00e1n en el portfolio del fabricante).<\/li>\n<\/ul>","protected":false},"excerpt":{"rendered":"<p>220 g\/m\u00b265% poli\u00e9ster, 35% algod\u00f3n sargaMedia espalda con forro de malla8 bolsillos, entre ellos 2 bolsillos interiores y 1 bolsillo para m\u00f3vil, D-ringBolsillo grande en la espaldaCOLORES DESCATALO&#8230;<\/p>","protected":false},"featured_media":419946,"comment_status":"open","ping_status":"closed","template":"","meta":{"_acf_changed":false},"product_brand":[11669],"product_cat":[13991,13982,13981,13990,13974,13975,13973],"product_tag":[],"class_list":{"0":"post-381858","1":"product","2":"type-product","3":"status-publish","4":"has-post-thumbnail","6":"product_brand-result","7":"product_cat-m-chalecos","8":"product_cat-h-chalecos","9":"product_cat-h-chaquetas-y-abrigos","10":"product_cat-m-chaquetas-y-abrigos","11":"product_cat-ropa-hombre","12":"product_cat-ropa-mujer","13":"product_cat-ropa","14":"tm-no-options","16":"first","17":"instock","18":"taxable","19":"shipping-taxable","20":"product-type-variable"},"acf":[],"_links":{"self":[{"href":"https:\/\/grupotextil.es\/en\/wp-json\/wp\/v2\/product\/381858","targetHints":{"allow":["GET"]}}],"collection":[{"href":"https:\/\/grupotextil.es\/en\/wp-json\/wp\/v2\/product"}],"about":[{"href":"https:\/\/grupotextil.es\/en\/wp-json\/wp\/v2\/types\/product"}],"replies":[{"embeddable":true,"href":"https:\/\/grupotextil.es\/en\/wp-json\/wp\/v2\/comments?post=381858"}],"wp:featuredmedia":[{"embeddable":true,"href":"https:\/\/grupotextil.es\/en\/wp-json\/wp\/v2\/media\/419946"}],"wp:attachment":[{"href":"https:\/\/grupotextil.es\/en\/wp-json\/wp\/v2\/media?parent=381858"}],"wp:term":[{"taxonomy":"product_brand","embeddable":true,"href":"https:\/\/grupotextil.es\/en\/wp-json\/wp\/v2\/product_brand?post=381858"},{"taxonomy":"product_cat","embeddable":true,"href":"https:\/\/grupotextil.es\/en\/wp-json\/wp\/v2\/product_cat?post=381858"},{"taxonomy":"product_tag","embeddable":true,"href":"https:\/\/grupotextil.es\/en\/wp-json\/wp\/v2\/product_tag?post=381858"}],"curies":[{"name":"wp","href":"https:\/\/api.w.org\/{rel}","templated":true}]}}

<ul>
<li>220 g/m²</li>
<li>65% poliéster, 35% algodón sarga</li>
<li>Media espalda con forro de malla</li>
<li>8 bolsillos, entre ellos 2 bolsillos interiores y 1 bolsillo para móvil, D-ring</li>
<li>Bolsillo grande en la espalda</li>
<li>COLORES DESCATALOGADOS: Se retiran 2 colores de la colección Falk&amp;Ross (Todavía están en el portfolio del fabricante).</li>
</ul>

<p>220 g/m²65% poliéster, 35% algodón sargaMedia espalda con forro de malla8 bolsillos, entre ellos 2 bolsillos interiores y 1 bolsillo para móvil, D-ringBolsillo grande en la espaldaCOLORES DESCATALO&#8230;</p>
