{"id":382270,"date":"2026-03-08T03:32:03","date_gmt":"2026-03-08T02:32:03","guid":{"rendered":"https:\/\/grupotextil.es\/producto\/polar-thor-350\/"},"modified":"2026-03-08T03:32:03","modified_gmt":"2026-03-08T02:32:03","slug":"polar-thor-350","status":"publish","type":"product","link":"https:\/\/grupotextil.es\/en\/product\/polar-thor-350\/","title":{"rendered":"Polar Thor 350"},"content":{"rendered":"<ul>\n<li>350 g\/m\u00b2<\/li>\n<li>100% Poli\u00e9ster, reciclado parcialmente (Tejijdo polar anti bolitas)<\/li>\n<li>Cremallera entera<\/li>\n<li>Pu\u00f1os de polar<\/li>\n<li>2 bolsillos con cremallera<\/li>\n<li>Dobladillo con cord\u00f3n el\u00e1stico ajustable.<\/li>\n<\/ul>","protected":false},"excerpt":{"rendered":"<p>350 g\/m\u00b2100% Poli\u00e9ster, reciclado parcialmente (Tejijdo polar anti bolitas)Cremallera enteraPu\u00f1os de polar2 bolsillos con cremalleraDobladillo con cord\u00f3n el\u00e1stico ajustable.<\/p>","protected":false},"featured_media":420113,"comment_status":"open","ping_status":"closed","template":"","meta":{"_acf_changed":false},"product_brand":[11656],"product_cat":[13981,13990,13974,13975,13973],"product_tag":[],"class_list":{"0":"post-382270","1":"product","2":"type-product","3":"status-publish","4":"has-post-thumbnail","6":"product_brand-regatta","7":"product_cat-h-chaquetas-y-abrigos","8":"product_cat-m-chaquetas-y-abrigos","9":"product_cat-ropa-hombre","10":"product_cat-ropa-mujer","11":"product_cat-ropa","12":"tm-no-options","14":"first","15":"instock","16":"taxable","17":"shipping-taxable","18":"product-type-variable"},"acf":[],"_links":{"self":[{"href":"https:\/\/grupotextil.es\/en\/wp-json\/wp\/v2\/product\/382270","targetHints":{"allow":["GET"]}}],"collection":[{"href":"https:\/\/grupotextil.es\/en\/wp-json\/wp\/v2\/product"}],"about":[{"href":"https:\/\/grupotextil.es\/en\/wp-json\/wp\/v2\/types\/product"}],"replies":[{"embeddable":true,"href":"https:\/\/grupotextil.es\/en\/wp-json\/wp\/v2\/comments?post=382270"}],"wp:featuredmedia":[{"embeddable":true,"href":"https:\/\/grupotextil.es\/en\/wp-json\/wp\/v2\/media\/420113"}],"wp:attachment":[{"href":"https:\/\/grupotextil.es\/en\/wp-json\/wp\/v2\/media?parent=382270"}],"wp:term":[{"taxonomy":"product_brand","embeddable":true,"href":"https:\/\/grupotextil.es\/en\/wp-json\/wp\/v2\/product_brand?post=382270"},{"taxonomy":"product_cat","embeddable":true,"href":"https:\/\/grupotextil.es\/en\/wp-json\/wp\/v2\/product_cat?post=382270"},{"taxonomy":"product_tag","embeddable":true,"href":"https:\/\/grupotextil.es\/en\/wp-json\/wp\/v2\/product_tag?post=382270"}],"curies":[{"name":"wp","href":"https:\/\/api.w.org\/{rel}","templated":true}]}}

<ul>
<li>350 g/m²</li>
<li>100% Poliéster, reciclado parcialmente (Tejijdo polar anti bolitas)</li>
<li>Cremallera entera</li>
<li>Puños de polar</li>
<li>2 bolsillos con cremallera</li>
<li>Dobladillo con cordón elástico ajustable.</li>
</ul>

<p>350 g/m²100% Poliéster, reciclado parcialmente (Tejijdo polar anti bolitas)Cremallera enteraPuños de polar2 bolsillos con cremalleraDobladillo con cordón elástico ajustable.</p>
