{"id":382877,"date":"2026-03-08T03:35:11","date_gmt":"2026-03-08T02:35:11","guid":{"rendered":"https:\/\/grupotextil.es\/producto\/chaqueta-softshell-mujer\/"},"modified":"2026-03-08T03:35:11","modified_gmt":"2026-03-08T02:35:11","slug":"chaqueta-softshell-mujer","status":"publish","type":"product","link":"https:\/\/grupotextil.es\/en\/product\/chaqueta-softshell-mujer\/","title":{"rendered":"Chaqueta Softshell mujer"},"content":{"rendered":"<ul>\n<li>340 g\/m\u00b2<\/li>\n<li>92% poli\u00e9ster, 8% elast\u00e1n<\/li>\n<li>Forro: 100% poli\u00e9ster micropolar<\/li>\n<li>Soft shell de 3 capas transpirable y con forro micropolar<\/li>\n<li>Resistente al viento<\/li>\n<li>Impermeable (5.000 mm)<\/li>\n<li>Cuello encintado<\/li>\n<li>Cremallera entera con protecci\u00f3n para barbilla<\/li>\n<li>Pinzas decorativas estilo ragl\u00e1n, mangas ajustables<\/li>\n<li>bolsillos laterales y bolsillo en el pecho con forro interior y cremalleras invertidas<\/li>\n<li>Pu\u00f1os ajustables<\/li>\n<li>Bajo ajustable con cord\u00f3n<\/li>\n<li>Fald\u00f3n trasero redondeado<\/li>\n<li>Corte femenino ajustado<\/li>\n<\/ul>","protected":false},"excerpt":{"rendered":"<p>340 g\/m\u00b292% poli\u00e9ster, 8% elast\u00e1nForro: 100% poli\u00e9ster micropolarSoft shell de 3 capas transpirable y con forro micropolarResistente al vientoImpermeable (5.<\/p>","protected":false},"featured_media":420443,"comment_status":"open","ping_status":"closed","template":"","meta":{"_acf_changed":false},"product_brand":[11670],"product_cat":[13981,13990,13974,13975,13973],"product_tag":[],"class_list":{"0":"post-382877","1":"product","2":"type-product","3":"status-publish","4":"has-post-thumbnail","6":"product_brand-russell-europe","7":"product_cat-h-chaquetas-y-abrigos","8":"product_cat-m-chaquetas-y-abrigos","9":"product_cat-ropa-hombre","10":"product_cat-ropa-mujer","11":"product_cat-ropa","12":"tm-no-options","14":"first","15":"instock","16":"taxable","17":"shipping-taxable","18":"product-type-variable"},"acf":[],"_links":{"self":[{"href":"https:\/\/grupotextil.es\/en\/wp-json\/wp\/v2\/product\/382877","targetHints":{"allow":["GET"]}}],"collection":[{"href":"https:\/\/grupotextil.es\/en\/wp-json\/wp\/v2\/product"}],"about":[{"href":"https:\/\/grupotextil.es\/en\/wp-json\/wp\/v2\/types\/product"}],"replies":[{"embeddable":true,"href":"https:\/\/grupotextil.es\/en\/wp-json\/wp\/v2\/comments?post=382877"}],"wp:featuredmedia":[{"embeddable":true,"href":"https:\/\/grupotextil.es\/en\/wp-json\/wp\/v2\/media\/420443"}],"wp:attachment":[{"href":"https:\/\/grupotextil.es\/en\/wp-json\/wp\/v2\/media?parent=382877"}],"wp:term":[{"taxonomy":"product_brand","embeddable":true,"href":"https:\/\/grupotextil.es\/en\/wp-json\/wp\/v2\/product_brand?post=382877"},{"taxonomy":"product_cat","embeddable":true,"href":"https:\/\/grupotextil.es\/en\/wp-json\/wp\/v2\/product_cat?post=382877"},{"taxonomy":"product_tag","embeddable":true,"href":"https:\/\/grupotextil.es\/en\/wp-json\/wp\/v2\/product_tag?post=382877"}],"curies":[{"name":"wp","href":"https:\/\/api.w.org\/{rel}","templated":true}]}}

<ul>
<li>340 g/m²</li>
<li>92% poliéster, 8% elastán</li>
<li>Forro: 100% poliéster micropolar</li>
<li>Soft shell de 3 capas transpirable y con forro micropolar</li>
<li>Resistente al viento</li>
<li>Impermeable (5.000 mm)</li>
<li>Cuello encintado</li>
<li>Cremallera entera con protección para barbilla</li>
<li>Pinzas decorativas estilo raglán, mangas ajustables</li>
<li>bolsillos laterales y bolsillo en el pecho con forro interior y cremalleras invertidas</li>
<li>Puños ajustables</li>
<li>Bajo ajustable con cordón</li>
<li>Faldón trasero redondeado</li>
<li>Corte femenino ajustado</li>
</ul>

<p>340 g/m²92% poliéster, 8% elastánForro: 100% poliéster micropolarSoft shell de 3 capas transpirable y con forro micropolarResistente al vientoImpermeable (5.</p>
