{"id":383822,"date":"2026-03-08T03:38:04","date_gmt":"2026-03-08T02:38:04","guid":{"rendered":"https:\/\/grupotextil.es\/producto\/chaleco-lance\/"},"modified":"2026-03-08T03:38:04","modified_gmt":"2026-03-08T02:38:04","slug":"chaleco-lance","status":"publish","type":"product","link":"https:\/\/grupotextil.es\/en\/product\/chaleco-lance\/","title":{"rendered":"Vest Lance"},"content":{"rendered":"<ul>\n<li>Exterior: poli\u00e9ster pongee ripstop con capa de PVC<\/li>\n<li>Aislamiento:180 g\/m\u00b2, 100% poli\u00e9ster<\/li>\n<li>Forro: 100% poli\u00e9ster<\/li>\n<li>Corta viento, repele el agua<\/li>\n<li>Cuello alto<\/li>\n<li>Chaleco acolchado<\/li>\n<li>Cremallera oculta con solapa y corchetes<\/li>\n<li>Panel trasero m\u00e1s largo<\/li>\n<li>Acceso para decoraci\u00f3n en el frontal izquierdo y la espalda<\/li>\n<li>Adecuado para bordado y transfer<\/li>\n<li>COLORES DESCATALOGADOS: Se retiran 1 colores de la colecci\u00f3n Falk&amp;Ross (Todav\u00eda est\u00e1n en el portfolio del fabricante).<\/li>\n<\/ul>","protected":false},"excerpt":{"rendered":"<p>Exterior: poli\u00e9ster pongee ripstop con capa de PVCAislamiento:180 g\/m\u00b2, 100% poli\u00e9sterForro: 100% poli\u00e9sterCorta viento, repele el aguaCuello altoChaleco acolchadoCremallera oculta con solapa y cor&#8230;<\/p>","protected":false},"featured_media":420930,"comment_status":"open","ping_status":"closed","template":"","meta":{"_acf_changed":false},"product_brand":[11669],"product_cat":[13981,13990,13974,13930,13975,13973],"product_tag":[],"class_list":{"0":"post-383822","1":"product","2":"type-product","3":"status-publish","4":"has-post-thumbnail","6":"product_brand-result","7":"product_cat-h-chaquetas-y-abrigos","8":"product_cat-m-chaquetas-y-abrigos","9":"product_cat-ropa-hombre","10":"product_cat-laboral","11":"product_cat-ropa-mujer","12":"product_cat-ropa","13":"tm-no-options","15":"first","16":"instock","17":"taxable","18":"shipping-taxable","19":"product-type-variable"},"acf":[],"_links":{"self":[{"href":"https:\/\/grupotextil.es\/en\/wp-json\/wp\/v2\/product\/383822","targetHints":{"allow":["GET"]}}],"collection":[{"href":"https:\/\/grupotextil.es\/en\/wp-json\/wp\/v2\/product"}],"about":[{"href":"https:\/\/grupotextil.es\/en\/wp-json\/wp\/v2\/types\/product"}],"replies":[{"embeddable":true,"href":"https:\/\/grupotextil.es\/en\/wp-json\/wp\/v2\/comments?post=383822"}],"wp:featuredmedia":[{"embeddable":true,"href":"https:\/\/grupotextil.es\/en\/wp-json\/wp\/v2\/media\/420930"}],"wp:attachment":[{"href":"https:\/\/grupotextil.es\/en\/wp-json\/wp\/v2\/media?parent=383822"}],"wp:term":[{"taxonomy":"product_brand","embeddable":true,"href":"https:\/\/grupotextil.es\/en\/wp-json\/wp\/v2\/product_brand?post=383822"},{"taxonomy":"product_cat","embeddable":true,"href":"https:\/\/grupotextil.es\/en\/wp-json\/wp\/v2\/product_cat?post=383822"},{"taxonomy":"product_tag","embeddable":true,"href":"https:\/\/grupotextil.es\/en\/wp-json\/wp\/v2\/product_tag?post=383822"}],"curies":[{"name":"wp","href":"https:\/\/api.w.org\/{rel}","templated":true}]}}

<ul>
<li>Exterior: poliéster pongee ripstop con capa de PVC</li>
<li>Aislamiento:180 g/m², 100% poliéster</li>
<li>Forro: 100% poliéster</li>
<li>Corta viento, repele el agua</li>
<li>Cuello alto</li>
<li>Chaleco acolchado</li>
<li>Cremallera oculta con solapa y corchetes</li>
<li>Panel trasero más largo</li>
<li>Acceso para decoración en el frontal izquierdo y la espalda</li>
<li>Adecuado para bordado y transfer</li>
<li>COLORES DESCATALOGADOS: Se retiran 1 colores de la colección Falk&amp;Ross (Todavía están en el portfolio del fabricante).</li>
</ul>

<p>Exterior: poliéster pongee ripstop con capa de PVCAislamiento:180 g/m², 100% poliésterForro: 100% poliésterCorta viento, repele el aguaCuello altoChaleco acolchadoCremallera oculta con solapa y cor&#8230;</p>
