{"id":383949,"date":"2026-03-08T03:38:10","date_gmt":"2026-03-08T02:38:10","guid":{"rendered":"https:\/\/grupotextil.es\/producto\/polo-iconic\/"},"modified":"2026-03-08T03:38:10","modified_gmt":"2026-03-08T02:38:10","slug":"polo-iconic","status":"publish","type":"product","link":"https:\/\/grupotextil.es\/en\/product\/polo-iconic\/","title":{"rendered":"Polo Iconic"},"content":{"rendered":"<ul>\n<li>180 g\/m\u00b2 (blanco: 170 g\/m\u00b2)<\/li>\n<li>100% algod\u00f3n peinado y ring-spun<\/li>\n<li>Heather Grey: 97% algod\u00f3n, 3% poli\u00e9ster<\/li>\n<li>Otros colores Heather: 65% poli\u00e9ster, 35% algod\u00f3n<\/li>\n<li>Tacto suave<\/li>\n<li>Tapeta de tres botones perlados del mismo color<\/li>\n<li>Cinta interior en el cuello<\/li>\n<li>Aberturas laterales<\/li>\n<li>Etiqueta extra\u00edble<\/li>\n<li>Corte ajustado fashion.<\/li>\n<\/ul>","protected":false},"excerpt":{"rendered":"<p>180 g\/m\u00b2 (blanco: 170 g\/m\u00b2)100% algod\u00f3n peinado y ring-spunHeather Grey: 97% algod\u00f3n, 3% poli\u00e9sterOtros colores Heather: 65% poli\u00e9ster, 35% algod\u00f3nTacto suaveTapeta de tres botones perlados del mis&#8230;<\/p>","protected":false},"featured_media":420962,"comment_status":"open","ping_status":"closed","template":"","meta":{"_acf_changed":false},"product_brand":[11665],"product_cat":[13974,13975,13979,13988,13973],"product_tag":[],"class_list":{"0":"post-383949","1":"product","2":"type-product","3":"status-publish","4":"has-post-thumbnail","6":"product_brand-fruit-of-the-loom","7":"product_cat-ropa-hombre","8":"product_cat-ropa-mujer","9":"product_cat-h-polos","10":"product_cat-m-polos","11":"product_cat-ropa","12":"tm-no-options","14":"first","15":"instock","16":"taxable","17":"shipping-taxable","18":"product-type-variable"},"acf":[],"_links":{"self":[{"href":"https:\/\/grupotextil.es\/en\/wp-json\/wp\/v2\/product\/383949","targetHints":{"allow":["GET"]}}],"collection":[{"href":"https:\/\/grupotextil.es\/en\/wp-json\/wp\/v2\/product"}],"about":[{"href":"https:\/\/grupotextil.es\/en\/wp-json\/wp\/v2\/types\/product"}],"replies":[{"embeddable":true,"href":"https:\/\/grupotextil.es\/en\/wp-json\/wp\/v2\/comments?post=383949"}],"wp:featuredmedia":[{"embeddable":true,"href":"https:\/\/grupotextil.es\/en\/wp-json\/wp\/v2\/media\/420962"}],"wp:attachment":[{"href":"https:\/\/grupotextil.es\/en\/wp-json\/wp\/v2\/media?parent=383949"}],"wp:term":[{"taxonomy":"product_brand","embeddable":true,"href":"https:\/\/grupotextil.es\/en\/wp-json\/wp\/v2\/product_brand?post=383949"},{"taxonomy":"product_cat","embeddable":true,"href":"https:\/\/grupotextil.es\/en\/wp-json\/wp\/v2\/product_cat?post=383949"},{"taxonomy":"product_tag","embeddable":true,"href":"https:\/\/grupotextil.es\/en\/wp-json\/wp\/v2\/product_tag?post=383949"}],"curies":[{"name":"wp","href":"https:\/\/api.w.org\/{rel}","templated":true}]}}

<ul>
<li>180 g/m² (blanco: 170 g/m²)</li>
<li>100% algodón peinado y ring-spun</li>
<li>Heather Grey: 97% algodón, 3% poliéster</li>
<li>Otros colores Heather: 65% poliéster, 35% algodón</li>
<li>Tacto suave</li>
<li>Tapeta de tres botones perlados del mismo color</li>
<li>Cinta interior en el cuello</li>
<li>Aberturas laterales</li>
<li>Etiqueta extraíble</li>
<li>Corte ajustado fashion.</li>
</ul>

<p>180 g/m² (blanco: 170 g/m²)100% algodón peinado y ring-spunHeather Grey: 97% algodón, 3% poliésterOtros colores Heather: 65% poliéster, 35% algodónTacto suaveTapeta de tres botones perlados del mis&#8230;</p>
