{"id":386563,"date":"2026-03-08T03:51:08","date_gmt":"2026-03-08T02:51:08","guid":{"rendered":"https:\/\/grupotextil.es\/producto\/polo-cuello-v-mujer-comfortec-regular-fit\/"},"modified":"2026-03-08T03:51:08","modified_gmt":"2026-03-08T02:51:08","slug":"polo-cuello-v-mujer-comfortec-regular-fit","status":"publish","type":"product","link":"https:\/\/grupotextil.es\/en\/product\/polo-cuello-v-mujer-comfortec-regular-fit\/","title":{"rendered":"Polo cuello V mujer Comfortec\u00ae Regular Fit"},"content":{"rendered":"<ul>\n<li>210 g\/m\u00b2<\/li>\n<li>98% algod\u00f3n, 2% lycra<\/li>\n<li>Cuello en canal\u00e9<\/li>\n<li>Cuello V con tapeta estrecha con 2 botones<\/li>\n<li>Botones del mismo color de la prenda<\/li>\n<li>Bajo de manga en canal\u00e9<\/li>\n<li>Costuras laterales<\/li>\n<li>Costuras dobles y aberturas laterales en el dobladillo inferior<\/li>\n<\/ul>","protected":false},"excerpt":{"rendered":"<p>210 g\/m\u00b298% algod\u00f3n, 2% lycraCuello en canal\u00e9Cuello V con tapeta estrecha con 2 botonesBotones del mismo color de la prendaBajo de manga en canal\u00e9Costuras lateralesCosturas dobles y aberturas laterale<\/p>","protected":false},"featured_media":421540,"comment_status":"open","ping_status":"closed","template":"","meta":{"_acf_changed":false},"product_brand":[11672],"product_cat":[13974,13975,13979,13988,13973],"product_tag":[],"class_list":{"0":"post-386563","1":"product","2":"type-product","3":"status-publish","4":"has-post-thumbnail","6":"product_brand-kustom-kit","7":"product_cat-ropa-hombre","8":"product_cat-ropa-mujer","9":"product_cat-h-polos","10":"product_cat-m-polos","11":"product_cat-ropa","12":"tm-no-options","14":"first","15":"instock","16":"taxable","17":"shipping-taxable","18":"product-type-variable"},"acf":[],"_links":{"self":[{"href":"https:\/\/grupotextil.es\/en\/wp-json\/wp\/v2\/product\/386563","targetHints":{"allow":["GET"]}}],"collection":[{"href":"https:\/\/grupotextil.es\/en\/wp-json\/wp\/v2\/product"}],"about":[{"href":"https:\/\/grupotextil.es\/en\/wp-json\/wp\/v2\/types\/product"}],"replies":[{"embeddable":true,"href":"https:\/\/grupotextil.es\/en\/wp-json\/wp\/v2\/comments?post=386563"}],"wp:featuredmedia":[{"embeddable":true,"href":"https:\/\/grupotextil.es\/en\/wp-json\/wp\/v2\/media\/421540"}],"wp:attachment":[{"href":"https:\/\/grupotextil.es\/en\/wp-json\/wp\/v2\/media?parent=386563"}],"wp:term":[{"taxonomy":"product_brand","embeddable":true,"href":"https:\/\/grupotextil.es\/en\/wp-json\/wp\/v2\/product_brand?post=386563"},{"taxonomy":"product_cat","embeddable":true,"href":"https:\/\/grupotextil.es\/en\/wp-json\/wp\/v2\/product_cat?post=386563"},{"taxonomy":"product_tag","embeddable":true,"href":"https:\/\/grupotextil.es\/en\/wp-json\/wp\/v2\/product_tag?post=386563"}],"curies":[{"name":"wp","href":"https:\/\/api.w.org\/{rel}","templated":true}]}}

<ul>
<li>210 g/m²</li>
<li>98% algodón, 2% lycra</li>
<li>Cuello en canalé</li>
<li>Cuello V con tapeta estrecha con 2 botones</li>
<li>Botones del mismo color de la prenda</li>
<li>Bajo de manga en canalé</li>
<li>Costuras laterales</li>
<li>Costuras dobles y aberturas laterales en el dobladillo inferior</li>
</ul>

<p>210 g/m²98% algodón, 2% lycraCuello en canaléCuello V con tapeta estrecha con 2 botonesBotones del mismo color de la prendaBajo de manga en canaléCosturas lateralesCosturas dobles y aberturas laterale</p>
