{"id":388874,"date":"2026-03-08T04:29:30","date_gmt":"2026-03-08T03:29:30","guid":{"rendered":"https:\/\/grupotextil.es\/producto\/polo-pique-65-35-hombre\/"},"modified":"2026-03-08T04:29:30","modified_gmt":"2026-03-08T03:29:30","slug":"polo-pique-65-35-hombre","status":"publish","type":"product","link":"https:\/\/grupotextil.es\/en\/product\/polo-pique-65-35-hombre\/","title":{"rendered":"Polo piqu\u00e9 65\/35 hombre"},"content":{"rendered":"<ul>\n<li>215 g\/m\u00b2 (White: 210 g\/m\u00b2)<\/li>\n<li>65% poli\u00e9ster, 35% algod\u00f3n ring-spun piqu\u00e9<\/li>\n<li>Cuello encintado en canal\u00e9<\/li>\n<li>Costura del hombro reforzada<\/li>\n<li>Tapeta de 2 botones del mismo color de la prenda<\/li>\n<li>Bajo de manga de canal\u00e9<\/li>\n<li>Bajo a doble aguja<\/li>\n<\/ul>","protected":false},"excerpt":{"rendered":"<p>215 g\/m\u00b2 (White: 210 g\/m\u00b2)65% poli\u00e9ster, 35% algod\u00f3n ring-spun piqu\u00e9Cuello encintado en canal\u00e9Costura del hombro reforzadaTapeta de 2 botones del mismo color de la prendaBajo de manga de canal\u00e9Bajo a<\/p>","protected":false},"featured_media":421704,"comment_status":"open","ping_status":"closed","template":"","meta":{"_acf_changed":false},"product_brand":[11670],"product_cat":[13974,13975,13979,13988,13973],"product_tag":[14009],"class_list":{"0":"post-388874","1":"product","2":"type-product","3":"status-publish","4":"has-post-thumbnail","6":"product_brand-russell-europe","7":"product_cat-ropa-hombre","8":"product_cat-ropa-mujer","9":"product_cat-h-polos","10":"product_cat-m-polos","11":"product_cat-ropa","12":"product_tag-top-ventas","13":"tm-no-options","15":"first","16":"instock","17":"taxable","18":"shipping-taxable","19":"product-type-variable"},"acf":[],"_links":{"self":[{"href":"https:\/\/grupotextil.es\/en\/wp-json\/wp\/v2\/product\/388874","targetHints":{"allow":["GET"]}}],"collection":[{"href":"https:\/\/grupotextil.es\/en\/wp-json\/wp\/v2\/product"}],"about":[{"href":"https:\/\/grupotextil.es\/en\/wp-json\/wp\/v2\/types\/product"}],"replies":[{"embeddable":true,"href":"https:\/\/grupotextil.es\/en\/wp-json\/wp\/v2\/comments?post=388874"}],"wp:featuredmedia":[{"embeddable":true,"href":"https:\/\/grupotextil.es\/en\/wp-json\/wp\/v2\/media\/421704"}],"wp:attachment":[{"href":"https:\/\/grupotextil.es\/en\/wp-json\/wp\/v2\/media?parent=388874"}],"wp:term":[{"taxonomy":"product_brand","embeddable":true,"href":"https:\/\/grupotextil.es\/en\/wp-json\/wp\/v2\/product_brand?post=388874"},{"taxonomy":"product_cat","embeddable":true,"href":"https:\/\/grupotextil.es\/en\/wp-json\/wp\/v2\/product_cat?post=388874"},{"taxonomy":"product_tag","embeddable":true,"href":"https:\/\/grupotextil.es\/en\/wp-json\/wp\/v2\/product_tag?post=388874"}],"curies":[{"name":"wp","href":"https:\/\/api.w.org\/{rel}","templated":true}]}}

Polo piqué 65/35 hombre

<ul>
<li>215 g/m² (White: 210 g/m²)</li>
<li>65% poliéster, 35% algodón ring-spun piqué</li>
<li>Cuello encintado en canalé</li>
<li>Costura del hombro reforzada</li>
<li>Tapeta de 2 botones del mismo color de la prenda</li>
<li>Bajo de manga de canalé</li>
<li>Bajo a doble aguja</li>
</ul>

<p>215 g/m² (White: 210 g/m²)65% poliéster, 35% algodón ring-spun piquéCuello encintado en canaléCostura del hombro reforzadaTapeta de 2 botones del mismo color de la prendaBajo de manga de canaléBajo a</p>
