{"id":388964,"date":"2026-03-08T04:29:34","date_gmt":"2026-03-08T03:29:34","guid":{"rendered":"https:\/\/grupotextil.es\/producto\/polo-pique-65-35\/"},"modified":"2026-03-08T04:29:34","modified_gmt":"2026-03-08T03:29:34","slug":"polo-pique-65-35","status":"publish","type":"product","link":"https:\/\/grupotextil.es\/en\/product\/polo-pique-65-35\/","title":{"rendered":"Polo piqu\u00e9 65\/35"},"content":{"rendered":"<ul>\n<li>180 g\/m\u00b2 (White: 170 g\/m\u00b2)<\/li>\n<li>65% poli\u00e9ster, 35% algod\u00f3n<\/li>\n<li>Cuello encintado<\/li>\n<li>Cuello y pu\u00f1os en canal\u00e9<\/li>\n<li>Tapeta con 3 botones<\/li>\n<li>Botones del mismo color<\/li>\n<li>Lavable a 60\u00baC<\/li>\n<li>F\u00e1cil cuidado<\/li>\n<li>Ideal para laboral<\/li>\n<\/ul>","protected":false},"excerpt":{"rendered":"<p>180 g\/m\u00b2 (White: 170 g\/m\u00b2)65% poli\u00e9ster, 35% algod\u00f3nCuello encintadoCuello y pu\u00f1os en canal\u00e9Tapeta con 3 botonesBotones del mismo colorLavable a 60\u00baCF\u00e1cil cuidadoIdeal para laboral<\/p>","protected":false},"featured_media":421722,"comment_status":"open","ping_status":"closed","template":"","meta":{"_acf_changed":false},"product_brand":[11665],"product_cat":[13974,13975,13988,13979,13973],"product_tag":[14009],"class_list":{"0":"post-388964","1":"product","2":"type-product","3":"status-publish","4":"has-post-thumbnail","6":"product_brand-fruit-of-the-loom","7":"product_cat-ropa-hombre","8":"product_cat-ropa-mujer","9":"product_cat-m-polos","10":"product_cat-h-polos","11":"product_cat-ropa","12":"product_tag-top-ventas","13":"tm-no-options","15":"first","16":"instock","17":"taxable","18":"shipping-taxable","19":"product-type-variable"},"acf":[],"_links":{"self":[{"href":"https:\/\/grupotextil.es\/en\/wp-json\/wp\/v2\/product\/388964","targetHints":{"allow":["GET"]}}],"collection":[{"href":"https:\/\/grupotextil.es\/en\/wp-json\/wp\/v2\/product"}],"about":[{"href":"https:\/\/grupotextil.es\/en\/wp-json\/wp\/v2\/types\/product"}],"replies":[{"embeddable":true,"href":"https:\/\/grupotextil.es\/en\/wp-json\/wp\/v2\/comments?post=388964"}],"wp:featuredmedia":[{"embeddable":true,"href":"https:\/\/grupotextil.es\/en\/wp-json\/wp\/v2\/media\/421722"}],"wp:attachment":[{"href":"https:\/\/grupotextil.es\/en\/wp-json\/wp\/v2\/media?parent=388964"}],"wp:term":[{"taxonomy":"product_brand","embeddable":true,"href":"https:\/\/grupotextil.es\/en\/wp-json\/wp\/v2\/product_brand?post=388964"},{"taxonomy":"product_cat","embeddable":true,"href":"https:\/\/grupotextil.es\/en\/wp-json\/wp\/v2\/product_cat?post=388964"},{"taxonomy":"product_tag","embeddable":true,"href":"https:\/\/grupotextil.es\/en\/wp-json\/wp\/v2\/product_tag?post=388964"}],"curies":[{"name":"wp","href":"https:\/\/api.w.org\/{rel}","templated":true}]}}

Polo piqué 65/35

<ul>
<li>180 g/m² (White: 170 g/m²)</li>
<li>65% poliéster, 35% algodón</li>
<li>Cuello encintado</li>
<li>Cuello y puños en canalé</li>
<li>Tapeta con 3 botones</li>
<li>Botones del mismo color</li>
<li>Lavable a 60ºC</li>
<li>Fácil cuidado</li>
<li>Ideal para laboral</li>
</ul>

<p>180 g/m² (White: 170 g/m²)65% poliéster, 35% algodónCuello encintadoCuello y puños en canaléTapeta con 3 botonesBotones del mismo colorLavable a 60ºCFácil cuidadoIdeal para laboral</p>
